000
CXUS54 KEPZ 011200
CF6SVC
PRELIMINARY LOCAL CLIMATOLOGICAL DATA (WS FORM: F-6)
STATION: SILVER CITY
MONTH: MARCH
YEAR: 2020
LATITUDE: 32 37 N
LONGITUDE: 108 10 W
TEMPERATURE IN F: :PCPN: SNOW: WIND :SUNSHINE: SKY :PK WND
================================================================================
1 2 3 4 5 6A 6B 7 8 9 10 11 12 13 14 15 16 17 18
12Z AVG MX 2MIN
DY MAX MIN AVG DEP HDD CDD WTR SNW DPTH SPD SPD DIR MIN PSBL S-S WX SPD DR
================================================================================
1 58 37 48 M 17 0 0.00 0.0 0 9.5 16 250 M M 1 22 260
2 60 32 46 M 19 0 0.00 0.0 0 10.9 23 220 M M 1 32 220
3 53 32 43 M 22 0 0.01 M 0 6.4 20 360 M M 9 3 M M
4 62 33 48 M 17 0 0.00 0.0 0 7.2 16 320 M M 0 16 110
5 65 28 47 M 18 0 0.00 0.0 0 9.0 18 140 M M 0 25 140
6 62 42 52 M 13 0 0.00 0.0 0 14.4 28 120 M M 0 33 120
7 68 32 50 M 15 0 0.00 0.0 0 6.7 14 220 M M 2 20 180
8 55 42 49 M 16 0 0.31 M 0 7.2 14 330 M M 10 M M
9 61 33 47 M 18 0 0.00 0.0 0 6.5 12 210 M M 3 17 200
10 64 37 51 M 14 0 0.00 0.0 0 6.4 10 230 M M 5 17 260
11 68 48 58 M 7 0 0.00 0.0 0 5.7 13 280 M M 7 18 290
12 61 50 56 M 9 0 0.14 0.0 0 5.6 12 210 M M 7 M M
13 57 39 48 M 17 0 0.13 M 0 9.8 17 250 M M 8 12 23 170
14 61 32 47 M 18 0 0.00 0.0 0 6.0 12 190 M M 8 18 190
15 67 36 52 M 13 0 0.00 0.0 0 7.2 17 220 M M 5 24 220
16 68 32 50 M 15 0 0.00 0.0 0 7.0 12 210 M M 4 17 210
17 67 38 53 M 12 0 0.00 0.0 0 8.4 18 220 M M 2 27 180
18 50 41 46 M 19 0 0.50 M 0 7.5 18 140 M M 7 3 28 140
19 53 34 44 M 21 0 0.00 0.0 M 10.9 18 290 M M 3 29 290
20 60 31 46 M 19 0 0.00 0.0 0 8.2 15 160 M M 3 21 150
21 65 36 51 M 14 0 0.00 0.0 0 7.7 13 300 M M 4 22 240
22 65 36 51 M 14 0 0.00 0.0 0 9.1 14 310 M M 4 21 270
23 66 40 53 M 12 0 0.00 0.0 0 14.0 30 270 M M 3 44 270
24 66 36 51 M 14 0 0.00 0.0 0 11.8 20 270 M M 0 27 270
25 74 35 55 M 10 0 0.00 0.0 0 11.2 22 270 M M 2 32 270
26 69 47 58 M 7 0 0.00 0.0 0 11.2 31 270 M M 6 46 270
27 53 29 41 M 24 0 0.00 0.0 0 20.6 39 290 M M 3 45 280
28 57 23 40 M 25 0 0.00 0.0 0 8.3 17 280 M M 0 22 280
29 60 33 47 M 18 0 0.00 0.0 0 6.2 13 200 M M 0 17 160
30 65 30 48 M 17 0 0.00 0.0 0 14.1 23 300 M M 0 35 290
31 69 31 50 M 15 0 0.00 0.0 0 5.8 10 350 M M 0 M M
================================================================================
SM 1929 1105 489 0 1.09 0.0 280.5 M 107
================================================================================
AV 62.2 35.7 9.0 FASTST M M 3 MAX(MPH)
MISC ----> # 39 290 # 46 270
================================================================================
NOTES:
# LAST OF SEVERAL OCCURRENCES
COLUMN 17 PEAK WIND IN M.P.H.
PRELIMINARY LOCAL CLIMATOLOGICAL DATA (WS FORM: F-6) , PAGE 2
STATION: SILVER CITY
MONTH: MARCH
YEAR: 2020
LATITUDE: 32 37 N
LONGITUDE: 108 10 W
[TEMPERATURE DATA] [PRECIPITATION DATA] SYMBOLS USED IN COLUMN 16
AVERAGE MONTHLY: 48.9 TOTAL FOR MONTH: 1.09 1 = FOG OR MIST
DPTR FM NORMAL: M DPTR FM NORMAL: M 2 = FOG REDUCING VISIBILITY
HIGHEST: 74 ON 25 GRTST 24HR 0.50 ON 18-18 TO 1/4 MILE OR LESS
LOWEST: 23 ON 28 3 = THUNDER
SNOW, ICE PELLETS, HAIL 4 = ICE PELLETS
TOTAL MONTH: 0.0 INCH 5 = HAIL
GRTST 24HR 0.0 6 = FREEZING RAIN OR DRIZZLE
GRTST DEPTH: 0 7 = DUSTSTORM OR SANDSTORM:
VSBY 1/2 MILE OR LESS
8 = SMOKE OR HAZE
[NO. OF DAYS WITH] [WEATHER - DAYS WITH] 9 = BLOWING SNOW
X = TORNADO
MAX 32 OR BELOW: 0 0.01 INCH OR MORE: 5
MAX 90 OR ABOVE: 0 0.10 INCH OR MORE: 4
MIN 32 OR BELOW: 11 0.50 INCH OR MORE: 1
MIN 0 OR BELOW: 0 1.00 INCH OR MORE: 0
[HDD (BASE 65) ]
TOTAL THIS MO. 489 CLEAR (SCALE 0-3) 16
DPTR FM NORMAL M PTCLDY (SCALE 4-7) 13
TOTAL FM JUL 1 3463 CLOUDY (SCALE 8-10) 2
DPTR FM NORMAL M
[CDD (BASE 65) ]
TOTAL THIS MO. 0
DPTR FM NORMAL M [PRESSURE DATA]
TOTAL FM JAN 1 0 HIGHEST SLP M ON M
DPTR FM NORMAL M LOWEST SLP M ON M
[REMARKS]
#FINAL-03-20#