000
CXUS54 KHGX 011410
CF6UTS
PRELIMINARY LOCAL CLIMATOLOGICAL DATA (WS FORM: F-6)
STATION: HUNTSVILLE
MONTH: SEPTEMBER
YEAR: 2021
LATITUDE: 30 45 N
LONGITUDE: 95 35 W
TEMPERATURE IN F: :PCPN: SNOW: WIND :SUNSHINE: SKY :PK WND
================================================================================
1 2 3 4 5 6A 6B 7 8 9 10 11 12 13 14 15 16 17 18
12Z AVG MX 2MIN
DY MAX MIN AVG DEP HDD CDD WTR SNW DPTH SPD SPD DIR MIN PSBL S-S WX SPD DR
================================================================================
1 99 79 89 6 0 24 0.00 0.0 0 5.1 13 190 M M 0 3 17 190
2 99 77 88 6 0 23 T 0.0 0 3.4 13 180 M M 1 18 21 130
3 98 76 87 5 0 22 T 0.0 0 3.2 15 180 M M 1 18 21 190
4 98 78 88 6 0 23 0.00 0.0 0 5.2 13 220 M M 1 17 210
5 99 79 89 7 0 24 0.00 0.0 0 5.0 14 230 M M 1 18 230
6 96 74 85 3 0 20 0.00 0.0 0 3.2 9 60 M M 2 17 50
7 96 66 81 0 0 16 0.00 0.0 0 2.0 13 330 M M 0 18 20 330
8 97 64 81 0 0 16 0.00 0.0 0 2.7 13 340 M M 0 8 18 350
9 96 67 82 1 0 17 0.00 0.0 0 2.9 10 50 M M 0 8 17 60
10 93 60 77 -4 0 12 0.00 0.0 0 1.6 9 50 M M 0 8 15 60
11 94 59 77 -3 0 12 0.00 0.0 0 2.1 8 70 M M 0 13 50
12 94 63 79 -1 0 14 0.00 0.0 0 2.7 9 100 M M 2 8 15 50
13 89 74 82 2 0 17 0.01 0.0 0 4.0 15 150 M M 6 27 150
14 76 70 73 -7 0 8 T 0.0 0 6.7 13 50 M M 10 18 22 60
15 86 72 79 -1 0 14 T 0.0 0 4.6 10 10 M M 8 1 16 10
16 84 69 77 -2 0 12 0.00 0.0 0 2.7 8 350 M M 7 8 12 70
17 94 74 84 5 0 19 0.00 0.0 0 1.4 9 300 M M 7 11 290
18 93 73 83 4 0 18 0.39 0.0 0 1.6 17 320 M M 3 13 23 320
19 94 72 83 5 0 18 0.00 0.0 0 2.1 8 180 M M 3 18 13 170
20 96 77 87 9 0 22 0.00 0.0 0 6.0 13 200 M M 2 18 200
21 98 76 87 9 0 22 T 0.0 0 7.1 16 330 M M 3 18 23 330
22 87 58 73 -5 0 8 0.00 0.0 0 5.8 16 360 M M 0 8 25 340
23 86 51 69 -8 0 4 0.00 0.0 0 1.1 8 180 M M 0 12 110
24 87 56 72 -5 0 7 0.00 0.0 0 2.8 7 170 M M 0 18 12 120
25 89 57 73 -4 0 8 0.00 0.0 0 2.1 8 50 M M 0 8 14 60
26 90 60 75 -1 0 10 0.00 0.0 0 2.8 9 180 M M 0 12 190
27 92 66 79 3 0 14 0.00 0.0 0 4.0 12 190 M M 2 18 14 190
28 94 76 85 9 0 20 0.00 0.0 0 3.2 13 160 M M 5 13 21 160
29 86 69 78 2 0 13 1.78 0.0 0 2.9 14 260 M M 4 13 17 320
30 90 71 81 6 0 16 0.02 0.0 0 2.1 14 160 M M 4 12 23 160
================================================================================
SM 2770 2063 0 473 2.20 0.0 102.1 M 72
================================================================================
AV 92.3 68.8 3.4 FASTST M M 2 MAX(MPH)
MISC ----> 17 320 27 150
================================================================================
NOTES:
# LAST OF SEVERAL OCCURRENCES
COLUMN 17 PEAK WIND IN M.P.H.
PRELIMINARY LOCAL CLIMATOLOGICAL DATA (WS FORM: F-6) , PAGE 2
STATION: HUNTSVILLE
MONTH: SEPTEMBER
YEAR: 2021
LATITUDE: 30 45 N
LONGITUDE: 95 35 W
[TEMPERATURE DATA] [PRECIPITATION DATA] SYMBOLS USED IN COLUMN 16
AVERAGE MONTHLY: 80.6 TOTAL FOR MONTH: 2.20 1 = FOG OR MIST
DPTR FM NORMAL: 1.4 DPTR FM NORMAL: -1.02 2 = FOG REDUCING VISIBILITY
HIGHEST: 99 ON 5, 2 GRTST 24HR 1.78 ON 29-29 TO 1/4 MILE OR LESS
LOWEST: 51 ON 23 3 = THUNDER
SNOW, ICE PELLETS, HAIL 4 = ICE PELLETS
TOTAL MONTH: 0.0 INCH 5 = HAIL
GRTST 24HR 0.0 6 = FREEZING RAIN OR DRIZZLE
GRTST DEPTH: 0 7 = DUSTSTORM OR SANDSTORM:
VSBY 1/2 MILE OR LESS
8 = SMOKE OR HAZE
[NO. OF DAYS WITH] [WEATHER - DAYS WITH] 9 = BLOWING SNOW
X = TORNADO
MAX 32 OR BELOW: 0 0.01 INCH OR MORE: 4
MAX 90 OR ABOVE: 21 0.10 INCH OR MORE: 2
MIN 32 OR BELOW: 0 0.50 INCH OR MORE: 1
MIN 0 OR BELOW: 0 1.00 INCH OR MORE: 1
[HDD (BASE 65) ]
TOTAL THIS MO. 0 CLEAR (SCALE 0-3) 21
DPTR FM NORMAL -1 PTCLDY (SCALE 4-7) 8
TOTAL FM JUL 1 0 CLOUDY (SCALE 8-10) 1
DPTR FM NORMAL 0
[CDD (BASE 65) ]
TOTAL THIS MO. 473
DPTR FM NORMAL 46 [PRESSURE DATA]
TOTAL FM JAN 1 2880 HIGHEST SLP 30.27 ON 22
DPTR FM NORMAL 129 LOWEST SLP 29.77 ON 15
[REMARKS]
#FINAL-09-21#