000
CXUS53 KUNR 280945
CF62WX
PRELIMINARY LOCAL CLIMATOLOGICAL DATA (WS FORM: F-6)

                                          STATION:   BUFFALO SD
                                          MONTH:     APRIL
                                          YEAR:      2017
                                          LATITUDE:   45 35 N
                                          LONGITUDE: 103 33 W

  TEMPERATURE IN F:       :PCPN:    SNOW:  WIND      :SUNSHINE: SKY     :PK WND
================================================================================
1   2   3   4   5  6A  6B    7    8   9   10  11  12  13   14  15   16   17  18
                                     12Z  AVG MX 2MIN
DY MAX MIN AVG DEP HDD CDD  WTR  SNW DPTH SPD SPD DIR MIN PSBL S-S WX    SPD DR
================================================================================

 1  61  31  46   8  19   0 0.00    M    M 10.6 22 160   M    M   M        28 170
 2  57  43  50  12  15   0 0.00    M    M 11.9 29 320   M    M   M        34 330
 3  56  35  46   7  19   0 0.64    M    M  8.8 23 280   M    M   M        31 350
 4  51  28  40   1  25   0 0.00    M    M 13.4 29 290   M    M   M        32 290
 5  56  28  42   2  23   0 0.00    M    M  8.8 22  70   M    M   M        25  70
 6  63  28  46   6  19   0 0.00    M    M 17.0 30 140   M    M   M        36 150
 7  80  41  61  21   4   0 0.00    M    M  7.5 25 320   M    M   M        30 320
 8  62  45  54  13  11   0 0.08    M    M  9.1 24 330   M    M   M        28 330
 9  48  34  41   0  24   0 0.77    M    M 17.6 33  30   M    M   M        41  40
10  49  30  40  -1  25   0 0.00    M    M  9.6 25  20   M    M   M        29  20
11  60  25  43   1  22   0 0.00    M    M  8.1 24 290   M    M   M        29 280
12  61  40  51   9  14   0 0.03    M    M 11.3 23  30   M    M   M        26  30
13  70  40  55  13  10   0 0.00    M    M 28.1 46 140   M    M   M        53 140
14  65  47  56  13   9   0 0.00    M    M 19.5 41 160   M    M   M        52 160
15  59  33  46   3  19   0 0.07    M    M 13.5 44 290   M    M   M        50 280
16  58  28  43  -1  22   0 0.00    M    M 17.2 31 290   M    M   M        36 280
17  60  23  42  -2  23   0 0.31    M    M 19.5 41 310   M    M   M        50 320
18  62  39  51   7  14   0 0.00    M    M 11.7 23 310   M    M   M        27 310
19  46  38  42  -3  23   0 1.28    M    M  8.4 18 130   M    M   M        22 120
20  58  37  48   3  17   0 0.00    M    M 11.7 22 310   M    M   M        27 310
21  61  36  49   4  16   0 0.00    M    M 11.8 24 160   M    M   M        30 150
22  65  37  51   5  14   0 0.00    M    M  8.9 20 280   M    M   M        26 280
23  54  34  44  -2  21   0 0.00    M    M 18.0 26  60   M    M   M        31  60
24  54  33  44  -2  21   0 0.01    M    M 13.0 22  40   M    M   M        27 320
25  33  28  31 -16  34   0 0.01    M    M 15.0 23  20   M    M   M        28  30
26  48  30  39  -8  26   0 0.00    M    M  6.6 14 320   M    M   M        16 320
27  51  25  38 -10  27   0 0.00    M    M 10.6 17  90   M    M   M        22  80
================================================================================
SM 1548  916       516   0  3.20    M    347.2          M        M
================================================================================
AV 57.3 33.9                              12.9 FASTST   M    M   4    MAX(MPH)
                                 MISC ---->  # 46 140               # 53  140
================================================================================
NOTES:
# LAST OF SEVERAL OCCURRENCES

COLUMN 17 PEAK WIND IN M.P.H.

PRELIMINARY LOCAL CLIMATOLOGICAL DATA (WS FORM: F-6) , PAGE 2

                                          STATION:  BUFFALO SD
                                          MONTH:    APRIL
                                          YEAR:     2017
                                          LATITUDE:   45 35 N
                                          LONGITUDE: 103 33 W

[TEMPERATURE DATA]      [PRECIPITATION DATA]       SYMBOLS USED IN COLUMN 16

AVERAGE MONTHLY: 45.6   TOTAL FOR MONTH:   3.20    1 = FOG OR MIST
DPTR FM NORMAL:   2.8   DPTR FM NORMAL:    1.90    2 = FOG REDUCING VISIBILITY
HIGHEST:    80 ON  7    GRTST 24HR  1.28 ON 19-19      TO 1/4 MILE OR LESS
LOWEST:     23 ON 17                               3 = THUNDER
                        SNOW, ICE PELLETS, HAIL    4 = ICE PELLETS
                        TOTAL MONTH:    M          5 = HAIL
                        GRTST 24HR    M  ON   M    6 = FREEZING RAIN OR DRIZZLE
                        GRTST DEPTH:  M  ON   M    7 = DUSTSTORM OR SANDSTORM:
                                                       VSBY 1/2 MILE OR LESS
                                                   8 = SMOKE OR HAZE
[NO. OF DAYS WITH]      [WEATHER - DAYS WITH]      9 = BLOWING SNOW
                                                   X = TORNADO
MAX 32 OR BELOW:   0    0.01 INCH OR MORE:   9
MAX 90 OR ABOVE:   0    0.10 INCH OR MORE:   4
MIN 32 OR BELOW:  11    0.50 INCH OR MORE:   3
MIN  0 OR BELOW:   0    1.00 INCH OR MORE:   1

[HDD (BASE 65) ]
TOTAL THIS MO.   516    CLEAR  (SCALE 0-3)   0
DPTR FM NORMAL   -84    PTCLDY (SCALE 4-7)   0
TOTAL FM JUL 1  6707    CLOUDY (SCALE 8-10)  0
DPTR FM NORMAL  -696

[CDD (BASE 65) ]
TOTAL THIS MO.     0
DPTR FM NORMAL     0    [PRESSURE DATA]
TOTAL FM JAN 1     0    HIGHEST SLP M ON M
DPTR FM NORMAL     0    LOWEST  SLP 29.23 ON  8

[REMARKS]
