000
CXUS53 KUNR 290945
CF62WX
PRELIMINARY LOCAL CLIMATOLOGICAL DATA (WS FORM: F-6)

                                          STATION:   BUFFALO SD
                                          MONTH:     JULY
                                          YEAR:      2016
                                          LATITUDE:   45 35 N
                                          LONGITUDE: 103 33 W

  TEMPERATURE IN F:       :PCPN:    SNOW:  WIND      :SUNSHINE: SKY     :PK WND
================================================================================
1   2   3   4   5  6A  6B    7    8   9   10  11  12  13   14  15   16   17  18
                                     12Z  AVG MX 2MIN
DY MAX MIN AVG DEP HDD CDD  WTR  SNW DPTH SPD SPD DIR MIN PSBL S-S WX    SPD DR
================================================================================

 1  82  58  70   2   0   5 0.00    M    M 18.9 31 160   M    M   M        38 160
 2  87  54  71   3   0   6 0.02    M    M 15.9 37 290   M    M   M        43 290
 3  95  60  78   9   0  13 0.00    M    M 11.1 28 280   M    M   M        33 300
 4  95  61  78   9   0  13 0.00    M    M 10.4 25 280   M    M   M        33 280
 5  86  58  72   3   0   7 0.00    M    M 10.1 28 340   M    M   M        34 350
 6  86  55  71   1   0   6 0.19    M    M 15.8 39 150   M    M   M        47 150
 7  82  55  69  -1   0   4 0.01    M    M 13.8 30 300   M    M   M        37 280
 8  91  51  71   1   0   6 0.00    M    M 12.9 26 120   M    M   M        33 130
 9 101  64  83  13   0  18 0.00    M    M  9.9 36 180   M    M   M        46 190
10  89  58  74   4   0   9 0.00    M    M 19.9 46 330   M    M   M        54 330
11  81  59  70  -1   0   5 0.00    M    M 20.4 52 280   M    M   M        60 280
12  85  56  71   0   0   6 0.00    M    M 26.0 43 280   M    M   M        55 280
13  83  50  67  -4   0   2 0.00    M    M 18.7 36 310   M    M   M        43 320
14  84  52  68  -3   0   3 0.00    M    M 11.1 35  30   M    M   M        42  30
15  85  52  69  -2   0   4 0.00    M    M  8.8 21 140   M    M   M        29  80
16  86  57  72   1   0   7 0.00    M    M 13.8 31 360   M    M   M        38 360
17  87  54  71  -1   0   6 0.00    M    M 11.5 20 140   M    M   M        23 140
18  96  60  78   6   0  13 0.00    M    M 15.0 31 140   M    M   M        38 140
19 102  67  85  13   0  20 0.00    M    M 10.3 23 350   M    M   M        28 350
20 106  67  87  15   0  22 0.00    M    M 12.1 23  20   M    M   M        28  30
21 101  68  85  13   0  20 0.00    M    M  8.9 18 160   M    M   M        22 160
22 104  63  84  12   0  19    M    M    M 14.7 52 280   M    M   M        70 290
23  89  63  76   4   0  11    M    M    M 19.0 37 320   M    M   M        43 330
24  90  57  74   2   0   9    M    M    M  8.9 21 150   M    M   M        26 160
25 101  61  81   9   0  16 0.06    M    M  6.7 25  40   M    M   M        39 240
26  88  62  75   3   0  10 0.06    M    M 14.0 33  30   M    M   M        38 260
27  78  60  69  -3   0   4 0.23    M    M  8.7 39 320   M    M   M        50 320
28  75  58  67  -5   0   2 0.16    M    M  7.4 25  40   M    M   M        29  40
================================================================================
SM 2515 1640         0 266  0.73    M    374.7          M        M
================================================================================
AV 89.8 58.6                              13.4 FASTST   M    M   1    MAX(MPH)
                                 MISC ---->  # 52 280               # 70  290
================================================================================
NOTES:
# LAST OF SEVERAL OCCURRENCES

COLUMN 17 PEAK WIND IN M.P.H.

PRELIMINARY LOCAL CLIMATOLOGICAL DATA (WS FORM: F-6) , PAGE 2

                                          STATION:  BUFFALO SD
                                          MONTH:    JULY
                                          YEAR:     2016
                                          LATITUDE:   45 35 N
                                          LONGITUDE: 103 33 W

[TEMPERATURE DATA]      [PRECIPITATION DATA]       SYMBOLS USED IN COLUMN 16

AVERAGE MONTHLY: 74.2   TOTAL FOR MONTH:   0.73    1 = FOG OR MIST
DPTR FM NORMAL:   3.4   DPTR FM NORMAL:   -1.15    2 = FOG REDUCING VISIBILITY
HIGHEST:   106 ON 20    GRTST 24HR  0.23 ON 27-27      TO 1/4 MILE OR LESS
LOWEST:     50 ON 13                               3 = THUNDER
                        SNOW, ICE PELLETS, HAIL    4 = ICE PELLETS
                        TOTAL MONTH:    M          5 = HAIL
                        GRTST 24HR    M  ON   M    6 = FREEZING RAIN OR DRIZZLE
                        GRTST DEPTH:  M  ON   M    7 = DUSTSTORM OR SANDSTORM:
                                                       VSBY 1/2 MILE OR LESS
                                                   8 = SMOKE OR HAZE
[NO. OF DAYS WITH]      [WEATHER - DAYS WITH]      9 = BLOWING SNOW
                                                   X = TORNADO
MAX 32 OR BELOW:   0    0.01 INCH OR MORE:   7
MAX 90 OR ABOVE:  11    0.10 INCH OR MORE:   3
MIN 32 OR BELOW:   0    0.50 INCH OR MORE:   0
MIN  0 OR BELOW:   0    1.00 INCH OR MORE:   0

[HDD (BASE 65) ]
TOTAL THIS MO.     0    CLEAR  (SCALE 0-3)   0
DPTR FM NORMAL   -21    PTCLDY (SCALE 4-7)   0
TOTAL FM JUL 1     0    CLOUDY (SCALE 8-10)  0
DPTR FM NORMAL   -21

[CDD (BASE 65) ]
TOTAL THIS MO.   266
DPTR FM NORMAL    81    [PRESSURE DATA]
TOTAL FM JAN 1   450    HIGHEST SLP M ON M
DPTR FM NORMAL   197    LOWEST  SLP 29.20 ON 10

[REMARKS]
