000
CXUS55 KCYS 301501
CF6DGW
PRELIMINARY LOCAL CLIMATOLOGICAL DATA (WS FORM: F-6)

                                          STATION:   CONVERSE CO (DOUGLAS) WY ARPT
                                          MONTH:     OCTOBER
                                          YEAR:      2014
                                          LATITUDE:   42 46 N
                                          LONGITUDE: 105 22 W

  TEMPERATURE IN F:       :PCPN:    SNOW:  WIND      :SUNSHINE: SKY     :PK WND
================================================================================
1   2   3   4   5  6A  6B    7    8   9   10  11  12  13   14  15   16   17  18
                                     12Z  AVG MX 2MIN
DY MAX MIN AVG DEP HDD CDD  WTR  SNW DPTH SPD SPD DIR MIN PSBL S-S WX    SPD DR
================================================================================

 1  49  35  42  -9  23   0 0.22    M    M  6.6 18 360   M    M   8 1      24 360
 2  64  29  47  -4  18   0 0.02    M    M 13.2 37  10   0    0   0        49 340
 3  57  26  42  -8  23   0 0.00    M    M  9.6 28 300   M    M   0        37 300
 4  71  29  50   0  15   0 0.00    M    M 10.3 33 310   M    M   2        43 300
 5  66  41  54   4  11   0    T    M    M  9.7 28 330   M    M   5        35 350
 6  74  33  54   5  11   0 0.00    M    M 10.4 37 300   M    M   1        45 300
 7  76  43  60  11   5   0 0.00    M    M  7.3 22  60   M    M   2 8      25  60
 8  77  38  58  10   7   0 0.00    M    M  6.9 20 280   M    M   0        25 290
 9  68  36  52   4  13   0 0.00    M    M  7.5 18 150   M    M   0        22 150
10  67  38  53   5  12   0 0.00    M    M 11.4 22 150   M    M   2 1      27 150
11  73  34  54   7  11   0 0.00    M    M  8.1 25 300   M    M   1 1      32 300
12  60  37  49   2  16   0 0.13    M    M 16.9 33 330   M    M   7 1      42 330
13  59  31  45  -2  20   0 0.00    M    M  7.7 23 290   M    M   1        28 290
14  76  26  51   5  14   0 0.00    M    M  5.6 20 300   M    M   0        23 290
15  82  30  56  10   9   0 0.00    M    M  9.3 32 250   M    M   0 8      44 260
16  66  38  52   6  13   0 0.00    M    M  9.2 25 310   M    M   0        33 310
17  62  27  45   0  20   0 0.00    M    M  4.3 14 130   M    M   0        17 130
18  76  33  55  10  10   0 0.00    M    M  5.9 18 290   M    M   0        22 290
19  73  36  55  10  10   0 0.00    M    M  6.6 13  90   M    M   0        13  90
20  79  31  55  11  10   0 0.00    M    M  2.2  9 250   M    M   0        13 290
21  77  42  60  16   5   0    T    M    M 10.7 31 280   M    M   1 8      40 280
22  64  31  48   4  17   0 0.00    M    M  9.3 23 290   M    M   1        29 290
23  74  24  49   6  16   0 0.00    M    M  8.0 32 280   M    M   0 8      39 280
24  79  39  59  16   6   0 0.00    M    M  7.8 29 280   M    M   0 8      37 290
25  81  30  56  13   9   0 0.00    M    M  5.3 20 240   M    M   0        24 240
26  70  43  57  15   8   0 0.00  0.0    0 14.6 36 300   M    M   0 8      44 260
27  52  24  38  -4  27   0 0.05    M    M  7.8 25 330   M    M   3 1      31 300
28  56  17  37  -5  28   0 0.00    M    M  4.6 20 290   M    M   0        23 270
29  66  18  42   1  23   0 0.00    M    M 11.0 39 280   M    M   2        47 280
================================================================================
SM 1994  939       410   0  0.42     0.0 247.8            0     36
================================================================================
AV 68.8 32.4                               8.5 FASTST    0   0   1    MAX(MPH)
                                 MISC ---->  # 39 280               # 49  340
================================================================================
NOTES:
# LAST OF SEVERAL OCCURRENCES

COLUMN 17 PEAK WIND IN M.P.H.

PRELIMINARY LOCAL CLIMATOLOGICAL DATA (WS FORM: F-6) , PAGE 2

                                          STATION:  CONVERSE CO (DOUGLAS) WY ARPT
                                          MONTH:    OCTOBER
                                          YEAR:     2014
                                          LATITUDE:   42 46 N
                                          LONGITUDE: 105 22 W

[TEMPERATURE DATA]      [PRECIPITATION DATA]       SYMBOLS USED IN COLUMN 16

AVERAGE MONTHLY: 50.6   TOTAL FOR MONTH:   0.42    1 = FOG OR MIST
DPTR FM NORMAL:   4.5   DPTR FM NORMAL:   -0.60    2 = FOG REDUCING VISIBILITY
HIGHEST:    82 ON 15    GRTST 24HR  0.23 ON 30- 1      TO 1/4 MILE OR LESS
LOWEST:     17 ON 28                               3 = THUNDER
                        SNOW, ICE PELLETS, HAIL    4 = ICE PELLETS
                        TOTAL MONTH:   0.0 INCH    5 = HAIL
                        GRTST 24HR     0.0         6 = FREEZING RAIN OR DRIZZLE
                        GRTST DEPTH:   0           7 = DUSTSTORM OR SANDSTORM:
                                                       VSBY 1/2 MILE OR LESS
                                                   8 = SMOKE OR HAZE
[NO. OF DAYS WITH]      [WEATHER - DAYS WITH]      9 = BLOWING SNOW
                                                   X = TORNADO
MAX 32 OR BELOW:   0    0.01 INCH OR MORE:   4
MAX 90 OR ABOVE:   0    0.10 INCH OR MORE:   2
MIN 32 OR BELOW:  14    0.50 INCH OR MORE:   0
MIN  0 OR BELOW:   0    1.00 INCH OR MORE:   0

[HDD (BASE 65) ]
TOTAL THIS MO.   410    CLEAR  (SCALE 0-3)  26
DPTR FM NORMAL  -140    PTCLDY (SCALE 4-7)   3
TOTAL FM JUL 1   619    CLOUDY (SCALE 8-10)  0
DPTR FM NORMAL  -200

[CDD (BASE 65) ]
TOTAL THIS MO.     0
DPTR FM NORMAL     0    [PRESSURE DATA]
TOTAL FM JAN 1   401    HIGHEST SLP  0.00 ON  2
DPTR FM NORMAL   -85    LOWEST  SLP 29.53 ON 12

[REMARKS]
