000
CXUS55 KCYS 271000
CF6DGW
PRELIMINARY LOCAL CLIMATOLOGICAL DATA (WS FORM: F-6)

                                          STATION:   CONVERSE CO (DOUGLAS) WY ARPT
                                          MONTH:     APRIL
                                          YEAR:      2017
                                          LATITUDE:   42 46 N
                                          LONGITUDE: 105 22 W

  TEMPERATURE IN F:       :PCPN:    SNOW:  WIND      :SUNSHINE: SKY     :PK WND
================================================================================
1   2   3   4   5  6A  6B    7    8   9   10  11  12  13   14  15   16   17  18
                                     12Z  AVG MX 2MIN
DY MAX MIN AVG DEP HDD CDD  WTR  SNW DPTH SPD SPD DIR MIN PSBL S-S WX    SPD DR
================================================================================

 1  45  27  36  -4  29   0 0.08    M    M  7.3 15 140   M    M   7        20 140
 2  51  28  40   0  25   0 0.18    M    M  9.9 17  20   M    M   7        21 330
 3  42  25  34  -6  31   0 0.11    M    M 11.2 23 310   M    M   6        29  10
 4  44  24  34  -7  31   0    T    M    M  8.9 20 330   M    M   6        25 330
 5  56  18  37  -4  28   0 0.00    M    M  9.6 29 310   M    M   0        41 290
 6  67  25  46   5  19   0 0.00    M    M  5.2 14 200   M    M   0        18 190
 7  75  36  56  14   9   0 0.00    M    M  9.9 30 260   M    M   0        37 260
 8  69  37  53  11  12   0 0.00    M    M 10.0 33 280   M    M   1        43 240
 9  51  30  41  -1  24   0 0.10    M    M 19.6 44 270   M    M   8 3      55 280
10  55  29  42   0  23   0 0.00    M    M 11.2 28 320   M    M   2        34 330
11  61  26  44   2  21   0 0.00    M    M  7.0 18 120   M    M   3        22 120
12  68  30  49   6  16   0 0.00    M    M 10.1 24 150   M    M   0        29 160
13  79  40  60  17   5   0 0.00    M    M 23.8 36 150   M    M   0        43 160
14  69  44  57  14   8   0 0.00    M    M 16.0 32 280   M    M   0        40 270
15  59  26  43   0  22   0 0.00    M    M 13.9 28 290   M    M   0        33 290
16  66  23  45   1  20   0 0.00    M    M  7.3 23 300   M    M   0        28 300
17  71  34  53   9  12   0 0.00    M    M 12.7 29 280   M    M   2        38  10
18  60  27  44   0  21   0 0.05    M    M  8.1 21  80   M    M   6 3      25  90
19  57  34  46   2  19   0 0.02    M    M 15.0 35 330   M    M   6 1      44 290
20  61  24  43  -2  22   0    T    M    M 10.0 29 150   M    M   3 1      37 150
21  49  37  43  -2  22   0 0.32    M    M 17.6 35 130   M    M  10 1      43 140
22  59  33  46   1  19   0    T    M    M  6.8 16 170   M    M   5 12     19 140
23  74  36  55   9  10   0 0.00    M    M  6.9 36 280   M    M   1        43 280
24  63  36  50   4  15   0 0.11    M    M  9.8 26 290   M    M   5 1      38 230
25  43  30  37  -9  28   0 0.01    M    M 16.7 32 300   M    M  10 1      41 310
26  57  21  39  -7  26   0 0.00    M    M  8.4 28 320   M    M   3        35 320
================================================================================
SM 1551  780       517   0  0.98    M    292.9          M       91
================================================================================
AV 59.7 30.0                              11.3 FASTST   M    M   4    MAX(MPH)
                                 MISC ---->  # 44 270               # 55  280
================================================================================
NOTES:
# LAST OF SEVERAL OCCURRENCES

COLUMN 17 PEAK WIND IN M.P.H.

PRELIMINARY LOCAL CLIMATOLOGICAL DATA (WS FORM: F-6) , PAGE 2

                                          STATION:  CONVERSE CO (DOUGLAS) WY ARPT
                                          MONTH:    APRIL
                                          YEAR:     2017
                                          LATITUDE:   42 46 N
                                          LONGITUDE: 105 22 W

[TEMPERATURE DATA]      [PRECIPITATION DATA]       SYMBOLS USED IN COLUMN 16

AVERAGE MONTHLY: 44.8   TOTAL FOR MONTH:   0.98    1 = FOG OR MIST
DPTR FM NORMAL:   1.8   DPTR FM NORMAL:   -0.26    2 = FOG REDUCING VISIBILITY
HIGHEST:    79 ON 13    GRTST 24HR  1.02 ON 31- 1      TO 1/4 MILE OR LESS
LOWEST:     18 ON  5                               3 = THUNDER
                        SNOW, ICE PELLETS, HAIL    4 = ICE PELLETS
                        TOTAL MONTH:    M          5 = HAIL
                        GRTST 24HR    M  ON   M    6 = FREEZING RAIN OR DRIZZLE
                        GRTST DEPTH:  M  ON   M    7 = DUSTSTORM OR SANDSTORM:
                                                       VSBY 1/2 MILE OR LESS
                                                   8 = SMOKE OR HAZE
[NO. OF DAYS WITH]      [WEATHER - DAYS WITH]      9 = BLOWING SNOW
                                                   X = TORNADO
MAX 32 OR BELOW:   0    0.01 INCH OR MORE:   9
MAX 90 OR ABOVE:   0    0.10 INCH OR MORE:   5
MIN 32 OR BELOW:  16    0.50 INCH OR MORE:   0
MIN  0 OR BELOW:   0    1.00 INCH OR MORE:   0

[HDD (BASE 65) ]
TOTAL THIS MO.   517    CLEAR  (SCALE 0-3)  14
DPTR FM NORMAL   -51    PTCLDY (SCALE 4-7)  10
TOTAL FM JUL 1  6179    CLOUDY (SCALE 8-10)  2
DPTR FM NORMAL  -707

[CDD (BASE 65) ]
TOTAL THIS MO.     0
DPTR FM NORMAL     0    [PRESSURE DATA]
TOTAL FM JAN 1     0    HIGHEST SLP M ON M
DPTR FM NORMAL     0    LOWEST  SLP 29.41 ON 25

[REMARKS]
