000
CXUS55 KCYS 171000
CF6DGW
PRELIMINARY LOCAL CLIMATOLOGICAL DATA (WS FORM: F-6)

                                          STATION:   CONVERSE CO (DOUGLAS) WY ARPT
                                          MONTH:     OCTOBER
                                          YEAR:      2017
                                          LATITUDE:   42 46 N
                                          LONGITUDE: 105 22 W

  TEMPERATURE IN F:       :PCPN:    SNOW:  WIND      :SUNSHINE: SKY     :PK WND
================================================================================
1   2   3   4   5  6A  6B    7    8   9   10  11  12  13   14  15   16   17  18
                                     12Z  AVG MX 2MIN
DY MAX MIN AVG DEP HDD CDD  WTR  SNW DPTH SPD SPD DIR MIN PSBL S-S WX    SPD DR
================================================================================

 1  55  35  45  -6  20   0 0.07    M    M  8.8 26 320   M    M   3 3      36 320
 2  49  32  41 -10  24   0 0.13    M    M  6.2 20 280   M    M   7 1      24 280
 3  56  28  42  -8  23   0 0.01    M    M  7.3 20  70   M    M   3 12     24  50
 4  68  32  50   0  15   0 0.00    M    M 16.6 31 140   M    M   1 8      39 140
 5  63  32  48  -2  17   0 0.00    M    M  8.3 16 130   M    M   2        19 120
 6  62  41  52   3  13   0 0.00    M    M 13.3 26 290   M    M   5        34 290
 7  74  36  55   6  10   0 0.00    M    M 16.6 36 260   M    M   0        45 260
 8  45  32  39  -9  26   0 0.15    M    M  8.2 21  20   M    M   9 1      25  10
 9  44  24  34 -14  31   0 0.06    M    M  5.9 12 250   M    M   3 1      14 280
10  59  19  39  -9  26   0 0.00    M    M  5.6 17 160   M    M   0        21 160
11  70  34  52   5  13   0 0.00    M    M  7.0 17 270   M    M   0        22 280
12  59  32  46  -1  19   0 0.00    M    M  9.1 21 320   M    M   0        24 310
13  64  24  44  -3  21   0 0.00    M    M  7.5 24 270   M    M   0        29 270
14  42  21  32 -14  33   0    T    M    M 11.2 23 330   M    M   5        28 350
15  62  21  42  -4  23   0 0.00    M    M  8.9 24 290   M    M   0        31 290
16  72  24  48   2  17   0 0.00    M    M  8.3 30 300   M    M   0        37 310
================================================================================
SM  944  467       331   0  0.42    M    148.8          M       38
================================================================================
AV 59.0 29.2                               9.3 FASTST   M    M   2    MAX(MPH)
                                 MISC ---->  # 36 260               # 45  260
================================================================================
NOTES:
# LAST OF SEVERAL OCCURRENCES

COLUMN 17 PEAK WIND IN M.P.H.

PRELIMINARY LOCAL CLIMATOLOGICAL DATA (WS FORM: F-6) , PAGE 2

                                          STATION:  CONVERSE CO (DOUGLAS) WY ARPT
                                          MONTH:    OCTOBER
                                          YEAR:     2017
                                          LATITUDE:   42 46 N
                                          LONGITUDE: 105 22 W

[TEMPERATURE DATA]      [PRECIPITATION DATA]       SYMBOLS USED IN COLUMN 16

AVERAGE MONTHLY: 44.1   TOTAL FOR MONTH:   0.42    1 = FOG OR MIST
DPTR FM NORMAL:  -4.2   DPTR FM NORMAL:   -0.25    2 = FOG REDUCING VISIBILITY
HIGHEST:    74 ON  7    GRTST 24HR  0.15 ON  8- 8      TO 1/4 MILE OR LESS
LOWEST:     19 ON 10                               3 = THUNDER
                        SNOW, ICE PELLETS, HAIL    4 = ICE PELLETS
                        TOTAL MONTH:    M          5 = HAIL
                        GRTST 24HR    M  ON   M    6 = FREEZING RAIN OR DRIZZLE
                        GRTST DEPTH:  M  ON   M    7 = DUSTSTORM OR SANDSTORM:
                                                       VSBY 1/2 MILE OR LESS
                                                   8 = SMOKE OR HAZE
[NO. OF DAYS WITH]      [WEATHER - DAYS WITH]      9 = BLOWING SNOW
                                                   X = TORNADO
MAX 32 OR BELOW:   0    0.01 INCH OR MORE:   5
MAX 90 OR ABOVE:   0    0.10 INCH OR MORE:   2
MIN 32 OR BELOW:  12    0.50 INCH OR MORE:   0
MIN  0 OR BELOW:   0    1.00 INCH OR MORE:   0

[HDD (BASE 65) ]
TOTAL THIS MO.   331    CLEAR  (SCALE 0-3)  11
DPTR FM NORMAL    63    PTCLDY (SCALE 4-7)   4
TOTAL FM JUL 1   588    CLOUDY (SCALE 8-10)  1
DPTR FM NORMAL    51

[CDD (BASE 65) ]
TOTAL THIS MO.     0
DPTR FM NORMAL     0    [PRESSURE DATA]
TOTAL FM JAN 1   502    HIGHEST SLP M ON M
DPTR FM NORMAL    16    LOWEST  SLP 29.51 ON  8

[REMARKS]
