000
CXUS54 KEPZ 201200
CF6DMN
PRELIMINARY LOCAL CLIMATOLOGICAL DATA (WS FORM: F-6)

                                          STATION:   DEMING
                                          MONTH:     FEBRUARY
                                          YEAR:      2018
                                          LATITUDE:   32 15 N
                                          LONGITUDE: 107 42 W

  TEMPERATURE IN F:       :PCPN:    SNOW:  WIND      :SUNSHINE: SKY     :PK WND
================================================================================
1   2   3   4   5  6A  6B    7    8   9   10  11  12  13   14  15   16   17  18
                                     12Z  AVG MX 2MIN
DY MAX MIN AVG DEP HDD CDD  WTR  SNW DPTH SPD SPD DIR MIN PSBL S-S WX    SPD DR
================================================================================

 1  75  33  54   9  11   0 0.00  0.0    0  9.1 20 250   M    M   0        24 250
 2  74  26  50   5  15   0 0.00  0.0    0  6.0 18 270   M    M   0        23 240
 3  72  35  54   9  11   0 0.00  0.0    0 12.9 29 280   M    M   0        38 270
 4  74  34  54   9  11   0 0.00  0.0    0  8.7 17 260   M    M   0        23 240
 5  75  34  55  10  10   0 0.00  0.0    0 10.3 23 260   M    M   0        31 250
 6  72  34  53   7  12   0 0.00  0.0    0 11.7 29 280   M    M   0        35 280
 7  64  29  47   1  18   0 0.00  0.0    0  5.0 15  50   M    M   0        21 330
 8  68  26  47   1  18   0 0.00  0.0    0  4.1 10  60   M    M   0        13 110
 9  75  26  51   5  14   0 0.00  0.0    0  7.3 23 280   M    M   0        30 270
10  73  35  54   8  11   0 0.00  0.0    0 11.9 30 280   M    M   0        36 280
11  62  40  51   5  14   0 0.00  0.0    0 10.3 26  40   M    M   1        31  40
12  70  30  50   4  15   0 0.00  0.0    0  9.1 26 210   M    M   0        36 210
13  68  30  49   2  16   0 0.00  0.0    0  4.4 14 260   M    M   0        18 210
14  63  42  53   6  12   0    T  0.0    0  6.5 17 280   M    M   6        21 280
15  56  44  50   3  15   0 0.72  0.0    0  6.1 14 250   M    M  10 1      17 220
16   M   M   M   M   M   M    M  0.0    0  6.1 13  60   M    M   9 1       M  M
17  62  43  53   6  12   0 0.02  0.0    M  3.4  8 210   M    M   0 1      12 180
18  66  40  53   6  12   0 0.03  0.0    0  8.3 23 240   M    M   4        29 230
19  65  49  57   9   8   0    T  0.0    0 17.3 35 240   M    M   4        43 240
================================================================================
SM 1234  630       235   0  0.77     0.0 158.5          M       34
================================================================================
AV 68.6 35.0                               8.3 FASTST   M    M   2    MAX(MPH)
                                 MISC ---->  # 35 240               # 43  240
================================================================================
NOTES:
# LAST OF SEVERAL OCCURRENCES

COLUMN 17 PEAK WIND IN M.P.H.

PRELIMINARY LOCAL CLIMATOLOGICAL DATA (WS FORM: F-6) , PAGE 2

                                          STATION:  DEMING
                                          MONTH:    FEBRUARY
                                          YEAR:     2018
                                          LATITUDE:   32 15 N
                                          LONGITUDE: 107 42 W

[TEMPERATURE DATA]      [PRECIPITATION DATA]       SYMBOLS USED IN COLUMN 16

AVERAGE MONTHLY: 51.8   TOTAL FOR MONTH:   0.77    1 = FOG OR MIST
DPTR FM NORMAL:   5.6   DPTR FM NORMAL:    0.35    2 = FOG REDUCING VISIBILITY
HIGHEST:    75 ON  9, 5 GRTST 24HR  0.72 ON 15-15      TO 1/4 MILE OR LESS
LOWEST:     26 ON  9, 8                            3 = THUNDER
                        SNOW, ICE PELLETS, HAIL    4 = ICE PELLETS
                        TOTAL MONTH:   0.0 INCH    5 = HAIL
                        GRTST 24HR     0.0         6 = FREEZING RAIN OR DRIZZLE
                        GRTST DEPTH:   0           7 = DUSTSTORM OR SANDSTORM:
                                                       VSBY 1/2 MILE OR LESS
                                                   8 = SMOKE OR HAZE
[NO. OF DAYS WITH]      [WEATHER - DAYS WITH]      9 = BLOWING SNOW
                                                   X = TORNADO
MAX 32 OR BELOW:   0    0.01 INCH OR MORE:   3
MAX 90 OR ABOVE:   0    0.10 INCH OR MORE:   1
MIN 32 OR BELOW:   6    0.50 INCH OR MORE:   1
MIN  0 OR BELOW:   0    1.00 INCH OR MORE:   0

[HDD (BASE 65) ]
TOTAL THIS MO.   235    CLEAR  (SCALE 0-3)  14
DPTR FM NORMAL  -122    PTCLDY (SCALE 4-7)   3
TOTAL FM JUL 1  1832    CLOUDY (SCALE 8-10)  2
DPTR FM NORMAL  -566

[CDD (BASE 65) ]
TOTAL THIS MO.     0
DPTR FM NORMAL     0    [PRESSURE DATA]
TOTAL FM JAN 1     0    HIGHEST SLP M ON M
DPTR FM NORMAL     0    LOWEST  SLP 29.53 ON 19

[REMARKS]
