000
CXUS56 KLKN 211001
CF6ELY
PRELIMINARY LOCAL CLIMATOLOGICAL DATA (WS FORM: F-6)

                                          STATION:   ELY AIRPORT NV
                                          MONTH:     SEPTEMBER
                                          YEAR:      2014
                                          LATITUDE:   39 16 N
                                          LONGITUDE: 114 51 W

  TEMPERATURE IN F:       :PCPN:    SNOW:  WIND      :SUNSHINE: SKY     :PK WND
================================================================================
1   2   3   4   5  6A  6B    7    8   9   10  11  12  13   14  15   16   17  18
                                     12Z  AVG MX 2MIN
DY MAX MIN AVG DEP HDD CDD  WTR  SNW DPTH SPD SPD DIR MIN PSBL S-S WX    SPD DR
================================================================================

 1  85  42  64   2   1   0 0.00  0.0    0  7.7 17 170   M    M   0        24 270
 2  89  43  66   4   0   1 0.00  0.0    0 11.2 25 210   M    M   0        31 220
 3  87  50  69   7   0   4 0.00  0.0    0 10.6 20  30   M    M   0        29 200
 4  83  46  65   4   0   0 0.00  0.0    0  9.7 25  30   M    M   1        31  30
 5  83  41  62   1   3   0 0.00  0.0    0  7.5 23 200   M    M   1        27 200
 6  84  43  64   3   1   0 0.00  0.0    0  9.3 21 180   M    M   1        30 180
 7  85  48  67   7   0   2    T  0.0    0 10.9 28 140   M    M   1        34 140
 8  73  56  65   5   0   0 0.04  0.0    0 12.4 25 260   M    M   3 3      34 260
 9  74  44  59  -1   6   0 0.01  0.0    0  6.1 23 300   M    M   4        32 320
10  80  38  59   0   6   0 0.00  0.0    0  9.8 18 300   M    M   0        27 260
11  82  37  60   1   5   0 0.00  0.0    0 10.2 23 360   M    M   0        27  10
12  82  31  57  -1   8   0 0.00  0.0    0  5.5 14 160   M    M   0        19 350
13  84  40  62   4   3   0 0.00  0.0    0  9.7 20 210   M    M   0        26 210
14  84  49  67   9   0   2 0.00  0.0    0  8.3 18 220   M    M   1        26 230
15  84  44  64   7   1   0    T  0.0    0  8.5 24 250   M    M   2 3      31 250
16  87  47  67  10   0   2 0.00  0.0    0 10.2 23 200   M    M   1        27 200
17  87  49  68  12   0   3 0.00  0.0    0  8.1 28 170   M    M   1        33 160
18  82  54  68  12   0   3 0.00  0.0    0 11.4 24 220   M    M   2        32 170
19  81  45  63   8   2   0 0.00  0.0    0  6.6 13 180   M    M   2 8      17 130
20  82  42  62   7   3   0    T  0.0    0  8.8 29 140   M    M   2 3      41 140
================================================================================
SM 1658  889        39  17  0.05     0.0 182.5          M       22
================================================================================
AV 82.9 44.5                               9.1 FASTST   M    M   1    MAX(MPH)
                                 MISC ---->  # 29 140               # 41  140
================================================================================
NOTES:
# LAST OF SEVERAL OCCURRENCES

COLUMN 17 PEAK WIND IN M.P.H.

PRELIMINARY LOCAL CLIMATOLOGICAL DATA (WS FORM: F-6) , PAGE 2

                                          STATION:  ELY AIRPORT NV
                                          MONTH:    SEPTEMBER
                                          YEAR:     2014
                                          LATITUDE:   39 16 N
                                          LONGITUDE: 114 51 W

[TEMPERATURE DATA]      [PRECIPITATION DATA]       SYMBOLS USED IN COLUMN 16

AVERAGE MONTHLY: 63.7   TOTAL FOR MONTH:   0.05    1 = FOG OR MIST
DPTR FM NORMAL:   4.8   DPTR FM NORMAL:   -0.47    2 = FOG REDUCING VISIBILITY
HIGHEST:    89 ON  2    GRTST 24HR  0.04 ON  8- 8      TO 1/4 MILE OR LESS
LOWEST:     31 ON 12                               3 = THUNDER
                        SNOW, ICE PELLETS, HAIL    4 = ICE PELLETS
                        TOTAL MONTH:   0.0 INCH    5 = HAIL
                        GRTST 24HR     0.0         6 = FREEZING RAIN OR DRIZZLE
                        GRTST DEPTH:   0           7 = DUSTSTORM OR SANDSTORM:
                                                       VSBY 1/2 MILE OR LESS
                                                   8 = SMOKE OR HAZE
[NO. OF DAYS WITH]      [WEATHER - DAYS WITH]      9 = BLOWING SNOW
                                                   X = TORNADO
MAX 32 OR BELOW:   0    0.01 INCH OR MORE:   2
MAX 90 OR ABOVE:   0    0.10 INCH OR MORE:   0
MIN 32 OR BELOW:   1    0.50 INCH OR MORE:   0
MIN  0 OR BELOW:   0    1.00 INCH OR MORE:   0

[HDD (BASE 65) ]
TOTAL THIS MO.    39    CLEAR  (SCALE 0-3)  18
DPTR FM NORMAL   -89    PTCLDY (SCALE 4-7)   2
TOTAL FM JUL 1    87    CLOUDY (SCALE 8-10)  0
DPTR FM NORMAL  -105

[CDD (BASE 65) ]
TOTAL THIS MO.    17
DPTR FM NORMAL    13    [PRESSURE DATA]
TOTAL FM JAN 1   285    HIGHEST SLP M ON M
DPTR FM NORMAL    69    LOWEST  SLP 29.67 ON 18

[REMARKS]
