000
CXUS56 KPQR 221200
CF6EUG
PRELIMINARY LOCAL CLIMATOLOGICAL DATA (WS FORM: F-6)

                                          STATION:   EUGENE OR
                                          MONTH:     MARCH
                                          YEAR:      2017
                                          LATITUDE:   44  7 N
                                          LONGITUDE: 123 13 W

  TEMPERATURE IN F:       :PCPN:    SNOW:  WIND      :SUNSHINE: SKY     :PK WND
================================================================================
1   2   3   4   5  6A  6B    7    8   9   10  11  12  13   14  15   16   17  18
                                     12Z  AVG MX 2MIN
DY MAX MIN AVG DEP HDD CDD  WTR  SNW DPTH SPD SPD DIR MIN PSBL S-S WX    SPD DR
================================================================================

 1  54  36  45   0  20   0    T  0.0    0  5.2 10 220   M    M   7        13 170
 2  49  33  41  -4  24   0 0.00  0.0    0  6.4 13 260   M    M   8 12     15 240
 3  51  39  45   0  20   0 0.21  0.0    0 11.6 25 180   M    M  10 1      31 180
 4  47  35  41  -4  24   0 0.15  0.0    0  9.2 22 210   M    M  10 1      29 210
 5  44  33  39  -6  26   0 0.38  0.0    0 12.3 24 190   M    M   8 1      31 190
 6  43  33  38  -7  27   0 0.43    T    0 11.5 22 210   M    M  10 1      27 210
 7  49  40  45  -1  20   0 0.63  0.0    0 13.1 26 180   M    M  10 1      33 190
 8  54  46  50   4  15   0 0.34  0.0    0  4.2 10 160   M    M  10 1      13 160
 9  60  50  55   9  10   0 0.38  0.0    0  9.7 20 200   M    M  10 1      24 200
10  62  45  54   8  11   0 0.00  0.0    0  6.9 18 190   M    M   6        22 200
11  57  41  49   3  16   0 0.08  0.0    0  8.3 21 210   M    M   7 12     27 220
12  64  42  53   7  12   0 0.00  0.0    0  4.0 12 140   M    M   8        12 140
13  61  49  55   9  10   0 0.04  0.0    0  8.3 16 190   M    M  10 1      21 190
14  61  49  55   9  10   0    T  0.0    0  4.2 13 190   M    M   8 1      17 160
15  55  46  51   4  14   0 0.37  0.0    0  8.6 18 270   M    M  10 1      23 230
16  55  37  46  -1  19   0 0.00  0.0    0  3.2  8  10   M    M   7        10 220
17  57  35  46  -1  19   0 0.10    M    0  5.3 13 190   M    M   9 12     16 210
18  55  39  47   0  18   0 0.35    M    0  8.7 17 270   M    M   9 1      21 270
19  56  33  45  -2  20   0 0.00  0.0    0 10.4 18 360   M    M   5        22 360
20  48  41  45  -2  20   0 0.18  0.0    0  5.0 13  10   M    M  10 1      14  10
21  65  46  56   9   9   0 0.06  0.0    0  8.4 21 180   M    M   8 1      26 160
================================================================================
SM 1147  848       364   0  3.70    T    164.5          M      180
================================================================================
AV 54.6 40.4                               7.8 FASTST   M    M   9    MAX(MPH)
                                 MISC ---->  # 26 180               # 33  190
================================================================================
NOTES:
# LAST OF SEVERAL OCCURRENCES

COLUMN 17 PEAK WIND IN M.P.H.

PRELIMINARY LOCAL CLIMATOLOGICAL DATA (WS FORM: F-6) , PAGE 2

                                          STATION:  EUGENE OR
                                          MONTH:    MARCH
                                          YEAR:     2017
                                          LATITUDE:   44  7 N
                                          LONGITUDE: 123 13 W

[TEMPERATURE DATA]      [PRECIPITATION DATA]       SYMBOLS USED IN COLUMN 16

AVERAGE MONTHLY: 47.5   TOTAL FOR MONTH:   3.70    1 = FOG OR MIST
DPTR FM NORMAL:   1.5   DPTR FM NORMAL:    0.21    2 = FOG REDUCING VISIBILITY
HIGHEST:    65 ON 21    GRTST 24HR  0.63 ON  7- 7      TO 1/4 MILE OR LESS
LOWEST:     33 ON 19, 6                            3 = THUNDER
                        SNOW, ICE PELLETS, HAIL    4 = ICE PELLETS
                        TOTAL MONTH:    T          5 = HAIL
                        GRTST 24HR    T  ON  6- 6  6 = FREEZING RAIN OR DRIZZLE
                        GRTST DEPTH:   0           7 = DUSTSTORM OR SANDSTORM:
                                                       VSBY 1/2 MILE OR LESS
                                                   8 = SMOKE OR HAZE
[NO. OF DAYS WITH]      [WEATHER - DAYS WITH]      9 = BLOWING SNOW
                                                   X = TORNADO
MAX 32 OR BELOW:   0    0.01 INCH OR MORE:  14
MAX 90 OR ABOVE:   0    0.10 INCH OR MORE:  11
MIN 32 OR BELOW:   0    0.50 INCH OR MORE:   1
MIN  0 OR BELOW:   0    1.00 INCH OR MORE:   0

[HDD (BASE 65) ]
TOTAL THIS MO.   364    CLEAR  (SCALE 0-3)   0
DPTR FM NORMAL   -33    PTCLDY (SCALE 4-7)   9
TOTAL FM JUL 1  3565    CLOUDY (SCALE 8-10) 12
DPTR FM NORMAL  -159

[CDD (BASE 65) ]
TOTAL THIS MO.     0
DPTR FM NORMAL     0    [PRESSURE DATA]
TOTAL FM JAN 1     0    HIGHEST SLP M ON M
DPTR FM NORMAL     0    LOWEST  SLP 29.55 ON  4

[REMARKS]
