000
CXUS56 KPQR 011330
CF6EUG
PRELIMINARY LOCAL CLIMATOLOGICAL DATA (WS FORM: F-6)

                                          STATION:   EUGENE OR
                                          MONTH:     FEBRUARY
                                          YEAR:      2015
                                          LATITUDE:   44  7 N
                                          LONGITUDE: 123 13 W

  TEMPERATURE IN F:       :PCPN:    SNOW:  WIND      :SUNSHINE: SKY     :PK WND
================================================================================
1   2   3   4   5  6A  6B    7    8   9   10  11  12  13   14  15   16   17  18
                                     12Z  AVG MX 2MIN
DY MAX MIN AVG DEP HDD CDD  WTR  SNW DPTH SPD SPD DIR MIN PSBL S-S WX    SPD DR
================================================================================

 1  52  39  46   4  19   0 0.11    M    0  6.3 13 270   M    M  10 12     17  90
 2  61  44  53  11  12   0 0.33    M    0  7.4 16 260   M    M   9 1      20 250
 3  53  44  49   7  16   0 0.57    M    0  4.0 14 360   M    M  10 12     17 360
 4  52  46  49   7  16   0 0.00  0.0    0  3.9  9 360   M    M  10 12     10 360
 5  64  49  57  15   8   0 0.10    M    0  7.6 21 160   M    M  10 1      26 170
 6  57  51  54  12  11   0 0.91  0.0    0  9.5 24 180   M    M   9 1      31 180
 7  57  47  52  10  13   0 0.69  0.0    0 10.1 21 190   M    M   9 1      27 180
 8  55  46  51   9  14   0 0.32  0.0    0  5.3 24 230   M    M   8 13     32 240
 9  52  47  50   8  15   0 0.77    M    0 15.8 33 200   M    M  10 1      43 200
10  55  44  50   8  15   0 0.03    M    0  5.7 14 190   M    M   8 1      18 190
11  55  41  48   6  17   0 0.00  0.0    0  2.9 10 120   M    M   8 12     13 120
12  59  39  49   6  16   0 0.00  0.0    0  1.7  8  10   M    M   8 12     10 250
13  56  41  49   6  16   0 0.00  0.0    0  2.6  7 340   M    M   9 12      8 270
14  59  41  50   7  15   0 0.00  0.0    0  5.4 16 360   M    M   6 128    19 360
15  58  40  49   6  16   0 0.00  0.0    0  8.0 17  20   M    M   6 1      22  20
16  65  32  49   6  16   0 0.00  0.0    0  7.3 20  10   M    M   2 1      23  20
17  62  32  47   4  18   0 0.00  0.0    0  3.7  9 220   M    M   2        11 360
18  58  38  48   5  17   0 0.00  0.0    0  5.0 14 130   M    M   7 1      17 130
19  59  35  47   4  18   0 0.00  0.0    0  2.7 12  30   M    M   6 12     14  30
20  58  36  47   4  18   0 0.00  0.0    0  3.3 12 340   M    M   7 1      14 350
21  56  39  48   4  17   0 0.00  0.0    0 10.5 21  20   M    M   4        27  30
22  58  31  45   1  20   0 0.00  0.0    0 11.7 25  10   M    M   0        33  10
23  57  26  42  -2  23   0 0.00  0.0    0  6.8 14  10   M    M   1        16 340
24  60  27  44   0  21   0 0.00  0.0    0  3.8  9 230   M    M   4        11 220
25  54  30  42  -2  23   0 0.00  0.0    0  3.5 10 240   M    M   6        13 250
26  52  45  49   5  16   0 0.13    M    0  7.3 14 140   M    M  10 1      17 150
27  52  45  49   5  16   0 0.20  0.0    0  8.7 15 220   M    M   9 1      18 190
28  57  32  45   1  20   0 0.00  0.0    0 10.7 23 360   M    M   2 1      27  10
================================================================================
SM 1593 1107       462   0  4.16     0.0 181.2          M      190
================================================================================
AV 56.9 39.5                               6.5 FASTST   M    M   7    MAX(MPH)
                                 MISC ---->  # 33 200               # 43  200
================================================================================
NOTES:
# LAST OF SEVERAL OCCURRENCES

COLUMN 17 PEAK WIND IN M.P.H.

PRELIMINARY LOCAL CLIMATOLOGICAL DATA (WS FORM: F-6) , PAGE 2

                                          STATION:  EUGENE OR
                                          MONTH:    FEBRUARY
                                          YEAR:     2015
                                          LATITUDE:   44  7 N
                                          LONGITUDE: 123 13 W

[TEMPERATURE DATA]      [PRECIPITATION DATA]       SYMBOLS USED IN COLUMN 16

AVERAGE MONTHLY: 48.2   TOTAL FOR MONTH:   4.16    1 = FOG OR MIST
DPTR FM NORMAL:   5.3   DPTR FM NORMAL:   -1.27    2 = FOG REDUCING VISIBILITY
HIGHEST:    65 ON 16    GRTST 24HR  1.23 ON  6- 7      TO 1/4 MILE OR LESS
LOWEST:     26 ON 23                               3 = THUNDER
                        SNOW, ICE PELLETS, HAIL    4 = ICE PELLETS
                        TOTAL MONTH:   0.0 INCH    5 = HAIL
                        GRTST 24HR     0.0         6 = FREEZING RAIN OR DRIZZLE
                        GRTST DEPTH:   0           7 = DUSTSTORM OR SANDSTORM:
                                                       VSBY 1/2 MILE OR LESS
                                                   8 = SMOKE OR HAZE
[NO. OF DAYS WITH]      [WEATHER - DAYS WITH]      9 = BLOWING SNOW
                                                   X = TORNADO
MAX 32 OR BELOW:   0    0.01 INCH OR MORE:  11
MAX 90 OR ABOVE:   0    0.10 INCH OR MORE:  10
MIN 32 OR BELOW:   7    0.50 INCH OR MORE:   4
MIN  0 OR BELOW:   0    1.00 INCH OR MORE:   0

[HDD (BASE 65) ]
TOTAL THIS MO.   462    CLEAR  (SCALE 0-3)   5
DPTR FM NORMAL  -155    PTCLDY (SCALE 4-7)  11
TOTAL FM JUL 1  2562    CLOUDY (SCALE 8-10) 12
DPTR FM NORMAL  -765

[CDD (BASE 65) ]
TOTAL THIS MO.     0
DPTR FM NORMAL     0    [PRESSURE DATA]
TOTAL FM JAN 1     0    HIGHEST SLP 30.51 ON 25
DPTR FM NORMAL     0    LOWEST  SLP 29.42 ON  7

[REMARKS]
#FINAL-02-15#
