000
CXUS56 KMTR 221000
CF6HWD
PRELIMINARY LOCAL CLIMATOLOGICAL DATA (WS FORM: F-6)

                                          STATION:   HAYWARD AIRPORT
                                          MONTH:     JANUARY
                                          YEAR:      2018
                                          LATITUDE:   37 39 N
                                          LONGITUDE: 122  7 W

  TEMPERATURE IN F:       :PCPN:    SNOW:  WIND      :SUNSHINE: SKY     :PK WND
================================================================================
1   2   3   4   5  6A  6B    7    8   9   10  11  12  13   14  15   16   17  18
                                     12Z  AVG MX 2MIN
DY MAX MIN AVG DEP HDD CDD  WTR  SNW DPTH SPD SPD DIR MIN PSBL S-S WX    SPD DR
================================================================================

 1  58  42  50   1  15   0 0.00  0.0    0  3.1  8  70   M    M   1 18     11 290
 2  59  47  53   4  12   0 0.00  0.0    0  1.5  7 220   M    M   3 8       9 250
 3  57  48  53   4  12   0 0.40    M    0  2.7 13  60   M    M   6 18     16  60
 4  68  53  61  12   4   0    T  0.0    0  5.3 15 150   M    M   8 18     18 150
 5  62  53  58   9   7   0 0.21  0.0    0  4.5 17 290   M    M  10 18     24 290
 6  58  46  52   2  13   0    T  0.0    0  2.8  8  50   M    M   4 12     11 270
 7  53  45  49  -1  16   0 0.00  0.0    0  2.4  8  60   M    M   6 128    10  70
 8  61  51  56   6   9   0 1.69  0.0    0  4.4 12 150   M    M  10 1      15 150
 9  59  49  54   4  11   0 0.42  0.0    0  7.7 15 300   M    M   8 18     20 290
10  57  44  51   1  14   0 0.00  0.0    0  3.4 10 150   M    M   7 8      13 170
11  61  50  56   6   9   0 0.00  0.0    0  2.5 10 290   M    M   5 18     13 310
12  59  49  54   4  11   0 0.00  0.0    0  2.9  8 270   M    M   6 18      9 250
13  63  43  53   3  12   0 0.00  0.0    0  7.9 15  50   M    M   0 18     18  40
14  60  43  52   2  13   0 0.00  0.0    0  4.9 12 330   M    M   3 128    14  50
15  62  47  55   5  10   0 0.00  0.0    0  3.1 13 290   M    M   2 8      15 290
16  64  55  60  10   5   0    T  0.0    0  4.7 12 290   M    M   7 8      14  50
17  62  50  56   6   9   0 0.00  0.0    0  4.0 10 290   M    M   3 128    12 290
18  63  50  57   7   8   0 0.04  0.0    0  7.1 17 300   M    M   9 128    20 290
19  58  43  51   1  14   0 0.00  0.0    0  5.3 17 300   M    M   3        21 300
20  56  37  47  -3  18   0 0.00  0.0    0  4.0 12 280   M    M   0        14 290
21  57  38  48  -2  17   0    T    M    0  4.7 13 150   M    M   3        16 160
================================================================================
SM 1257  983       239   0  2.76     0.0  88.9          M      104
================================================================================
AV 59.9 46.8                               4.2 FASTST   M    M   5    MAX(MPH)
                                 MISC ---->  # 17 290               # 24  290
================================================================================
NOTES:
# LAST OF SEVERAL OCCURRENCES

COLUMN 17 PEAK WIND IN M.P.H.

PRELIMINARY LOCAL CLIMATOLOGICAL DATA (WS FORM: F-6) , PAGE 2

                                          STATION:  HAYWARD AIRPORT
                                          MONTH:    JANUARY
                                          YEAR:     2018
                                          LATITUDE:   37 39 N
                                          LONGITUDE: 122  7 W

[TEMPERATURE DATA]      [PRECIPITATION DATA]       SYMBOLS USED IN COLUMN 16

AVERAGE MONTHLY: 53.3   TOTAL FOR MONTH:   2.76    1 = FOG OR MIST
DPTR FM NORMAL:   3.6   DPTR FM NORMAL:    0.31    2 = FOG REDUCING VISIBILITY
HIGHEST:    68 ON  4    GRTST 24HR  1.69 ON  8- 8      TO 1/4 MILE OR LESS
LOWEST:     37 ON 20                               3 = THUNDER
                        SNOW, ICE PELLETS, HAIL    4 = ICE PELLETS
                        TOTAL MONTH:   0.0 INCH    5 = HAIL
                        GRTST 24HR     0.0         6 = FREEZING RAIN OR DRIZZLE
                        GRTST DEPTH:   0           7 = DUSTSTORM OR SANDSTORM:
                                                       VSBY 1/2 MILE OR LESS
                                                   8 = SMOKE OR HAZE
[NO. OF DAYS WITH]      [WEATHER - DAYS WITH]      9 = BLOWING SNOW
                                                   X = TORNADO
MAX 32 OR BELOW:   0    0.01 INCH OR MORE:   5
MAX 90 OR ABOVE:   0    0.10 INCH OR MORE:   4
MIN 32 OR BELOW:   0    0.50 INCH OR MORE:   1
MIN  0 OR BELOW:   0    1.00 INCH OR MORE:   1

[HDD (BASE 65) ]
TOTAL THIS MO.   239    CLEAR  (SCALE 0-3)   7
DPTR FM NORMAL   -85    PTCLDY (SCALE 4-7)  10
TOTAL FM JUL 1   968    CLOUDY (SCALE 8-10)  4
DPTR FM NORMAL  -309

[CDD (BASE 65) ]
TOTAL THIS MO.     0
DPTR FM NORMAL     0    [PRESSURE DATA]
TOTAL FM JAN 1     0    HIGHEST SLP M ON M
DPTR FM NORMAL     0    LOWEST  SLP 29.54 ON  9

[REMARKS]
