000
CXUS56 KMTR 261000
CF6HWD
PRELIMINARY LOCAL CLIMATOLOGICAL DATA (WS FORM: F-6)

                                          STATION:   HAYWARD AIRPORT
                                          MONTH:     MARCH
                                          YEAR:      2015
                                          LATITUDE:   37 39 N
                                          LONGITUDE: 122  7 W

  TEMPERATURE IN F:       :PCPN:    SNOW:  WIND      :SUNSHINE: SKY     :PK WND
================================================================================
1   2   3   4   5  6A  6B    7    8   9   10  11  12  13   14  15   16   17  18
                                     12Z  AVG MX 2MIN
DY MAX MIN AVG DEP HDD CDD  WTR  SNW DPTH SPD SPD DIR MIN PSBL S-S WX    SPD DR
================================================================================

 1  65  42  54  -1  11   0 0.00  0.0    0  5.7 18  40   M    M   0        22  40
 2  62  46  54  -1  11   0 0.03  0.0    0  4.5 14 160   M    M   3        16 160
 3  66  44  55   0  10   0 0.00  0.0    0  5.4 14 290   M    M   0        17 290
 4  69  44  57   2   8   0 0.00  0.0    0  5.0  9 300   M    M   0         M  M
 5  72  46  59   4   6   0 0.00  0.0    0  5.5 12 290   M    M   0         M  M
 6  74  46  60   5   5   0 0.00  0.0    0  5.8 12 280   M    M   0         M  M
 7  76  49  63   8   2   0 0.00  0.0    0  4.6 10 290   M    M   0        12 290
 8  67  47  57   2   8   0 0.00  0.0    0  4.7 15 310   M    M   2 8      18 290
 9  69  53  61   6   4   0 0.00  0.0    0  4.0 12 290   M    M   4 8      14 300
10  67  50  59   4   6   0 0.00  0.0    0  4.6 23 300   M    M   3 128    29 300
11  66  54  60   5   5   0 0.03  0.0    0  6.1 16 310   M    M   7 1      20 300
12  74  52  63   8   2   0 0.00  0.0    0  4.5 13 300   M    M   0        16 290
13  77  52  65   9   0   0 0.00  0.0    0  3.7 14 300   M    M   0        17 300
14  85  58  72  16   0   7 0.00  0.0    0  3.9 12 290   M    M   0        13 290
15  74  58  66  10   0   1 0.00  0.0    0  5.7 21 290   M    M   0        24 300
16  71  57  64   8   1   0 0.00  0.0    0  4.7 14 300   M    M   1        18 290
17  68  54  61   5   4   0 0.00  0.0    0  8.5 18 290   M    M   3        22 280
18  71  50  61   5   4   0 0.00  0.0    0  5.3 16 280   M    M   0        20 270
19  79  51  65   9   0   0 0.00  0.0    0  4.4 14 290   M    M   0        17 290
20  72  52  62   6   3   0 0.00  0.0    0  4.0 17 280   M    M   0        22 280
21  73  58  66  10   0   1 0.00  0.0    0  5.3 16 300   M    M   4        24 330
22  69  57  63   7   2   0 0.04  0.0    0  7.2 18 300   M    M   5 18     23 290
23  66  56  61   5   4   0    T  0.0    0  7.9 17 290   M    M   3 1      22 280
24  68  53  61   5   4   0 0.00  0.0    0  5.9 16 290   M    M   3        18 280
25  74  51  63   7   2   0 0.00  0.0    0  5.2 17 310   M    M   0        24 340
================================================================================
SM 1774 1280       102   9  0.10     0.0 132.1          M       38
================================================================================
AV 71.0 51.2                               5.3 FASTST   M    M   2    MAX(MPH)
                                 MISC ---->  # 23 300               # 29  300
================================================================================
NOTES:
# LAST OF SEVERAL OCCURRENCES

COLUMN 17 PEAK WIND IN M.P.H.

PRELIMINARY LOCAL CLIMATOLOGICAL DATA (WS FORM: F-6) , PAGE 2

                                          STATION:  HAYWARD AIRPORT
                                          MONTH:    MARCH
                                          YEAR:     2015
                                          LATITUDE:   37 39 N
                                          LONGITUDE: 122  7 W

[TEMPERATURE DATA]      [PRECIPITATION DATA]       SYMBOLS USED IN COLUMN 16

AVERAGE MONTHLY: 61.1   TOTAL FOR MONTH:   0.10    1 = FOG OR MIST
DPTR FM NORMAL:   5.6   DPTR FM NORMAL:   -2.06    2 = FOG REDUCING VISIBILITY
HIGHEST:    85 ON 14    GRTST 24HR  0.04 ON 22-22      TO 1/4 MILE OR LESS
LOWEST:     42 ON  1                               3 = THUNDER
                        SNOW, ICE PELLETS, HAIL    4 = ICE PELLETS
                        TOTAL MONTH:   0.0 INCH    5 = HAIL
                        GRTST 24HR     0.0         6 = FREEZING RAIN OR DRIZZLE
                        GRTST DEPTH:   0           7 = DUSTSTORM OR SANDSTORM:
                                                       VSBY 1/2 MILE OR LESS
                                                   8 = SMOKE OR HAZE
[NO. OF DAYS WITH]      [WEATHER - DAYS WITH]      9 = BLOWING SNOW
                                                   X = TORNADO
MAX 32 OR BELOW:   0    0.01 INCH OR MORE:   3
MAX 90 OR ABOVE:   0    0.10 INCH OR MORE:   0
MIN 32 OR BELOW:   0    0.50 INCH OR MORE:   0
MIN  0 OR BELOW:   0    1.00 INCH OR MORE:   0

[HDD (BASE 65) ]
TOTAL THIS MO.   102    CLEAR  (SCALE 0-3)  19
DPTR FM NORMAL  -139    PTCLDY (SCALE 4-7)   6
TOTAL FM JUL 1  1185    CLOUDY (SCALE 8-10)  0
DPTR FM NORMAL  -822

[CDD (BASE 65) ]
TOTAL THIS MO.     9
DPTR FM NORMAL     9    [PRESSURE DATA]
TOTAL FM JAN 1     9    HIGHEST SLP M ON M
DPTR FM NORMAL     9    LOWEST  SLP 29.80 ON  2

[REMARKS]
