000
CXUS55 KBYZ 231056
CF6MLS
PRELIMINARY LOCAL CLIMATOLOGICAL DATA (WS FORM: F-6)

                                          STATION:   MILES CITY MT
                                          MONTH:     JULY
                                          YEAR:      2017
                                          LATITUDE:   46 25 N
                                          LONGITUDE: 105 53 W

  TEMPERATURE IN F:       :PCPN:    SNOW:  WIND      :SUNSHINE: SKY     :PK WND
================================================================================
1   2   3   4   5  6A  6B    7    8   9   10  11  12  13   14  15   16   17  18
                                     12Z  AVG MX 2MIN
DY MAX MIN AVG DEP HDD CDD  WTR  SNW DPTH SPD SPD DIR MIN PSBL S-S WX    SPD DR
================================================================================

 1  94  55  75   4   0  10 0.00    M    M  7.6 16 290   M    M   1        22 290
 2  98  65  82  11   0  17    T    M    M 10.0 24  40   M    M   1 3      29  30
 3 100  61  81  10   0  16 0.00    M    M  9.1 24 220   M    M   0        31 230
 4  98  66  82  10   0  17 0.00    M    M  9.8 22 330   M    M   0 8      27  40
 5 104  65  85  13   0  20 0.00    M    M  9.3 25 310   M    M   0        33 330
 6  96  71  84  12   0  19 0.00    M    M 12.0 20  50   M    M   0        25  40
 7 100  64  82  10   0  17 0.00    M    M 10.7 28 320   M    M   0        36 320
 8 103  64  84  11   0  19    T    M    M  9.1 24 120   M    M   0        29 130
 9 102  67  85  12   0  20 0.00    M    M  9.5 18  40   M    M   0        24  40
10 102  73  88  15   0  23    T    M    M 12.1 55 300   M    M   1 38     72 300
11  91  66  79   6   0  14    T    M    M 12.0 25  20   M    M   2 3      34  10
12  83  58  71  -3   0   6 0.00    M    M 10.3 18  50   M    M   2        24  40
13  97  65  81   7   0  16 0.00    M    M 12.9 20 130   M    M   0        28 170
14 105  72  89  15   0  24 0.00    M    M 14.0 24 160   M    M   0        33  10
15 100  66  83   9   0  18 0.00    M    M 13.2 24 150   M    M   0        30 150
16 103  77  90  16   0  25    T    M    M 10.8 40 300   M    M   1 3      51 300
17  91  67  79   5   0  14    T    M    M  8.7 23  10   M    M   0        28  10
18  91  66  79   4   0  14    T    M    M  7.7 18 170   M    M   1        24 170
19  96  70  83   8   0  18 0.00    M    M  8.8 26  30   M    M   1        33  30
20 104  72  88  13   0  23 0.00    M    M 10.9 26 270   M    M   0        34 270
21  94  64  79   4   0  14 0.00    M    M 10.9 24 330   M    M   2 8      33 340
22  92  55  74  -1   0   9 0.00    M    M  8.7 20 300   M    M   0        26 330
================================================================================
SM 2144 1449         0 373    T     M    228.1          M       12
================================================================================
AV 97.5 65.9                              10.4 FASTST   M    M   1    MAX(MPH)
                                 MISC ---->  # 55 300               # 72  300
================================================================================
NOTES:
# LAST OF SEVERAL OCCURRENCES

COLUMN 17 PEAK WIND IN M.P.H.

PRELIMINARY LOCAL CLIMATOLOGICAL DATA (WS FORM: F-6) , PAGE 2

                                          STATION:  MILES CITY MT
                                          MONTH:    JULY
                                          YEAR:     2017
                                          LATITUDE:   46 25 N
                                          LONGITUDE: 105 53 W

[TEMPERATURE DATA]      [PRECIPITATION DATA]       SYMBOLS USED IN COLUMN 16

AVERAGE MONTHLY: 81.7   TOTAL FOR MONTH:      T    1 = FOG OR MIST
DPTR FM NORMAL:   8.4   DPTR FM NORMAL:   -1.21    2 = FOG REDUCING VISIBILITY
HIGHEST:   105 ON 14    GRTST 24HR    T  ON 18-18      TO 1/4 MILE OR LESS
LOWEST:     55 ON 22, 1                            3 = THUNDER
                        SNOW, ICE PELLETS, HAIL    4 = ICE PELLETS
                        TOTAL MONTH:    M          5 = HAIL
                        GRTST 24HR    M  ON   M    6 = FREEZING RAIN OR DRIZZLE
                        GRTST DEPTH:  M  ON   M    7 = DUSTSTORM OR SANDSTORM:
                                                       VSBY 1/2 MILE OR LESS
                                                   8 = SMOKE OR HAZE
[NO. OF DAYS WITH]      [WEATHER - DAYS WITH]      9 = BLOWING SNOW
                                                   X = TORNADO
MAX 32 OR BELOW:   0    0.01 INCH OR MORE:   0
MAX 90 OR ABOVE:  21    0.10 INCH OR MORE:   0
MIN 32 OR BELOW:   0    0.50 INCH OR MORE:   0
MIN  0 OR BELOW:   0    1.00 INCH OR MORE:   0

[HDD (BASE 65) ]
TOTAL THIS MO.     0    CLEAR  (SCALE 0-3)  22
DPTR FM NORMAL   -10    PTCLDY (SCALE 4-7)   0
TOTAL FM JUL 1     0    CLOUDY (SCALE 8-10)  0
DPTR FM NORMAL   -10

[CDD (BASE 65) ]
TOTAL THIS MO.   373
DPTR FM NORMAL   180    [PRESSURE DATA]
TOTAL FM JAN 1   528    HIGHEST SLP M ON M
DPTR FM NORMAL   208    LOWEST  SLP 29.70 ON 10

[REMARKS]
