000
CXUS54 KMOB 171332
CF6MOB
PRELIMINARY LOCAL CLIMATOLOGICAL DATA (WS FORM: F-6)

                                          STATION:   MOBILE
                                          MONTH:     OCTOBER
                                          YEAR:      2017
                                          LATITUDE:   30 40 N
                                          LONGITUDE:  88 15 W

  TEMPERATURE IN F:       :PCPN:    SNOW:  WIND      :SUNSHINE: SKY     :PK WND
================================================================================
1   2   3   4   5  6A  6B    7    8   9   10  11  12  13   14  15   16   17  18
                                     12Z  AVG MX 2MIN
DY MAX MIN AVG DEP HDD CDD  WTR  SNW DPTH SPD SPD DIR MIN PSBL S-S WX    SPD DR
================================================================================

 1  86  65  76   3   0  11 0.15  0.0    0 11.5 22  70   M    M   8 18     28  60
 2  81  67  74   1   0   9 0.01  0.0    0 11.5 21  90   M    M   9 1      25  90
 3  87  69  78   6   0  13 0.00  0.0    0 10.4 20 100   M    M   3        25 100
 4  85  67  76   4   0  11 0.00  0.0    0  8.3 16  90   M    M   3        21  90
 5  87  65  76   4   0  11 0.00  0.0    0  8.1 16  40   M    M   2        21  50
 6  90  67  79   7   0  14 0.00  0.0    0  9.4 17  70   M    M   4        22  70
 7  90  73  82  11   0  17 2.81  0.0    0 14.9 38 130   M    M   7 1      50 120
 8  84  74  79   8   0  14 1.55  0.0    0 13.0 46 160   M    M   7 1      66 140
 9  85  76  81  11   0  16 1.94  0.0    0  6.7 20 170   M    M   9 123    24 190
10  89  74  82  12   0  17 0.17  0.0    0  3.5 10 210   M    M   6 1238   14 170
11  92  72  82  12   0  17 1.87  0.0    0  3.1 24  20   M    M   4 123    29  20
12  88  72  80  10   0  15 0.00  0.0    0  7.6 13  10   M    M   2 1      15  10
13  90  68  79  10   0  14 0.59  0.0    0  4.4 26  90   M    M   5 1      31  90
14  86  71  79  10   0  14 0.00  0.0    0  7.3 14 120   M    M   4 1      18 100
15  86  72  79  10   0  14 0.08  0.0    0  4.3 16 150   M    M   5 13     20 140
16  74  58  66  -2   0   1 0.14  0.0    0 12.4 20  10   M    M   7 138    24  10
================================================================================
SM 1380 1110         0 208  9.31     0.0 136.4          M       85
================================================================================
AV 86.3 69.4                               8.5 FASTST   M    M   5    MAX(MPH)
                                 MISC ---->  # 46 160               # 66  140
================================================================================
NOTES:
# LAST OF SEVERAL OCCURRENCES

COLUMN 17 PEAK WIND IN M.P.H.

PRELIMINARY LOCAL CLIMATOLOGICAL DATA (WS FORM: F-6) , PAGE 2

                                          STATION:  MOBILE
                                          MONTH:    OCTOBER
                                          YEAR:     2017
                                          LATITUDE:   30 40 N
                                          LONGITUDE:  88 15 W

[TEMPERATURE DATA]      [PRECIPITATION DATA]       SYMBOLS USED IN COLUMN 16

AVERAGE MONTHLY: 77.8   TOTAL FOR MONTH:   9.31    1 = FOG OR MIST
DPTR FM NORMAL:   7.1   DPTR FM NORMAL:    7.42    2 = FOG REDUCING VISIBILITY
HIGHEST:    92 ON 11    GRTST 24HR  2.81 ON  7- 7      TO 1/4 MILE OR LESS
LOWEST:     58 ON 16                               3 = THUNDER
                        SNOW, ICE PELLETS, HAIL    4 = ICE PELLETS
                        TOTAL MONTH:   0.0 INCH    5 = HAIL
                        GRTST 24HR     0.0         6 = FREEZING RAIN OR DRIZZLE
                        GRTST DEPTH:   0           7 = DUSTSTORM OR SANDSTORM:
                                                       VSBY 1/2 MILE OR LESS
                                                   8 = SMOKE OR HAZE
[NO. OF DAYS WITH]      [WEATHER - DAYS WITH]      9 = BLOWING SNOW
                                                   X = TORNADO
MAX 32 OR BELOW:   0    0.01 INCH OR MORE:  10
MAX 90 OR ABOVE:   4    0.10 INCH OR MORE:   8
MIN 32 OR BELOW:   0    0.50 INCH OR MORE:   5
MIN  0 OR BELOW:   0    1.00 INCH OR MORE:   4

[HDD (BASE 65) ]
TOTAL THIS MO.     0    CLEAR  (SCALE 0-3)   3
DPTR FM NORMAL   -12    PTCLDY (SCALE 4-7)  11
TOTAL FM JUL 1     0    CLOUDY (SCALE 8-10)  2
DPTR FM NORMAL   -14

[CDD (BASE 65) ]
TOTAL THIS MO.   208
DPTR FM NORMAL   104    [PRESSURE DATA]
TOTAL FM JAN 1  2693    HIGHEST SLP M ON M
DPTR FM NORMAL   285    LOWEST  SLP 29.40 ON  8

[REMARKS]
