000
CXUS54 KMOB 171521
CF6MOB
PRELIMINARY LOCAL CLIMATOLOGICAL DATA (WS FORM: F-6)

                                          STATION:   MOBILE
                                          MONTH:     DECEMBER
                                          YEAR:      2014
                                          LATITUDE:   30 40 N
                                          LONGITUDE:  88 15 W

  TEMPERATURE IN F:       :PCPN:    SNOW:  WIND      :SUNSHINE: SKY     :PK WND
================================================================================
1   2   3   4   5  6A  6B    7    8   9   10  11  12  13   14  15   16   17  18
                                     12Z  AVG MX 2MIN
DY MAX MIN AVG DEP HDD CDD  WTR  SNW DPTH SPD SPD DIR MIN PSBL S-S WX    SPD DR
================================================================================

 1  74  50  62   7   3   0 0.00  0.0    0  5.8 17 140   M    M   4 18     23 130
 2  76  47  62   7   3   0 0.00  0.0    0  2.9  9 140   M    M   2 12     14  80
 3  75  50  63   8   2   0 0.00  0.0    0  2.9 10  60   M    M   7 1      14  90
 4  76  55  66  11   0   1 0.00  0.0    0  6.7 14 140   M    M   4 1      18 140
 5  77  52  65  11   0   0 0.00  0.0    0  7.8 17 130   M    M   7 12     21 150
 6  76  54  65  11   0   0 0.19  0.0    0  7.7 21  10   M    M   7 12     27 360
 7  62  43  53  -1  12   0 0.00  0.0    0  9.6 20  20   M    M   3        27  20
 8  65  41  53  -1  12   0 0.00  0.0    0  4.8 13 360   M    M   5 18     15  10
 9  64  37  51  -3  14   0 0.00  0.0    0  7.6 17 340   M    M   1 18     24 350
10  57  35  46  -7  19   0 0.00  0.0    0  7.2 14 340   M    M   3 18     18 340
11  59  33  46  -7  19   0 0.00  0.0    0  4.5 12 340   M    M   2        14 330
12  63  40  52  -1  13   0 0.00  0.0    0  5.6 12  20   M    M   5        16  40
13  66  41  54   1  11   0 0.00  0.0    0  6.1 17  10   M    M   2        22 360
14  67  39  53   1  12   0 0.00  0.0    0  4.0 12 360   M    M   0 1      17  10
15  71  38  55   3  10   0 0.00  0.0    0  7.3 17 190   M    M   6 12     22 180
16  66  43  55   3  10   0 0.23    M    0  7.4 14 290   M    M   4 1      21 300
================================================================================
SM 1094  698       140   1  0.42     0.0  97.9          M       62
================================================================================
AV 68.4 43.6                               6.1 FASTST   M    M   4    MAX(MPH)
                                 MISC ---->  # 21  10               # 27  360
================================================================================
NOTES:
# LAST OF SEVERAL OCCURRENCES

COLUMN 17 PEAK WIND IN M.P.H.

PRELIMINARY LOCAL CLIMATOLOGICAL DATA (WS FORM: F-6) , PAGE 2

                                          STATION:  MOBILE
                                          MONTH:    DECEMBER
                                          YEAR:     2014
                                          LATITUDE:   30 40 N
                                          LONGITUDE:  88 15 W

[TEMPERATURE DATA]      [PRECIPITATION DATA]       SYMBOLS USED IN COLUMN 16

AVERAGE MONTHLY: 56.0   TOTAL FOR MONTH:   0.42    1 = FOG OR MIST
DPTR FM NORMAL:   2.4   DPTR FM NORMAL:   -2.11    2 = FOG REDUCING VISIBILITY
HIGHEST:    77 ON  5    GRTST 24HR  0.23 ON 16-16      TO 1/4 MILE OR LESS
LOWEST:     33 ON 11                               3 = THUNDER
                        SNOW, ICE PELLETS, HAIL    4 = ICE PELLETS
                        TOTAL MONTH:   0.0 INCH    5 = HAIL
                        GRTST 24HR     0.0         6 = FREEZING RAIN OR DRIZZLE
                        GRTST DEPTH:   0           7 = DUSTSTORM OR SANDSTORM:
                                                       VSBY 1/2 MILE OR LESS
                                                   8 = SMOKE OR HAZE
[NO. OF DAYS WITH]      [WEATHER - DAYS WITH]      9 = BLOWING SNOW
                                                   X = TORNADO
MAX 32 OR BELOW:   0    0.01 INCH OR MORE:   2
MAX 90 OR ABOVE:   0    0.10 INCH OR MORE:   2
MIN 32 OR BELOW:   0    0.50 INCH OR MORE:   0
MIN  0 OR BELOW:   0    1.00 INCH OR MORE:   0

[HDD (BASE 65) ]
TOTAL THIS MO.   140    CLEAR  (SCALE 0-3)   7
DPTR FM NORMAL   -50    PTCLDY (SCALE 4-7)   9
TOTAL FM JUL 1   533    CLOUDY (SCALE 8-10)  0
DPTR FM NORMAL    85

[CDD (BASE 65) ]
TOTAL THIS MO.     1
DPTR FM NORMAL    -7    [PRESSURE DATA]
TOTAL FM JAN 1  2305    HIGHEST SLP M ON M
DPTR FM NORMAL  -206    LOWEST  SLP 30.01 ON 15

[REMARKS]
