000
CXUS54 KBMX 171216
CF6TCL
PRELIMINARY LOCAL CLIMATOLOGICAL DATA (WS FORM: F-6)

                                          STATION:   TUSCALOOSA
                                          MONTH:     JANUARY
                                          YEAR:      2017
                                          LATITUDE:   33 13 N
                                          LONGITUDE:  87 37 W

  TEMPERATURE IN F:       :PCPN:    SNOW:  WIND      :SUNSHINE: SKY     :PK WND
================================================================================
1   2   3   4   5  6A  6B    7    8   9   10  11  12  13   14  15   16   17  18
                                     12Z  AVG MX 2MIN
DY MAX MIN AVG DEP HDD CDD  WTR  SNW DPTH SPD SPD DIR MIN PSBL S-S WX    SPD DR
================================================================================

 1  65  56  61  16   4   0 0.43  0.0    0  5.1 12 170   M    M  10 1      17 170
 2  65  60  63  18   2   0 2.88  0.0    0  6.9 17 140   M    M   9 13     28 120
 3  66  51  59  14   6   0 0.00  0.0    0  4.7 13 270   M    M   6 1      16 250
 4  56  32  44  -1  21   0 0.00  0.0    0  8.8 18 350   M    M   5        24 340
 5  52  31  42  -3  23   0    T  0.0    0  4.8 17 360   M    M   7        23  10
 6  37  26  32 -12  33   0 0.10    M    0 11.9 18  10   M    M  10 1      24  20
 7  33  19  26 -18  39   0 0.00  0.0    0 10.6 22 360   M    M   2        29 360
 8  35  15  25 -19  40   0 0.00  0.0    0  3.5 13  80   M    M   0        17  50
 9  51  19  35  -9  30   0 0.00  0.0    0  5.5 14 170   M    M   3        21 170
10  65  46  56  12   9   0 0.00  0.0    0 11.8 20 170   M    M  10        28 170
11  75  61  68  24   0   3 0.00  0.0    0 11.7 20 170   M    M  10        28 180
12  78  63  71  27   0   6 0.00  0.0    0  8.3 16 190   M    M  10        23 190
13  78  52  65  21   0   0 0.00  0.0    0  2.9 14 240   M    M   6 1      16 230
14  75  47  61  17   4   0 0.00  0.0    0  0.8  7 230   M    M   1 12     10 230
15  76  44  60  16   5   0 0.00  0.0    0  2.1 10 190   M    M   2 1      13 160
16  75  48  62  18   3   0 0.00  0.0    0  6.2 15 180   M    M   5        21 160
================================================================================
SM  982  670       219   9  3.41     0.0 105.6          M       96
================================================================================
AV 61.4 41.9                               6.6 FASTST   M    M   6    MAX(MPH)
                                 MISC ---->  # 22 360               # 29  360
================================================================================
NOTES:
# LAST OF SEVERAL OCCURRENCES

COLUMN 17 PEAK WIND IN M.P.H.

PRELIMINARY LOCAL CLIMATOLOGICAL DATA (WS FORM: F-6) , PAGE 2

                                          STATION:  TUSCALOOSA
                                          MONTH:    JANUARY
                                          YEAR:     2017
                                          LATITUDE:   33 13 N
                                          LONGITUDE:  87 37 W

[TEMPERATURE DATA]      [PRECIPITATION DATA]       SYMBOLS USED IN COLUMN 16

AVERAGE MONTHLY: 51.6   TOTAL FOR MONTH:   3.41    1 = FOG OR MIST
DPTR FM NORMAL:   7.3   DPTR FM NORMAL:    0.84    2 = FOG REDUCING VISIBILITY
HIGHEST:    78 ON 13,12 GRTST 24HR  2.98 ON  1- 2      TO 1/4 MILE OR LESS
LOWEST:     15 ON  8                               3 = THUNDER
                        SNOW, ICE PELLETS, HAIL    4 = ICE PELLETS
                        TOTAL MONTH:   0.0 INCH    5 = HAIL
                        GRTST 24HR     0.0         6 = FREEZING RAIN OR DRIZZLE
                        GRTST DEPTH:   0           7 = DUSTSTORM OR SANDSTORM:
                                                       VSBY 1/2 MILE OR LESS
                                                   8 = SMOKE OR HAZE
[NO. OF DAYS WITH]      [WEATHER - DAYS WITH]      9 = BLOWING SNOW
                                                   X = TORNADO
MAX 32 OR BELOW:   0    0.01 INCH OR MORE:   3
MAX 90 OR ABOVE:   0    0.10 INCH OR MORE:   3
MIN 32 OR BELOW:   6    0.50 INCH OR MORE:   1
MIN  0 OR BELOW:   0    1.00 INCH OR MORE:   1

[HDD (BASE 65) ]
TOTAL THIS MO.   219    CLEAR  (SCALE 0-3)   4
DPTR FM NORMAL  -112    PTCLDY (SCALE 4-7)   6
TOTAL FM JUL 1   868    CLOUDY (SCALE 8-10)  6
DPTR FM NORMAL  -464

[CDD (BASE 65) ]
TOTAL THIS MO.     9
DPTR FM NORMAL     9    [PRESSURE DATA]
TOTAL FM JAN 1     9    HIGHEST SLP M ON M
DPTR FM NORMAL     9    LOWEST  SLP 29.80 ON  2

[REMARKS]
