000
CXUS54 KBMX 261111
CF6TCL
PRELIMINARY LOCAL CLIMATOLOGICAL DATA (WS FORM: F-6)

                                          STATION:   TUSCALOOSA
                                          MONTH:     NOVEMBER
                                          YEAR:      2014
                                          LATITUDE:   33 13 N
                                          LONGITUDE:  87 37 W

  TEMPERATURE IN F:       :PCPN:    SNOW:  WIND      :SUNSHINE: SKY     :PK WND
================================================================================
1   2   3   4   5  6A  6B    7    8   9   10  11  12  13   14  15   16   17  18
                                     12Z  AVG MX 2MIN
DY MAX MIN AVG DEP HDD CDD  WTR  SNW DPTH SPD SPD DIR MIN PSBL S-S WX    SPD DR
================================================================================

 1  56  34  45 -14  20   0 0.00  0.0    0  9.0 21 350   M    M   0        30 360
 2  62  30  46 -13  19   0 0.00  0.0    0  3.0 12  60   M    M   0        18  40
 3  68  35  52  -7  13   0 0.00  0.0    0  2.8 10 160   M    M   0        16 190
 4  74  42  58   0   7   0 0.00  0.0    0  3.2 14 170   M    M   0        17 200
 5  70  53  62   4   3   0    T  0.0    0  2.5 10 180   M    M   3        12 180
 6  73  49  61   3   4   0 0.12    M    0  7.9 18 310   M    M   4        24 320
 7  60  37  49  -9  16   0 0.00  0.0    0  5.0 14  30   M    M   0        19  10
 8  66  34  50  -7  15   0 0.00  0.0    0  1.6  9 250   M    M   0        13 260
 9  67  37  52  -5  13   0 0.00  0.0    0  1.9 10 330   M    M   0        18 340
10  71  33  52  -5  13   0 0.00  0.0    0  4.1 13 170   M    M   0        15 170
11  77  41  59   3   6   0    T  0.0    0  4.5 17 200   M    M   3        22 190
12  61  38  50  -6  15   0 0.01  0.0    0  9.1 15 310   M    M   9        20 310
13  44  31  38 -18  27   0 0.00  0.0    0 10.4 18 350   M    M   8        26 340
14  45  26  36 -19  29   0 0.00  0.0    0  8.4 16  40   M    M   0        22  10
15  53  25  39 -16  26   0 0.00  0.0    0  2.8  9 200   M    M   3        13 210
16  59  50  55   0  10   0 3.27  0.0    0  5.8 16  80   M    M  10        23  80
17  58  28  43 -11  22   0 0.58    M    0 10.9 25 290   M    M   6        40 290
18  40  24  32 -22  33   0 0.00  0.0    0  5.6 16 360   M    M   0        21 350
19  54  21  38 -16  27   0 0.00  0.0    0  4.6 16 210   M    M   0        21 200
20  63  38  51  -3  14   0 0.00  0.0    0  2.1 10 210   M    M   7        13 260
21  69  41  55   2  10   0 0.00  0.0    0  2.3  9  70   M    M   4        12 110
22  70  40  55   2  10   0 0.00  0.0    0  6.8 17 140   M    M   3        25 150
23  68  58  63  11   2   0 0.25  0.0    0  9.7 21 190   M    M   7 3      27 160
24  66  43  55   3  10   0 0.00  0.0    0  7.9 24 200   M    M   1        34 200
25  61  38  50  -2  15   0 0.00  0.0    0  5.2 17 320   M    M   1        21 320
================================================================================
SM 1555  926       379   0  4.23     0.0 137.1          M       69
================================================================================
AV 62.2 37.0                               5.5 FASTST   M    M   3    MAX(MPH)
                                 MISC ---->  # 25 290               # 40  290
================================================================================
NOTES:
# LAST OF SEVERAL OCCURRENCES

COLUMN 17 PEAK WIND IN M.P.H.

PRELIMINARY LOCAL CLIMATOLOGICAL DATA (WS FORM: F-6) , PAGE 2

                                          STATION:  TUSCALOOSA
                                          MONTH:    NOVEMBER
                                          YEAR:     2014
                                          LATITUDE:   33 13 N
                                          LONGITUDE:  87 37 W

[TEMPERATURE DATA]      [PRECIPITATION DATA]       SYMBOLS USED IN COLUMN 16

AVERAGE MONTHLY: 49.6   TOTAL FOR MONTH:   4.23    1 = FOG OR MIST
DPTR FM NORMAL:  -6.0   DPTR FM NORMAL:    0.19    2 = FOG REDUCING VISIBILITY
HIGHEST:    77 ON 11    GRTST 24HR  3.85 ON 16-17      TO 1/4 MILE OR LESS
LOWEST:     21 ON 19                               3 = THUNDER
                        SNOW, ICE PELLETS, HAIL    4 = ICE PELLETS
                        TOTAL MONTH:   0.0 INCH    5 = HAIL
                        GRTST 24HR     0.0         6 = FREEZING RAIN OR DRIZZLE
                        GRTST DEPTH:   0           7 = DUSTSTORM OR SANDSTORM:
                                                       VSBY 1/2 MILE OR LESS
                                                   8 = SMOKE OR HAZE
[NO. OF DAYS WITH]      [WEATHER - DAYS WITH]      9 = BLOWING SNOW
                                                   X = TORNADO
MAX 32 OR BELOW:   0    0.01 INCH OR MORE:   5
MAX 90 OR ABOVE:   0    0.10 INCH OR MORE:   4
MIN 32 OR BELOW:   7    0.50 INCH OR MORE:   2
MIN  0 OR BELOW:   0    1.00 INCH OR MORE:   1

[HDD (BASE 65) ]
TOTAL THIS MO.   379    CLEAR  (SCALE 0-3)  17
DPTR FM NORMAL   132    PTCLDY (SCALE 4-7)   6
TOTAL FM JUL 1   455    CLOUDY (SCALE 8-10)  2
DPTR FM NORMAL    91

[CDD (BASE 65) ]
TOTAL THIS MO.     0
DPTR FM NORMAL   -14    [PRESSURE DATA]
TOTAL FM JAN 1  2239    HIGHEST SLP M ON M
DPTR FM NORMAL    74    LOWEST  SLP 29.53 ON 23

[REMARKS]
