000
CXUS55 KOHX 011210
CF6BNA
PRELIMINARY LOCAL CLIMATOLOGICAL DATA (WS FORM: F-6)
STATION: NASHVILLE
MONTH: DECEMBER
YEAR: 2023
LATITUDE: 36 7 N
LONGITUDE: 86 41 W
TEMPERATURE IN F: :PCPN: SNOW: WIND :SUNSHINE: SKY :PK WND
================================================================================
1 2 3 4 5 6A 6B 7 8 9 10 11 12 13 14 15 16 17 18
12Z AVG MX 2MIN
DY MAX MIN AVG DEP HDD CDD WTR SNW DPTH SPD SPD DIR MIN PSBL S-S WX SPD DR
================================================================================
1 61 45 53 7 12 0 0.58 0.0 0 8.5 17 170 M M 9 1 25 180
2 60 53 57 12 8 0 0.26 0.0 0 4.6 9 350 M M 10 1 13 340
3 60 39 50 5 15 0 0.00 0.0 0 4.8 13 270 M M 8 1 19 240
4 58 40 49 4 16 0 0.01 0.0 0 7.5 20 280 M M 6 31 270
5 60 33 47 2 18 0 0.00 0.0 0 8.7 23 320 M M 6 1 32 310
6 49 32 41 -3 24 0 T 0.0 0 6.6 16 10 M M 6 28 310
7 61 31 46 2 19 0 0.00 0.0 0 8.7 17 190 M M 2 25 170
8 65 40 53 9 12 0 T 0.0 0 11.6 18 190 M M 6 26 190
9 68 51 60 16 5 0 0.89 0.0 0 11.5 26 190 M M 9 138 33 190
10 51 31 41 -3 24 0 T 0.0 0 9.6 16 340 M M 7 34 280
11 48 27 38 -6 27 0 0.00 0.0 0 2.2 7 180 M M 0 13 330
12 60 28 44 1 21 0 0.00 0.0 0 3.4 10 210 M M 3 15 200
13 60 32 46 3 19 0 0.00 0.0 0 4.3 12 360 M M 6 15 30
14 62 32 47 4 18 0 0.00 0.0 0 4.3 12 70 M M 0 16 90
15 62 31 47 4 18 0 0.00 0.0 0 3.1 8 80 M M 2 12 150
16 63 38 51 8 14 0 0.13 0.0 0 7.4 21 170 M M 8 1 31 160
17 52 43 48 6 17 0 0.04 0.0 0 8.8 16 320 M M 9 1 27 240
18 48 30 39 -3 26 0 0.00 0.0 0 11.2 26 310 M M 5 37 320
19 42 26 34 -8 31 0 0.00 0.0 0 3.9 10 80 M M 2 14 80
20 53 25 39 -3 26 0 0.00 0.0 0 4.1 10 190 M M 5 14 160
21 56 31 44 2 21 0 0.00 0.0 0 3.2 8 170 M M 7 11 130
22 62 30 46 4 19 0 0.00 0.0 0 4.6 10 200 M M 6 17 180
23 54 48 51 9 14 0 0.32 0.0 0 4.6 12 190 M M 9 1 16 170
24 68 48 58 17 7 0 0.01 0.0 0 6.9 18 150 M M 8 26 150
25 63 52 58 17 7 0 0.77 0.0 0 8.5 20 140 M M 8 1 28 140
26 54 38 46 5 19 0 0.00 0.0 0 4.3 13 320 M M 7 1 34 280
27 53 32 43 2 22 0 T 0.0 0 4.6 16 310 M M 7 12 24 270
28 44 31 38 -3 27 0 0.00 0.0 0 5.1 13 250 M M 6 18 290
29 41 37 39 -2 26 0 T 0.0 0 5.6 13 240 M M 10 19 230
30 41 31 36 -4 29 0 T 0.0 0 6.9 13 200 M M 8 18 230
31 59 32 46 6 19 0 0.00 0.0 0 8.6 15 300 M M 4 26 350
================================================================================
SM 1738 1117 580 0 3.01 0.0 197.7 M 189
================================================================================
AV 56.1 36.0 6.4 FASTST M M 6 MAX(MPH)
MISC ----> # 26 190 37 320
================================================================================
NOTES:
# LAST OF SEVERAL OCCURRENCES
COLUMN 17 PEAK WIND IN M.P.H.
PRELIMINARY LOCAL CLIMATOLOGICAL DATA (WS FORM: F-6) , PAGE 2
STATION: NASHVILLE
MONTH: DECEMBER
YEAR: 2023
LATITUDE: 36 7 N
LONGITUDE: 86 41 W
[TEMPERATURE DATA] [PRECIPITATION DATA] SYMBOLS USED IN COLUMN 16
AVERAGE MONTHLY: 46.0 TOTAL FOR MONTH: 3.01 1 = FOG OR MIST
DPTR FM NORMAL: 3.3 DPTR FM NORMAL: -1.42 2 = FOG REDUCING VISIBILITY
HIGHEST: 68 ON 24, 9 GRTST 24HR 0.89 ON 9- 9 TO 1/4 MILE OR LESS
LOWEST: 25 ON 20 3 = THUNDER
SNOW, ICE PELLETS, HAIL 4 = ICE PELLETS
TOTAL MONTH: 0.0 INCH 5 = HAIL
GRTST 24HR 0.0 6 = FREEZING RAIN OR DRIZZLE
GRTST DEPTH: 0 7 = DUSTSTORM OR SANDSTORM:
VSBY 1/2 MILE OR LESS
8 = SMOKE OR HAZE
[NO. OF DAYS WITH] [WEATHER - DAYS WITH] 9 = BLOWING SNOW
X = TORNADO
MAX 32 OR BELOW: 0 0.01 INCH OR MORE: 9
MAX 90 OR ABOVE: 0 0.10 INCH OR MORE: 6
MIN 32 OR BELOW: 17 0.50 INCH OR MORE: 3
MIN 0 OR BELOW: 0 1.00 INCH OR MORE: 0
[HDD (BASE 65) ]
TOTAL THIS MO. 580 CLEAR (SCALE 0-3) 6
DPTR FM NORMAL -111 PTCLDY (SCALE 4-7) 17
TOTAL FM JUL 1 1064 CLOUDY (SCALE 8-10) 8
DPTR FM NORMAL -253
[CDD (BASE 65) ]
TOTAL THIS MO. 0
DPTR FM NORMAL -1 [PRESSURE DATA]
TOTAL FM JAN 1 1943 HIGHEST SLP 30.72 ON 14
DPTR FM NORMAL 70 LOWEST SLP 29.81 ON 4
[REMARKS]
#FINAL-12-23#