000
CXUS54 KLZK 011130
CF6BPK
PRELIMINARY LOCAL CLIMATOLOGICAL DATA (WS FORM: F-6)
STATION: MOUNTAIN HOME AIRPORT
MONTH: MARCH
YEAR: 2022
LATITUDE: 36 22 N
LONGITUDE: 92 28 W
TEMPERATURE IN F: :PCPN: SNOW: WIND :SUNSHINE: SKY :PK WND
================================================================================
1 2 3 4 5 6A 6B 7 8 9 10 11 12 13 14 15 16 17 18
12Z AVG MX 2MIN
DY MAX MIN AVG DEP HDD CDD WTR SNW DPTH SPD SPD DIR MIN PSBL S-S WX SPD DR
================================================================================
1 76 41 59 14 6 0 0.00 M M 3.9 9 280 M M 0 15 340
2 81 43 62 17 3 0 0.00 M M 3.6 13 240 M M 0 8 19 250
3 80 49 65 19 0 0 0.00 M M 4.3 14 140 M M 0 18 130
4 73 40 57 11 8 0 0.00 M M 7.8 16 210 M M 0 23 190
5 67 54 61 15 4 0 T M M 10.7 22 210 M M 6 29 220
6 72 43 58 12 7 0 0.69 M M 6.0 18 320 M M 7 1 34 300
7 43 31 37 -10 28 0 0.08 M M 7.1 15 350 M M 10 1 26 340
8 43 29 36 -11 29 0 0.00 M M 2.3 13 130 M M 8 16 130
9 55 29 42 -5 23 0 0.00 M M 3.3 9 120 M M 1 15 340
10 58 31 45 -3 20 0 0.00 M M 5.6 16 140 M M 1 21 140
11 42 26 34 -14 31 0 0.10 M M 5.9 12 10 M M 8 12 22 20
12 39 16 28 -20 37 0 0.00 M M 5.8 12 360 M M 0 21 10
13 66 31 49 0 16 0 0.00 M M 8.7 17 220 M M 0 24 210
14 56 42 49 0 16 0 0.00 M M 8.4 20 220 M M 7 26 200
15 67 46 57 8 8 0 0.02 M M 2.5 10 180 M M 8 12 180
16 74 38 56 6 9 0 0.00 M M 3.2 12 200 M M 1 12 15 210
17 75 50 63 13 2 0 0.12 M M 8.0 14 200 M M 1 8 23 170
18 58 42 50 0 15 0 0.44 M M 7.9 16 300 M M 9 1 28 320
19 65 40 53 2 12 0 0.00 M M 5.1 13 310 M M 2 23 300
20 75 37 56 5 9 0 0.00 M M 4.5 10 130 M M 0 14 110
21 69 51 60 8 5 0 0.76 M M 9.4 21 150 M M 4 13 31 200
22 63 45 54 2 11 0 0.45 M M 9.0 28 150 M M 10 13 39 150
23 45 40 43 -9 22 0 T M M 6.9 13 300 M M 10 25 330
24 47 38 43 -9 22 0 0.00 M M 3.9 10 270 M M 10 17 270
25 62 39 51 -2 14 0 0.00 M M 5.4 14 330 M M 4 23 320
26 64 35 50 -3 15 0 0.00 M M 3.3 10 340 M M 0 20 280
27 60 37 49 -5 16 0 0.00 M M 4.9 12 80 M M 0 16 90
28 63 37 50 -4 15 0 0.00 M M 10.3 18 130 M M 0 26 140
29 74 44 59 5 6 0 0.00 M M 12.0 24 210 M M 1 34 210
30 69 39 54 0 11 0 2.29 M M 8.3 21 220 M M 9 13 31 320
31 44 31 38 -17 27 0 T M M 5.8 13 320 M M 8 20 290
================================================================================
SM 1925 1194 447 0 4.95 M 193.8 M 125
================================================================================
AV 62.1 38.5 6.3 FASTST M M 4 MAX(MPH)
MISC ----> 28 150 39 150
================================================================================
NOTES:
# LAST OF SEVERAL OCCURRENCES
COLUMN 17 PEAK WIND IN M.P.H.
PRELIMINARY LOCAL CLIMATOLOGICAL DATA (WS FORM: F-6) , PAGE 2
STATION: MOUNTAIN HOME AIRPORT
MONTH: MARCH
YEAR: 2022
LATITUDE: 36 22 N
LONGITUDE: 92 28 W
[TEMPERATURE DATA] [PRECIPITATION DATA] SYMBOLS USED IN COLUMN 16
AVERAGE MONTHLY: 50.3 TOTAL FOR MONTH: 4.95 1 = FOG OR MIST
DPTR FM NORMAL: 0.5 DPTR FM NORMAL: 1.32 2 = FOG REDUCING VISIBILITY
HIGHEST: 81 ON 2 GRTST 24HR 2.29 ON 30-30 TO 1/4 MILE OR LESS
LOWEST: 16 ON 12 3 = THUNDER
SNOW, ICE PELLETS, HAIL 4 = ICE PELLETS
TOTAL MONTH: M 5 = HAIL
GRTST 24HR M ON M 6 = FREEZING RAIN OR DRIZZLE
GRTST DEPTH: M ON M 7 = DUSTSTORM OR SANDSTORM:
VSBY 1/2 MILE OR LESS
8 = SMOKE OR HAZE
[NO. OF DAYS WITH] [WEATHER - DAYS WITH] 9 = BLOWING SNOW
X = TORNADO
MAX 32 OR BELOW: 0 0.01 INCH OR MORE: 9
MAX 90 OR ABOVE: 0 0.10 INCH OR MORE: 7
MIN 32 OR BELOW: 8 0.50 INCH OR MORE: 3
MIN 0 OR BELOW: 0 1.00 INCH OR MORE: 1
[HDD (BASE 65) ]
TOTAL THIS MO. 447 CLEAR (SCALE 0-3) 16
DPTR FM NORMAL -32 PTCLDY (SCALE 4-7) 7
TOTAL FM JUL 1 3163 CLOUDY (SCALE 8-10) 8
DPTR FM NORMAL -371
[CDD (BASE 65) ]
TOTAL THIS MO. 0
DPTR FM NORMAL -8 [PRESSURE DATA]
TOTAL FM JAN 1 0 HIGHEST SLP 30.46 ON 12
DPTR FM NORMAL -10 LOWEST SLP 29.23 ON 30
[REMARKS]
#FINAL-03-22#