000
CXUS53 KGRR 010910
CF6BTL
PRELIMINARY LOCAL CLIMATOLOGICAL DATA (WS FORM: F-6)
STATION: BATTLE CREEK
MONTH: OCTOBER
YEAR: 2021
LATITUDE: 42 17 N
LONGITUDE: 85 14 W
TEMPERATURE IN F: :PCPN: SNOW: WIND :SUNSHINE: SKY :PK WND
================================================================================
1 2 3 4 5 6A 6B 7 8 9 10 11 12 13 14 15 16 17 18
12Z AVG MX 2MIN
DY MAX MIN AVG DEP HDD CDD WTR SNW DPTH SPD SPD DIR MIN PSBL S-S WX SPD DR
================================================================================
1 78 52 65 7 0 0 0.00 M M 6.6 15 180 M M 0 21 200
2 75 56 66 9 0 1 0.01 M M 7.1 16 180 M M 6 20 190
3 73 66 70 13 0 5 0.66 M M 4.9 15 200 M M 10 1 20 210
4 72 62 67 11 0 2 0.09 M M 7.3 15 40 M M 9 1 20 30
5 73 61 67 11 0 2 0.01 M M 7.3 15 50 M M 8 1 18 60
6 68 59 64 8 1 0 0.00 M M 6.4 12 80 M M 9 18 16 80
7 73 65 69 14 0 4 0.04 M M 5.8 10 70 M M 9 18 14 130
8 75 59 67 12 0 2 1.36 M M 3.8 18 230 M M 9 13 23 240
9 74 57 66 12 0 1 T M M 3.8 9 150 M M 5 12 13 140
10 79 66 73 19 0 8 0.01 M M 9.8 18 190 M M 4 25 180
11 80 65 73 19 0 8 M M M 10.3 22 210 M M 1 13 31 240
12 71 59 65 12 0 0 M M M 10.6 25 230 M M 10 13 46 250
13 72 56 64 11 1 0 T M M 6.1 13 190 M M 5 12 19 170
14 75 58 67 15 0 2 0.10 M M 8.5 20 220 M M 7 1 26 210
15 63 53 58 6 7 0 0.48 M M 4.5 13 310 M M 8 1 17 310
16 54 44 49 -3 16 0 0.06 M M 8.4 21 290 M M 8 31 290
17 63 42 53 2 12 0 0.00 M M 10.0 23 280 M M 1 33 280
18 68 42 55 4 10 0 0.00 M M 4.3 13 290 M M 0 18 280
19 73 46 60 10 5 0 0.00 M M 6.8 15 250 M M 0 20 270
20 72 47 60 10 5 0 T M M 5.8 15 160 M M 2 21 210
21 61 43 52 2 13 0 0.21 M M 11.7 22 240 M M 9 13 30 230
22 54 36 45 -4 20 0 0.02 M M 3.0 13 350 M M 7 19 20
23 55 37 46 -3 19 0 0.00 M M 5.8 20 230 M M 7 24 230
24 47 32 40 -8 25 0 1.15 M M 5.6 18 50 M M 7 12 31 50
25 49 44 47 -1 18 0 1.28 M M 13.6 24 80 M M 10 1 34 70
26 53 35 44 -4 21 0 0.00 M M 6.5 15 10 M M 1 20 360
27 51 30 41 -6 24 0 0.00 M M 4.0 16 130 M M 7 1 27 100
28 64 50 57 10 8 0 0.31 M M 8.8 18 110 M M 8 1 29 80
29 57 51 54 8 11 0 0.56 M M 10.0 15 30 M M 10 12 25 30
30 54 49 52 6 13 0 0.03 M M 8.2 17 40 M M 10 1 23 40
31 56 40 48 2 17 0 0.01 M M 8.9 23 290 M M 8 1 33 300
================================================================================
SM 2032 1562 246 35 6.39 M 224.2 M 195
================================================================================
AV 65.5 50.4 7.2 FASTST M M 6 MAX(MPH)
MISC ----> 25 230 46 250
================================================================================
NOTES:
# LAST OF SEVERAL OCCURRENCES
COLUMN 17 PEAK WIND IN M.P.H.
PRELIMINARY LOCAL CLIMATOLOGICAL DATA (WS FORM: F-6) , PAGE 2
STATION: BATTLE CREEK
MONTH: OCTOBER
YEAR: 2021
LATITUDE: 42 17 N
LONGITUDE: 85 14 W
[TEMPERATURE DATA] [PRECIPITATION DATA] SYMBOLS USED IN COLUMN 16
AVERAGE MONTHLY: 58.0 TOTAL FOR MONTH: 6.39 1 = FOG OR MIST
DPTR FM NORMAL: 6.4 DPTR FM NORMAL: 2.84 2 = FOG REDUCING VISIBILITY
HIGHEST: 80 ON 11 GRTST 24HR 2.40 ON 24-25 TO 1/4 MILE OR LESS
LOWEST: 30 ON 27 3 = THUNDER
SNOW, ICE PELLETS, HAIL 4 = ICE PELLETS
TOTAL MONTH: M 5 = HAIL
GRTST 24HR M ON M 6 = FREEZING RAIN OR DRIZZLE
GRTST DEPTH: M ON M 7 = DUSTSTORM OR SANDSTORM:
VSBY 1/2 MILE OR LESS
8 = SMOKE OR HAZE
[NO. OF DAYS WITH] [WEATHER - DAYS WITH] 9 = BLOWING SNOW
X = TORNADO
MAX 32 OR BELOW: 0 0.01 INCH OR MORE: 18
MAX 90 OR ABOVE: 0 0.10 INCH OR MORE: 9
MIN 32 OR BELOW: 2 0.50 INCH OR MORE: 5
MIN 0 OR BELOW: 0 1.00 INCH OR MORE: 3
[HDD (BASE 65) ]
TOTAL THIS MO. 246 CLEAR (SCALE 0-3) 7
DPTR FM NORMAL -178 PTCLDY (SCALE 4-7) 11
TOTAL FM JUL 1 291 CLOUDY (SCALE 8-10) 13
DPTR FM NORMAL -269
[CDD (BASE 65) ]
TOTAL THIS MO. 35
DPTR FM NORMAL 26 [PRESSURE DATA]
TOTAL FM JAN 1 1002 HIGHEST SLP 30.32 ON 6
DPTR FM NORMAL 287 LOWEST SLP 29.52 ON 29
[REMARKS]
#FINAL-10-21#