000
CXUS53 KGRR 011709
CLMBTL
CLIMATE REPORT
NATIONAL WEATHER SERVICE GRAND RAPIDS, MICHIGAN
109 PM EDT MON MAY 01 2023
...................................
...THE BATTLE CREEK CLIMATE SUMMARY FOR THE MONTH OF APRIL 2023...
CLIMATE NORMAL PERIOD: 1991 TO 2020
CLIMATE RECORD PERIOD: 1895 TO 2023
WEATHER OBSERVED NORMAL DEPART LAST YEAR`S
VALUE DATE(S) VALUE FROM VALUE DATE(S)
NORMAL
................................................................
TEMPERATURE (F)
RECORD
HIGH 90 04/29/1899
LOW 5 04/07/1982
HIGHEST 84 04/14 MM MM 82 04/23
LOWEST 29 04/19 MM MM 24 04/02
AVG. MAXIMUM 61.2 58.6 2.6 54.8
AVG. MINIMUM 39.2 37.3 1.9 36.7
MEAN 50.2 48.0 2.2 45.8
DAYS MAX >= 90 0 0.0 0.0 0
DAYS MAX <= 32 0 0.2 -0.2 0
DAYS MIN <= 32 7 8.6 -1.6 11
DAYS MIN <= 0 0 0.0 0.0 0
PRECIPITATION (INCHES)
RECORD
MAXIMUM 7.92 1947
MINIMUM 0.22 2005
TOTALS 3.11 2.88 0.23 5.01
DAILY AVG. 0.10 0.10 0.00 0.17
DAYS >= .01 14 11.9 2.1 17
DAYS >= .10 10 6.5 3.5 12
DAYS >= .50 1 1.7 -0.7 3
DAYS >= 1.00 0 0.3 -0.3 1
GREATEST
24 HR. TOTAL MM
DEGREE DAYS
HEATING TOTAL 449 515 -66 577
SINCE 7/1 5425 6155 -730 MM
COOLING TOTAL 13 4 9 7
SINCE 1/1 13 5 8 MM
................................................................
WIND (MPH)
AVERAGE WIND SPEED 9.4
RESULTANT WIND SPEED/DIRECTION 5/230
HIGHEST WIND SPEED/DIRECTION 33/210 DATE 04/05
HIGHEST GUST SPEED/DIRECTION 48/230 DATE 04/05
SKY COVER
POSSIBLE SUNSHINE (PERCENT) MM
AVERAGE SKY COVER 0.42
NUMBER OF DAYS FAIR 12
NUMBER OF DAYS PC 12
NUMBER OF DAYS CLOUDY 6
AVERAGE RH (PERCENT) 60
WEATHER CONDITIONS. NUMBER OF DAYS WITH
THUNDERSTORM 3 MIXED PRECIP 0
HEAVY RAIN 4 RAIN 6
LIGHT RAIN 13 FREEZING RAIN 0
LT FREEZING RAIN 0 HAIL 0
HEAVY SNOW 0 SNOW 1
LIGHT SNOW 6 SLEET 0
FOG 14 FOG W/VIS <= 1/4 MILE 0
HAZE 3
- INDICATES NEGATIVE NUMBERS.
R INDICATES RECORD WAS SET OR TIED.
MM INDICATES DATA IS MISSING.
T INDICATES TRACE AMOUNT.
$$