000
CXUS55 KGJT 010910
CF6CNY
PRELIMINARY LOCAL CLIMATOLOGICAL DATA (WS FORM: F-6)
STATION: CANYONLANDS AIRPORT UT
MONTH: SEPTEMBER
YEAR: 2022
LATITUDE: 38 46 N
LONGITUDE: 109 45 W
TEMPERATURE IN F: :PCPN: SNOW: WIND :SUNSHINE: SKY :PK WND
================================================================================
1 2 3 4 5 6A 6B 7 8 9 10 11 12 13 14 15 16 17 18
12Z AVG MX 2MIN
DY MAX MIN AVG DEP HDD CDD WTR SNW DPTH SPD SPD DIR MIN PSBL S-S WX SPD DR
================================================================================
1 99 63 81 7 0 16 0.00 M M 4.4 15 270 M M 0 21 270
2 101 63 82 9 0 17 0.00 M M 4.2 13 170 M M 0 21 100
3 100 63 82 9 0 17 0.00 M M 5.7 14 140 M M 0 20 250
4 97 69 83 10 0 18 0.00 M M 6.0 15 160 M M 0 24 300
5 102 61 82 10 0 17 0.00 M M 4.1 15 60 M M 0 23 320
6 103 64 84 12 0 19 0.00 M M 8.1 26 60 M M 0 34 80
7 101 62 82 10 0 17 0.00 M M 3.6 12 280 M M 0 17 180
8 100 62 81 10 0 16 0.00 M M 5.0 18 270 M M 0 22 270
9 95 62 79 8 0 14 0.00 M M 8.1 18 300 M M 0 25 280
10 87 58 73 2 0 8 0.00 M M 5.8 18 70 M M 0 23 80
11 89 57 73 3 0 8 0.00 M M 4.3 12 120 M M 0 16 120
12 91 55 73 3 0 8 0.00 M M 3.4 14 260 M M 0 8 18 270
13 75 61 68 -2 0 3 0.42 M M 8.8 36 200 M M 7 13 44 200
14 72 58 65 -4 0 0 0.31 M M 7.1 25 320 M M 9 13 32 330
15 77 53 65 -4 0 0 0.31 M M 3.8 33 270 M M 4 13 40 260
16 79 53 66 -2 0 1 0.03 M M 6.8 31 350 M M 3 3 40 350
17 81 55 68 0 0 3 0.00 M M 3.9 13 90 M M 2 15 100
18 87 56 72 4 0 7 0.00 M M 5.8 25 210 M M 0 35 180
19 89 52 71 4 0 6 0.00 M M 6.0 22 250 M M 0 30 260
20 83 59 71 4 0 6 0.05 M M 8.9 18 70 M M 4 26 160
21 68 57 63 -3 2 0 0.02 M M 6.5 17 90 M M 5 20 90
22 81 54 68 2 0 3 0.00 M M 5.8 20 260 M M 4 25 230
23 79 51 65 0 0 0 0.00 M M 5.7 14 290 M M 0 8 21 240
24 81 44 63 -2 2 0 0.00 M M 2.2 12 350 M M 0 18 290
25 83 44 64 0 1 0 0.00 M M 3.6 12 330 M M 0 16 330
26 85 48 67 3 0 2 0.00 M M 3.4 10 300 M M 0 16 310
27 87 49 68 4 0 3 0.00 M M 4.9 25 140 M M 0 34 140
28 84 59 72 9 0 7 0.00 M M 5.4 18 170 M M 0 8 23 210
29 86 56 71 8 0 6 T M M 7.1 33 290 M M 2 8 43 290
30 74 56 65 3 0 0 0.01 M M 9.2 36 310 M M 3 38 46 320
================================================================================
SM 2616 1704 5 222 1.15 M 167.6 M 43
================================================================================
AV 87.2 56.8 5.6 FASTST M M 1 MAX(MPH)
MISC ----> # 36 200 46 320
================================================================================
NOTES:
# LAST OF SEVERAL OCCURRENCES
COLUMN 17 PEAK WIND IN M.P.H.
PRELIMINARY LOCAL CLIMATOLOGICAL DATA (WS FORM: F-6) , PAGE 2
STATION: CANYONLANDS AIRPORT UT
MONTH: SEPTEMBER
YEAR: 2022
LATITUDE: 38 46 N
LONGITUDE: 109 45 W
[TEMPERATURE DATA] [PRECIPITATION DATA] SYMBOLS USED IN COLUMN 16
AVERAGE MONTHLY: 72.0 TOTAL FOR MONTH: 1.15 1 = FOG OR MIST
DPTR FM NORMAL: 3.7 DPTR FM NORMAL: 0.26 2 = FOG REDUCING VISIBILITY
HIGHEST: 103 ON 6 GRTST 24HR 0.52 ON 14-15 TO 1/4 MILE OR LESS
LOWEST: 44 ON 25,24 3 = THUNDER
SNOW, ICE PELLETS, HAIL 4 = ICE PELLETS
TOTAL MONTH: M 5 = HAIL
GRTST 24HR M ON M 6 = FREEZING RAIN OR DRIZZLE
GRTST DEPTH: M ON M 7 = DUSTSTORM OR SANDSTORM:
VSBY 1/2 MILE OR LESS
8 = SMOKE OR HAZE
[NO. OF DAYS WITH] [WEATHER - DAYS WITH] 9 = BLOWING SNOW
X = TORNADO
MAX 32 OR BELOW: 0 0.01 INCH OR MORE: 7
MAX 90 OR ABOVE: 10 0.10 INCH OR MORE: 3
MIN 32 OR BELOW: 0 0.50 INCH OR MORE: 0
MIN 0 OR BELOW: 0 1.00 INCH OR MORE: 0
[HDD (BASE 65) ]
TOTAL THIS MO. 5 CLEAR (SCALE 0-3) 24
DPTR FM NORMAL -40 PTCLDY (SCALE 4-7) 5
TOTAL FM JUL 1 5 CLOUDY (SCALE 8-10) 1
DPTR FM NORMAL -39
[CDD (BASE 65) ]
TOTAL THIS MO. 222
DPTR FM NORMAL 77 [PRESSURE DATA]
TOTAL FM JAN 1 1614 HIGHEST SLP M ON M
DPTR FM NORMAL 207 LOWEST SLP 29.51 ON 9
[REMARKS]
#FINAL-09-22#