000
CXUS54 KFWD 010730
CF6CPT
PRELIMINARY LOCAL CLIMATOLOGICAL DATA (WS FORM: F-6)
STATION: CLEBURNE
MONTH: SEPTEMBER
YEAR: 2021
LATITUDE: 32 20 N
LONGITUDE: 97 24 W
TEMPERATURE IN F: :PCPN: SNOW: WIND :SUNSHINE: SKY :PK WND
================================================================================
1 2 3 4 5 6A 6B 7 8 9 10 11 12 13 14 15 16 17 18
12Z AVG MX 2MIN
DY MAX MIN AVG DEP HDD CDD WTR SNW DPTH SPD SPD DIR MIN PSBL S-S WX SPD DR
================================================================================
1 99 77 88 6 0 23 0.00 M M 8.5 15 130 M M 0 20 160
2 97 75 86 5 0 21 0.00 M M 9.1 14 150 M M 0 1 22 180
3 97 75 86 5 0 21 0.00 M M 9.2 13 170 M M 0 20 140
4 97 75 86 5 0 21 0.00 M M 7.6 12 210 M M 0 17 210
5 91 75 83 2 0 18 0.00 M M 7.7 14 320 M M 1 22 320
6 95 75 85 5 0 20 0.00 M M 7.6 13 90 M M 2 18 100
7 95 70 83 3 0 18 0.00 M M 6.0 10 130 M M 0 16 180
8 93 70 82 2 0 17 0.00 M M 5.5 12 20 M M 1 17 40
9 93 63 78 -1 0 13 0.00 M M 9.1 14 120 M M 0 21 60
10 93 66 80 1 0 15 0.00 M M 7.1 12 130 M M 0 18 170
11 91 64 78 -1 0 13 0.00 M M 7.2 12 200 M M 0 20 130
12 91 64 78 0 0 13 0.00 M M 8.1 15 130 M M 0 17 180
13 88 70 79 1 0 14 0.00 M M 8.5 14 140 M M 3 21 170
14 84 66 75 -3 0 10 0.00 M M 7.8 15 80 M M 5 8 23 80
15 88 68 78 1 0 13 0.00 M M 7.8 15 50 M M 4 22 50
16 91 68 80 3 0 15 0.00 M M 5.9 13 60 M M 1 18 90
17 91 68 80 4 0 15 0.00 M M 4.4 10 70 M M 1 15 99
18 95 68 82 6 0 17 0.00 M M 5.9 13 50 M M 1 18 330
19 93 72 83 7 0 18 0.00 M M 5.3 10 130 M M 1 15 0
20 100 73 87 12 0 22 0.00 M M 10.8 15 160 M M 0 24 200
21 88 70 79 4 0 14 0.01 M M 13.6 23 350 M M 3 3 31 360
22 81 54 68 -7 0 3 0.00 M M 7.6 14 10 M M 0 23 10
23 84 52 68 -6 0 3 0.00 M M 3.0 9 120 M M 0 12 0
24 86 57 72 -2 0 7 0.00 M M 6.8 10 190 M M 0 13 140
25 88 59 74 0 0 9 0.00 M M 5.3 9 140 M M 0 16 120
26 88 61 75 2 0 10 0.00 M M 7.1 14 170 M M 0 22 190
27 88 63 76 3 0 11 0.00 M M 7.8 13 150 M M 0 13 170
28 91 68 80 8 0 15 0.01 M M 7.8 17 160 M M 1 20 160
29 88 66 77 5 0 12 0.00 M M 8.4 14 160 M M 0 21 170
30 91 68 80 8 0 15 0.01 M M 10.3 23 40 M M 5 13 35 310
================================================================================
SM 2735 2020 0 436 0.03 M 226.8 M 29
================================================================================
AV 91.2 67.3 7.6 FASTST M M 1 MAX(MPH)
MISC ----> # 23 350 35 310
================================================================================
NOTES:
# LAST OF SEVERAL OCCURRENCES
COLUMN 17 PEAK WIND IN M.P.H.
PRELIMINARY LOCAL CLIMATOLOGICAL DATA (WS FORM: F-6) , PAGE 2
STATION: CLEBURNE
MONTH: SEPTEMBER
YEAR: 2021
LATITUDE: 32 20 N
LONGITUDE: 97 24 W
[TEMPERATURE DATA] [PRECIPITATION DATA] SYMBOLS USED IN COLUMN 16
AVERAGE MONTHLY: 79.3 TOTAL FOR MONTH: 0.03 1 = FOG OR MIST
DPTR FM NORMAL: 2.3 DPTR FM NORMAL: -3.12 2 = FOG REDUCING VISIBILITY
HIGHEST: 100 ON 20 GRTST 24HR 0.01 ON 21-21 TO 1/4 MILE OR LESS
LOWEST: 52 ON 23 3 = THUNDER
SNOW, ICE PELLETS, HAIL 4 = ICE PELLETS
TOTAL MONTH: M 5 = HAIL
GRTST 24HR M ON M 6 = FREEZING RAIN OR DRIZZLE
GRTST DEPTH: M ON M 7 = DUSTSTORM OR SANDSTORM:
VSBY 1/2 MILE OR LESS
8 = SMOKE OR HAZE
[NO. OF DAYS WITH] [WEATHER - DAYS WITH] 9 = BLOWING SNOW
X = TORNADO
MAX 32 OR BELOW: 0 0.01 INCH OR MORE: 3
MAX 90 OR ABOVE: 19 0.10 INCH OR MORE: 0
MIN 32 OR BELOW: 0 0.50 INCH OR MORE: 0
MIN 0 OR BELOW: 0 1.00 INCH OR MORE: 0
[HDD (BASE 65) ]
TOTAL THIS MO. 0 CLEAR (SCALE 0-3) 27
DPTR FM NORMAL -8 PTCLDY (SCALE 4-7) 3
TOTAL FM JUL 1 0 CLOUDY (SCALE 8-10) 0
DPTR FM NORMAL -7
[CDD (BASE 65) ]
TOTAL THIS MO. 436
DPTR FM NORMAL 71 [PRESSURE DATA]
TOTAL FM JAN 1 2338 HIGHEST SLP M ON M
DPTR FM NORMAL -9 LOWEST SLP M ON M
[REMARKS]
#FINAL-09-21#