000
CXUS53 KUNR 011030
CF6CUT
PRELIMINARY LOCAL CLIMATOLOGICAL DATA (WS FORM: F-6)
STATION: CUSTER COUNTY AIRPORT SD
MONTH: JANUARY
YEAR: 2024
LATITUDE: 43 43 N
LONGITUDE: 103 37 W
TEMPERATURE IN F: :PCPN: SNOW: WIND :SUNSHINE: SKY :PK WND
================================================================================
1 2 3 4 5 6A 6B 7 8 9 10 11 12 13 14 15 16 17 18
12Z AVG MX 2MIN
DY MAX MIN AVG DEP HDD CDD WTR SNW DPTH SPD SPD DIR MIN PSBL S-S WX SPD DR
================================================================================
1 50 22 36 11 29 0 0.00 M M 3.7 9 90 M M 0 14 170
2 42 16 29 4 36 0 0.00 M M 5.0 13 270 M M 0 20 280
3 37 14 26 1 39 0 0.00 M M 2.7 9 250 M M 0 16 230
4 41 16 29 4 36 0 0.00 M M 2.2 9 270 M M 0 10 110
5 34 22 28 3 37 0 0.01 M M 5.0 15 310 M M 9 29 300
6 32 16 24 -2 41 0 0.00 M M 6.3 15 320 M M 0 26 330
7 32 15 24 -2 41 0 0.00 M M 4.1 12 60 M M 5 15 290
8 27 10 19 -7 46 0 0.01 M M 3.9 14 350 M M 5 18 22 350
9 33 7 20 -6 45 0 T M M 6.9 18 270 M M 3 30 250
10 31 15 23 -3 42 0 0.04 M M 6.3 21 290 M M 6 1 32 310
11 15 -12 2 -24 63 0 0.16 M M 3.1 8 200 M M 8 18 12 200
12 2 -16 -7 -33 72 0 0.05 M M 2.7 8 230 M M 8 18 16 210
13 -10 -26 -18 -44 83 0 T M M 4.6 18 310 M M 3 8 35 310
14 4 -30 -13 -39 78 0 0.02 M M 3.2 12 260 M M 3 8 16 240
15 0 -20 -10 -35 75 0 0.01 M M 5.5 14 360 M M 3 8 22 360
16 21 -8 7 -18 58 0 0.00 M M 8.5 23 270 M M 3 40 280
17 29 10 20 -5 45 0 0.00 M M 3.4 10 270 M M 6 1 15 240
18 27 -12 8 -17 57 0 0.01 M M 5.8 17 340 M M 4 1 30 10
19 20 -8 6 -19 59 0 0.00 M M 4.2 9 180 M M 0 8 14 160
20 44 3 24 -1 41 0 0.00 M M 6.5 17 250 M M 1 32 270
21 51 27 39 14 26 0 0.00 M M 7.4 22 240 M M 2 37 230
22 48 25 37 12 28 0 0.00 M M 3.5 9 180 M M 0 16 170
23 47 25 36 11 29 0 0.00 M M 3.7 16 270 M M 2 23 270
24 47 24 36 11 29 0 T M M 2.3 9 30 M M 4 15 10
25 47 24 36 11 29 0 0.00 M M 3.5 12 70 M M 1 16 80
26 42 23 33 8 32 0 0.00 M M 3.8 10 90 M M 5 13 260
27 44 17 31 7 34 0 0.00 M M 3.5 12 280 M M 0 19 270
28 54 33 44 20 21 0 0.00 M M 5.4 17 290 M M 0 28 290
29 53 35 44 20 21 0 0.00 M M 6.1 17 280 M M 0 29 330
30 61 31 46 22 19 0 0.00 M M 5.0 13 270 M M 0 18 270
31 58 29 44 20 21 0 0.00 M M 6.2 20 260 M M 0 31 260
================================================================================
SM 1063 327 1312 0 0.31 M 144.0 M 81
================================================================================
AV 34.3 10.5 4.6 FASTST M M 3 MAX(MPH)
MISC ----> 23 270 40 280
================================================================================
NOTES:
# LAST OF SEVERAL OCCURRENCES
COLUMN 17 PEAK WIND IN M.P.H.
PRELIMINARY LOCAL CLIMATOLOGICAL DATA (WS FORM: F-6) , PAGE 2
STATION: CUSTER COUNTY AIRPORT SD
MONTH: JANUARY
YEAR: 2024
LATITUDE: 43 43 N
LONGITUDE: 103 37 W
[TEMPERATURE DATA] [PRECIPITATION DATA] SYMBOLS USED IN COLUMN 16
AVERAGE MONTHLY: 22.4 TOTAL FOR MONTH: 0.31 1 = FOG OR MIST
DPTR FM NORMAL: -2.7 DPTR FM NORMAL: -0.10 2 = FOG REDUCING VISIBILITY
HIGHEST: 61 ON 30 GRTST 24HR 0.16 ON 11-11 TO 1/4 MILE OR LESS
LOWEST: -30 ON 14 3 = THUNDER
SNOW, ICE PELLETS, HAIL 4 = ICE PELLETS
TOTAL MONTH: M 5 = HAIL
GRTST 24HR M ON M 6 = FREEZING RAIN OR DRIZZLE
GRTST DEPTH: M ON M 7 = DUSTSTORM OR SANDSTORM:
VSBY 1/2 MILE OR LESS
8 = SMOKE OR HAZE
[NO. OF DAYS WITH] [WEATHER - DAYS WITH] 9 = BLOWING SNOW
X = TORNADO
MAX 32 OR BELOW: 13 0.01 INCH OR MORE: 8
MAX 90 OR ABOVE: 0 0.10 INCH OR MORE: 1
MIN 32 OR BELOW: 29 0.50 INCH OR MORE: 0
MIN 0 OR BELOW: 8 1.00 INCH OR MORE: 0
[HDD (BASE 65) ]
TOTAL THIS MO. 1312 CLEAR (SCALE 0-3) 19
DPTR FM NORMAL 75 PTCLDY (SCALE 4-7) 10
TOTAL FM JUL 1 4148 CLOUDY (SCALE 8-10) 2
DPTR FM NORMAL -406
[CDD (BASE 65) ]
TOTAL THIS MO. 0
DPTR FM NORMAL 0 [PRESSURE DATA]
TOTAL FM JAN 1 0 HIGHEST SLP 30.57 ON 19
DPTR FM NORMAL 0 LOWEST SLP 29.33 ON 10
[REMARKS]
#FINAL-01-24#