000
CXUS55 KLKN 022002
CLSELY
CLIMATE REPORT
NATIONAL WEATHER SERVICE ELKO NV
1134 AM PST MON MAR 2 2020
...................................
...THE ELY AIRPORT NV CLIMATE SUMMARY FOR THE SEASON, FROM
12/1/2019 TO 2/29/2020...
CLIMATE NORMAL PERIOD 1981 TO 2010
CLIMATE RECORD PERIOD 1893 TO 2020
WEATHER OBSERVED NORMAL DEPART LAST YEAR`S
VALUE DATE(S) VALUE FROM VALUE
NORMAL
.............................................................
TEMPERATURE (F)
RECORD
HIGH 68 01/25/1951
LOW -30 02/06/1989
HIGHEST 63 02/01 61 2 56
LOWEST -15 02/04 -16 1 -15
AVG. MAXIMUM 43.2 40.4 2.8 38.0
AVG. MINIMUM 15.6 12.5 3.1 13.0
MEAN 29.4 26.5 2.9 25.5
DAYS MAX >= 90 0 0.0 0.0 0
DAYS MAX <= 32 9 17.5 -8.5 28
DAYS MIN <= 32 89 87.5 1.5 88
DAYS MIN <= 0 5 13.6 -8.6 15
PRECIPITATION (INCHES)
RECORD
MAXIMUM 7.65 1895
MINIMUM 0.48 1977
TOTALS 1.16 2.04 -0.88 3.04
DAILY AVG. 0.01 0.02 -0.01 0.03
DAYS >= .01 21 20.4 0.6 31
DAYS >= .10 5 7.1 -2.1 11
DAYS >= .50 0 0.4 -0.4 0
DAYS >= 1.00 0 0.0 0.0 0
SNOWFALL (INCHES)
RECORDS
TOTAL 66.0 1895
TOTALS 11.5 25.4 -13.9 39.1
DAYS >= 1.0 4 7.8 -3.8 11
GREATEST
SNOW DEPTH 8 12/01 9
DEGREE_DAYS
HEATING TOTAL 3217 3469 -252 3526
COOLING TOTAL 0 0 0 0
..............................................................
WIND (MPH)
AVERAGE WIND SPEED 8.3
HIGHEST WIND SPEED/DIRECTION 36/180 DATE 01/16
HIGHEST GUST SPEED/DIRECTION 50/160 DATE 01/16
AVERAGE RH (PERCENT) 62
WEATHER CONDITIONS. NUMBER OF DAYS WITH
THUNDERSTORM 0 MIXED PRECIP 0
HEAVY RAIN 0 RAIN 1
LIGHT RAIN 8 FREEZING RAIN 0
LT FREEZING RAIN 0 HAIL 0
HEAVY SNOW 1 SNOW 3
LIGHT SNOW 21 SLEET 0
FOG 23 FOG W/VIS <= 1/4 MILE 1
HAZE 3
- INDICATES NEGATIVE NUMBERS.
R INDICATES RECORD WAS SET OR TIED.
MM INDICATES DATA IS MISSING.
T INDICATES TRACE AMOUNT.
&&
=====================================================================
...WARMER THAN NORMAL METEORLOGICAL WINTER IN ELY...
...DRIER THAN NORMAL METEORLOGICAL WINTER IN ELY...
...BELOW AVERAGE SNOW FOR METEORLOGICAL WINTER IN ELY...
$$
MG