000
CXUS54 KTSA 011204
CF6TUL
PRELIMINARY LOCAL CLIMATOLOGICAL DATA (WS FORM: F-6)
STATION: TULSA OKLAHOMA
MONTH: FEBRUARY
YEAR: 2022
LATITUDE: 36 12 N
LONGITUDE: 95 54 W
TEMPERATURE IN F: :PCPN: SNOW: WIND :SUNSHINE: SKY :PK WND
================================================================================
1 2 3 4 5 6A 6B 7 8 9 10 11 12 13 14 15 16 17 18
12Z AVG MX 2MIN
DY MAX MIN AVG DEP HDD CDD WTR SNW DPTH SPD SPD DIR MIN PSBL S-S WX SPD DR
================================================================================
1 61 39 50 10 15 0 0.03 0.0 0 12.0 23 10 M M 9 1 36 10
2 39 19 29 -11 36 0 0.44 4.2 0 17.2 28 20 M M 10 16 42 20
3 20 16 18 -22 47 0 0.10 2.0 5 17.2 25 10 M M 10 1 36 20
4 34 7 21 -19 44 0 0.05 1.3 7 7.3 16 340 M M 3 21 350
5 47 18 33 -7 32 0 0.00 0.0 2 10.2 20 170 M M 0 26 170
6 49 29 39 -2 26 0 0.00 0.0 0 5.9 14 170 M M 2 19 160
7 55 25 40 -1 25 0 0.00 0.0 0 5.3 14 240 M M 1 19 230
8 67 36 52 11 13 0 0.00 0.0 0 8.7 21 240 M M 1 30 240
9 67 29 48 7 17 0 0.00 0.0 0 6.7 20 290 M M 2 26 280
10 61 31 46 4 19 0 0.00 0.0 0 4.7 16 290 M M 3 23 260
11 63 42 53 11 12 0 0.00 0.0 0 11.8 25 350 M M 5 33 350
12 42 24 33 -9 32 0 0.00 0.0 0 12.8 29 350 M M 4 41 360
13 53 29 41 -1 24 0 0.00 0.0 0 8.9 18 320 M M 2 25 330
14 65 33 49 7 16 0 0.00 0.0 0 5.1 13 160 M M 0 8 17 170
15 67 37 52 9 13 0 0.00 0.0 0 17.5 33 170 M M 5 43 180
16 72 59 66 23 0 1 0.00 0.0 0 20.1 33 190 M M 8 46 170
17 63 20 42 -1 23 0 1.46 T 0 16.6 31 350 M M 8 13 44 350
18 49 15 32 -12 33 0 0.00 0.0 0 5.0 15 190 M M 0 20 200
19 56 28 42 -2 23 0 0.00 0.0 0 7.7 17 40 M M 0 22 180
20 70 44 57 13 8 0 0.00 0.0 0 18.4 36 190 M M 3 48 190
21 72 51 62 18 3 0 0.02 0.0 0 17.3 31 190 M M 8 43 190
22 65 20 43 -2 22 0 0.08 0.0 0 16.8 26 320 M M 8 16 35 320
23 20 13 17 -28 48 0 0.37 1.2 0 14.0 23 360 M M 9 1469 32 10
24 24 17 21 -24 44 0 0.01 T 1 8.8 16 320 M M 10 16 21 320
25 31 13 22 -24 43 0 0.00 0.0 1 8.0 14 20 M M 6 20 360
26 44 19 32 -14 33 0 0.00 0.0 1 3.8 9 10 M M 6 14 360
27 57 19 38 -8 27 0 0.00 0.0 0 3.7 12 270 M M 0 20 280
28 70 31 51 4 14 0 0.00 0.0 0 6.9 15 190 M M 4 22 200
================================================================================
SM 1483 763 692 1 2.56 8.7 298.4 M 127
================================================================================
AV 53.0 27.3 10.7 FASTST M M 5 MAX(MPH)
MISC ----> 36 190 48 190
================================================================================
NOTES:
# LAST OF SEVERAL OCCURRENCES
COLUMN 17 PEAK WIND IN M.P.H.
PRELIMINARY LOCAL CLIMATOLOGICAL DATA (WS FORM: F-6) , PAGE 2
STATION: TULSA OKLAHOMA
MONTH: FEBRUARY
YEAR: 2022
LATITUDE: 36 12 N
LONGITUDE: 95 54 W
[TEMPERATURE DATA] [PRECIPITATION DATA] SYMBOLS USED IN COLUMN 16
AVERAGE MONTHLY: 40.1 TOTAL FOR MONTH: 2.56 1 = FOG OR MIST
DPTR FM NORMAL: -2.7 DPTR FM NORMAL: 0.94 2 = FOG REDUCING VISIBILITY
HIGHEST: 72 ON 21,16 GRTST 24HR 1.46 ON 17-17 TO 1/4 MILE OR LESS
LOWEST: 7 ON 4 3 = THUNDER
SNOW, ICE PELLETS, HAIL 4 = ICE PELLETS
TOTAL MONTH: 8.7 INCHES 5 = HAIL
GRTST 24HR 4.2 ON 2- 2 6 = FREEZING RAIN OR DRIZZLE
GRTST DEPTH: 7 ON 4 7 = DUSTSTORM OR SANDSTORM:
VSBY 1/2 MILE OR LESS
8 = SMOKE OR HAZE
[NO. OF DAYS WITH] [WEATHER - DAYS WITH] 9 = BLOWING SNOW
X = TORNADO
MAX 32 OR BELOW: 4 0.01 INCH OR MORE: 9
MAX 90 OR ABOVE: 0 0.10 INCH OR MORE: 4
MIN 32 OR BELOW: 20 0.50 INCH OR MORE: 1
MIN 0 OR BELOW: 0 1.00 INCH OR MORE: 1
[HDD (BASE 65) ]
TOTAL THIS MO. 692 CLEAR (SCALE 0-3) 13
DPTR FM NORMAL 70 PTCLDY (SCALE 4-7) 10
TOTAL FM JUL 1 2416 CLOUDY (SCALE 8-10) 5
DPTR FM NORMAL -396
[CDD (BASE 65) ]
TOTAL THIS MO. 1
DPTR FM NORMAL -1 [PRESSURE DATA]
TOTAL FM JAN 1 1 HIGHEST SLP 30.67 ON 25
DPTR FM NORMAL 1 LOWEST SLP 29.59 ON 21
[REMARKS]
#FINAL-02-22#