524
CXUS53 KGRB 280812
CF6AIG
PRELIMINARY LOCAL CLIMATOLOGICAL DATA (WS FORM: F-6)

                                          STATION:   ANTIGO AWOS
                                          MONTH:     FEBRUARY
                                          YEAR:      2017
                                          LATITUDE:   45  9 N
                                          LONGITUDE:  89  8 W

  TEMPERATURE IN F:       :PCPN:    SNOW:  WIND      :SUNSHINE: SKY     :PK WND
================================================================================
1   2   3   4   5  6A  6B    7    8   9   10  11  12  13   14  15   16   17  18
                                     12Z  AVG MX 2MIN
DY MAX MIN AVG DEP HDD CDD  WTR  SNW DPTH SPD SPD DIR MIN PSBL S-S WX    SPD DR
================================================================================

 1  22   5  14   2  51   0 0.00  0.0    0  9.8 13 280   M    M   6        16 330
 2  10  -3   4  -8  61   0 0.00  0.0    0 12.4 20 260   M    M   0        24 290
 3  12  -5   4  -8  61   0 0.00  0.0    0 11.0 17 250   M    M   0        21 250
 4  23  -5   9  -3  56   0 0.00  0.0    0  8.2 13 200   M    M   6        22 190
 5  24  11  18   5  47   0 0.00  0.0    0  9.0 21 340   M    M   6        23 330
 6  29   9  19   6  46   0 0.00  0.0    0  6.0 14  90   M    M   6        17  90
 7  29  17  23  10  42   0 0.00  0.0    0  9.9 17 340   M    M  10 1      23 320
 8  19   4  12  -1  53   0 0.00  0.0    0  9.9 15 260   M    M  10        20 310
 9  12  -7   3 -11  62   0 0.00  0.0    0  9.5 16 290   M    M   1        21 290
10  31   7  19   5  46   0 0.00  0.0    0 11.7 17 220   M    M   4        23 170
11  34  25  30  16  35   0 0.00  0.0    0  3.1  8 140   M    M   7         M  M
12  34  28  31  17  34   0 0.05    M    0 16.4 29 310   M    M   5 8      43 300
13  40   9  25  10  40   0 0.00  0.0    0  8.4 15 250   M    M   0        24 210
14  37  21  29  14  36   0 0.00  0.0    0 15.0 27 290   M    M   3        37 290
15  23  18  21   6  44   0 0.00  0.0    0  9.6 15 340   M    M   7        23 320
16  26  15  21   5  44   0 0.00  0.0    0  6.8 10 150   M    M   5         M  M
17  47  20  34  18  31   0 0.00  0.0    0  6.0 10 130   M    M   0 1       M  M
18  53  35  44  28  21   0 0.00  0.0    0  9.7 14 260   M    M   0        17 280
19  49  24  37  21  28   0 0.00  0.0    0  2.9 12 120   M    M   0         M  M
20  46  34  40  23  25   0 0.26    M    0 15.5 27 160   M    M   5 2      35 160
21  51  37  44  27  21   0 0.00  0.0    0  9.3 16 260   M    M   5 1      24 260
22  54  32  43  25  22   0 0.00  0.0    0  3.8 12  40   M    M   4         M  M
23  40  30  35  17  30   0 0.00  0.0    0  9.5 16 360   M    M   8        20 340
24  32  17  25   7  40   0 0.16    M    0 17.1 24  30   M    M  10 1      28  30
25  21  12  17  -1  48   0 0.00  0.0    0 13.9 20 300   M    M   6 8      27 300
26  32  12  22   3  43   0 0.00  0.0    0 12.5 18 270   M    M   9        27 270
27  38   9  24   5  41   0 0.00  0.0    0  8.0 14 230   M    M   5        18 230
================================================================================
SM  868  411      1108   0  0.47     0.0 264.9          M      128
================================================================================
AV 32.2 15.2                               9.8 FASTST   M    M   5    MAX(MPH)
                                 MISC ---->    29   M                 43    M
================================================================================
NOTES:
# LAST OF SEVERAL OCCURRENCES

COLUMN 17 PEAK WIND IN M.P.H.

PRELIMINARY LOCAL CLIMATOLOGICAL DATA (WS FORM: F-6) , PAGE 2

                                          STATION:  ANTIGO AWOS
                                          MONTH:    FEBRUARY
                                          YEAR:     2017
                                          LATITUDE:   45  9 N
                                          LONGITUDE:  89  8 W

[TEMPERATURE DATA]      [PRECIPITATION DATA]       SYMBOLS USED IN COLUMN 16

AVERAGE MONTHLY: 23.7   TOTAL FOR MONTH:   0.47    1 = FOG OR MIST
DPTR FM NORMAL:   8.5   DPTR FM NORMAL:   -0.19    2 = FOG REDUCING VISIBILITY
HIGHEST:    54 ON 22    GRTST 24HR  0.26 ON 20-20      TO 1/4 MILE OR LESS
LOWEST:     -7 ON  9                               3 = THUNDER
                        SNOW, ICE PELLETS, HAIL    4 = ICE PELLETS
                        TOTAL MONTH:   0.0 INCH    5 = HAIL
                        GRTST 24HR     0.0         6 = FREEZING RAIN OR DRIZZLE
                        GRTST DEPTH:   0           7 = DUSTSTORM OR SANDSTORM:
                                                       VSBY 1/2 MILE OR LESS
                                                   8 = SMOKE OR HAZE
[NO. OF DAYS WITH]      [WEATHER - DAYS WITH]      9 = BLOWING SNOW
                                                   X = TORNADO
MAX 32 OR BELOW:  15    0.01 INCH OR MORE:   3
MAX 90 OR ABOVE:   0    0.10 INCH OR MORE:   2
MIN 32 OR BELOW:  24    0.50 INCH OR MORE:   0
MIN  0 OR BELOW:   4    1.00 INCH OR MORE:   0

[HDD (BASE 65) ]
TOTAL THIS MO.  1108    CLEAR  (SCALE 0-3)   8
DPTR FM NORMAL  -237    PTCLDY (SCALE 4-7)  14
TOTAL FM JUL 1  5589    CLOUDY (SCALE 8-10)  5
DPTR FM NORMAL -1037

[CDD (BASE 65) ]
TOTAL THIS MO.     0
DPTR FM NORMAL     0    [PRESSURE DATA]
TOTAL FM JAN 1     0    HIGHEST SLP M ON M
DPTR FM NORMAL     0    LOWEST  SLP M ON M

[REMARKS]
