000
CXUS53 KGRB 280736
CF6AIG
PRELIMINARY LOCAL CLIMATOLOGICAL DATA (WS FORM: F-6)

                                          STATION:   ANTIGO AWOS
                                          MONTH:     NOVEMBER
                                          YEAR:      2014
                                          LATITUDE:   45  9 N
                                          LONGITUDE:  89  8 W

  TEMPERATURE IN F:       :PCPN:    SNOW:  WIND      :SUNSHINE: SKY     :PK WND
================================================================================
1   2   3   4   5  6A  6B    7    8   9   10  11  12  13   14  15   16   17  18
                                     12Z  AVG MX 2MIN
DY MAX MIN AVG DEP HDD CDD  WTR  SNW DPTH SPD SPD DIR MIN PSBL S-S WX    SPD DR
================================================================================

 1  39  17  28 -10  37   0 0.00  0.0    0  2.8  8 190   M    M   0         M  M
 2  49  24  37  -1  28   0 0.00  0.0    0  9.5 15 180   M    M   1        21 190
 3  49  29  39   2  26   0 0.00  0.0    0  6.0  9 180   M    M   5        20 200
 4  48  37  43   6  22   0 0.00  0.0    0 12.4 22 300   M    M  10 1      31 300
 5  40  32  36   0  29   0 0.15    M    0  8.2 15 290   M    M   9        22 290
 6  33  31  32  -4  33   0 0.01    M    0 11.1 16 330   M    M  10 1      22 350
 7  36  26  31  -4  34   0 0.02    M    0  7.9 15 190   M    M   9 1      18 150
 8  34  27  31  -4  34   0 0.00  0.0    0 11.7 18 310   M    M   8 1      32 320
 9  33  19  26  -8  39   0 0.00  0.0    0  7.6 14 240   M    M   6        24 290
10  31  20  26  -8  39   0 0.03    M    0 11.2 18  80   M    M  10 12     29  80
11  31  20  26  -7  39   0 0.15    M    0 11.9 20 340   M    M  10        25 340
12  22  16  19 -14  46   0 0.00  0.0    0 10.2 15 290   M    M   9         M  M
13  24  11  18 -14  47   0 0.00  0.0    0  9.9 14 290   M    M   7        21 290
14  22   7  15 -17  50   0 0.00  0.0    0  7.7 12 290   M    M   6        16 290
15  20  -9   6 -25  59   0 0.00  0.0    0  4.3 10 280   M    M   6 1       M  M
16  20   9  15 -15  50   0 0.00  0.0    0  9.7 15 260   M    M   8 1      23 260
17  11   1   6 -24  59   0 0.00  0.0    0 12.3 18 300   M    M   6 1      25 290
18  11   4   8 -21  57   0 0.00  0.0    0 13.0 21 290   M    M   7 8      27 290
19  17   8  13 -16  52   0 0.00  0.0    0 10.2 18 300   M    M   9        24 300
20  13   2   8 -20  57   0 0.00  0.0    0 12.3 18 290   M    M   6        23 280
21  24 -11   7 -21  58   0 0.00  0.0    0  8.2 17 200   M    M   3        22 200
22  34  24  29   2  36   0 0.00  0.0    0 10.0 17 230   M    M  10 12     22 220
23  42  33  38  12  27   0 0.00  0.0    0  7.0 15 150   M    M  10 2       M  M
24  39  21  30   4  35   0 0.18    M    0 11.3 25 340   M    M  10        32 340
25  21  -7   7 -18  58   0 0.01    M    0  7.2 14 290   M    M   7 12     16 300
26  22  -7   8 -17  57   0 0.00  0.0    0  2.5 10 330   M    M  10 1       M  M
27  20 -13   4 -20  61   0 0.00  0.0    0  6.0 12 340   M    M   3         M  M
================================================================================
SM  785  371      1169   0  0.55     0.0 242.1          M      195
================================================================================
AV 29.1 13.7                               9.0 FASTST   M    M   7    MAX(MPH)
                                 MISC ---->    25   M                 32    M
================================================================================
NOTES:
# LAST OF SEVERAL OCCURRENCES

COLUMN 17 PEAK WIND IN M.P.H.

PRELIMINARY LOCAL CLIMATOLOGICAL DATA (WS FORM: F-6) , PAGE 2

                                          STATION:  ANTIGO AWOS
                                          MONTH:    NOVEMBER
                                          YEAR:     2014
                                          LATITUDE:   45  9 N
                                          LONGITUDE:  89  8 W

[TEMPERATURE DATA]      [PRECIPITATION DATA]       SYMBOLS USED IN COLUMN 16

AVERAGE MONTHLY: 21.4   TOTAL FOR MONTH:   0.55    1 = FOG OR MIST
DPTR FM NORMAL: -10.0   DPTR FM NORMAL:   -1.22    2 = FOG REDUCING VISIBILITY
HIGHEST:    49 ON  3, 2 GRTST 24HR  0.18 ON 24-24      TO 1/4 MILE OR LESS
LOWEST:    -13 ON 27                               3 = THUNDER
                        SNOW, ICE PELLETS, HAIL    4 = ICE PELLETS
                        TOTAL MONTH:   0.0 INCH    5 = HAIL
                        GRTST 24HR     0.0         6 = FREEZING RAIN OR DRIZZLE
                        GRTST DEPTH:   0           7 = DUSTSTORM OR SANDSTORM:
                                                       VSBY 1/2 MILE OR LESS
                                                   8 = SMOKE OR HAZE
[NO. OF DAYS WITH]      [WEATHER - DAYS WITH]      9 = BLOWING SNOW
                                                   X = TORNADO
MAX 32 OR BELOW:  15    0.01 INCH OR MORE:   7
MAX 90 OR ABOVE:   0    0.10 INCH OR MORE:   3
MIN 32 OR BELOW:  25    0.50 INCH OR MORE:   0
MIN  0 OR BELOW:   5    1.00 INCH OR MORE:   0

[HDD (BASE 65) ]
TOTAL THIS MO.  1169    CLEAR  (SCALE 0-3)   4
DPTR FM NORMAL   260    PTCLDY (SCALE 4-7)  10
TOTAL FM JUL 1  2293    CLOUDY (SCALE 8-10) 13
DPTR FM NORMAL   319

[CDD (BASE 65) ]
TOTAL THIS MO.     0
DPTR FM NORMAL     0    [PRESSURE DATA]
TOTAL FM JAN 1   128    HIGHEST SLP M ON M
DPTR FM NORMAL  -132    LOWEST  SLP M ON M

[REMARKS]
