000
CXUS53 KDMX 230920
CF6ALO
PRELIMINARY LOCAL CLIMATOLOGICAL DATA (WS FORM: F-6)

                                          STATION:   WATERLOO IA
                                          MONTH:     APRIL
                                          YEAR:      2017
                                          LATITUDE:   42 32 N
                                          LONGITUDE:  92 24 W

  TEMPERATURE IN F:       :PCPN:    SNOW:  WIND      :SUNSHINE: SKY     :PK WND
================================================================================
1   2   3   4   5  6A  6B    7    8   9   10  11  12  13   14  15   16   17  18
                                     12Z  AVG MX 2MIN
DY MAX MIN AVG DEP HDD CDD  WTR  SNW DPTH SPD SPD DIR MIN PSBL S-S WX    SPD DR
================================================================================

 1  58  28  43   0  22   0 0.00  0.0    0  2.4  8 310   M    M   1 1      13  20
 2  50  43  47   4  18   0 0.03  0.0    0  8.4 17 130   M    M  10 18     22 130
 3  50  46  48   4  17   0 0.96  0.0    0  8.0 14 360   M    M  10 1      18 360
 4  55  42  49   5  16   0 0.10  0.0    0  8.3 20 360   M    M   7 1      24  10
 5  53  42  48   4  17   0 0.00  0.0    0 10.2 24 360   M    M   7        29 360
 6  54  31  43  -2  22   0 0.00  0.0    0 16.1 29 340   M    M   1        38 340
 7  59  23  41  -4  24   0 0.00  0.0    0  6.4 15 180   M    M   0        21 190
 8  76  42  59  13   6   0 0.00  0.0    0 13.7 25 170   M    M   0        32 170
 9  79  57  68  22   0   3 0.00  0.0    0 14.9 26 170   M    M   4        34 190
10  67  42  55   8  10   0    T  0.0    0  9.8 23 270   M    M   7 18     29 230
11  57  37  47   0  18   0 0.00  0.0    0  9.5 21 310   M    M   6 1      27 320
12  68  33  51   4  14   0 0.15  0.0    0  9.0 22  20   M    M   4 3      29  20
13  65  43  54   6  11   0 0.05  0.0    0 13.4 20  70   M    M   5 13     25 100
14  64  48  56   8   9   0 0.44  0.0    0 11.3 18 120   M    M   8 138    23 120
15  77  59  68  19   0   3 0.18  0.0    0 13.0 26 220   M    M   5 138    33 210
16  68  45  57   8   8   0 0.00  0.0    0 12.4 29 320   M    M   0 1      39 320
17  73  44  59   9   6   0 0.00  0.0    0  4.2 17 320   M    M   3        20 320
18  70  48  59   9   6   0    T  0.0    0 12.8 26 170   M    M   4        34 170
19  67  45  56   6   9   0 0.53  0.0    0 12.2 26 130   M    M   4 13     37 130
20  63  43  53   2  12   0    T  0.0    0 13.5 22 280   M    M  10 13     30 270
21  59  34  47  -4  18   0 0.00  0.0    0 10.4 20  30   M    M   0        24  10
22  67  35  51  -1  14   0 0.00  0.0    0  4.4 12  20   M    M   0        15  10
================================================================================
SM 1399  910       277   6  2.44     0.0 224.3          M       96
================================================================================
AV 63.6 41.4                              10.2 FASTST   M    M   4    MAX(MPH)
                                 MISC ---->  # 29 340               # 39  320
================================================================================
NOTES:
# LAST OF SEVERAL OCCURRENCES

COLUMN 17 PEAK WIND IN M.P.H.

PRELIMINARY LOCAL CLIMATOLOGICAL DATA (WS FORM: F-6) , PAGE 2

                                          STATION:  WATERLOO IA
                                          MONTH:    APRIL
                                          YEAR:     2017
                                          LATITUDE:   42 32 N
                                          LONGITUDE:  92 24 W

[TEMPERATURE DATA]      [PRECIPITATION DATA]       SYMBOLS USED IN COLUMN 16

AVERAGE MONTHLY: 52.5   TOTAL FOR MONTH:   2.44    1 = FOG OR MIST
DPTR FM NORMAL:   5.2   DPTR FM NORMAL:   -0.13    2 = FOG REDUCING VISIBILITY
HIGHEST:    79 ON  9    GRTST 24HR  1.01 ON  3- 4      TO 1/4 MILE OR LESS
LOWEST:     23 ON  7                               3 = THUNDER
                        SNOW, ICE PELLETS, HAIL    4 = ICE PELLETS
                        TOTAL MONTH:   0.0 INCH    5 = HAIL
                        GRTST 24HR     0.0         6 = FREEZING RAIN OR DRIZZLE
                        GRTST DEPTH:   0           7 = DUSTSTORM OR SANDSTORM:
                                                       VSBY 1/2 MILE OR LESS
                                                   8 = SMOKE OR HAZE
[NO. OF DAYS WITH]      [WEATHER - DAYS WITH]      9 = BLOWING SNOW
                                                   X = TORNADO
MAX 32 OR BELOW:   0    0.01 INCH OR MORE:   8
MAX 90 OR ABOVE:   0    0.10 INCH OR MORE:   6
MIN 32 OR BELOW:   3    0.50 INCH OR MORE:   2
MIN  0 OR BELOW:   0    1.00 INCH OR MORE:   0

[HDD (BASE 65) ]
TOTAL THIS MO.   277    CLEAR  (SCALE 0-3)   8
DPTR FM NORMAL  -119    PTCLDY (SCALE 4-7)  11
TOTAL FM JUL 1  5656    CLOUDY (SCALE 8-10)  3
DPTR FM NORMAL -1065

[CDD (BASE 65) ]
TOTAL THIS MO.     6
DPTR FM NORMAL     6    [PRESSURE DATA]
TOTAL FM JAN 1     6    HIGHEST SLP M ON M
DPTR FM NORMAL     6    LOWEST  SLP 29.45 ON  9

[REMARKS]
