000
CXUS53 KPAH 010632
CF6PAH
PRELIMINARY LOCAL CLIMATOLOGICAL DATA (WS FORM: F-6)

                                          STATION:   PADUCAH KY
                                          MONTH:     JUNE
                                          YEAR:      2015
                                          LATITUDE:   37  4 N
                                          LONGITUDE:  88 46 W

  TEMPERATURE IN F:       :PCPN:    SNOW:  WIND      :SUNSHINE: SKY     :PK WND
================================================================================
1   2   3   4   5  6A  6B    7    8   9   10  11  12  13   14  15   16   17  18
                                     12Z  AVG MX 2MIN
DY MAX MIN AVG DEP HDD CDD  WTR  SNW DPTH SPD SPD DIR MIN PSBL S-S WX    SPD DR
================================================================================

 1  68  59  64  -8   1   0    T  0.0    0  6.8 12  20   M    M  10 18     14  30
 2  67  60  64  -8   1   0 0.00  0.0    0  5.1 10  50   M    M  10 18     13  30
 3  79  61  70  -2   0   5 0.00  0.0    0  3.8 10 110   M    M   4 18     18  40
 4  85  56  71  -2   0   6 0.00  0.0    0  1.6  9 260   M    M   1 18     12 350
 5  84  63  74   1   0   9    T  0.0    0  1.6 18 350   M    M   3 138    22 350
 6  90  65  78   5   0  13 0.00  0.0    0  3.5 10  30   M    M   1 18     14  30
 7  92  68  80   6   0  15 0.00  0.0    0  6.9 17 240   M    M   1 18     23 240
 8  87  68  78   4   0  13 0.03  0.0    0  6.2 17 280   M    M   3 38     23 300
 9  92  68  80   6   0  15 0.00  0.0    0  2.6  8 260   M    M   1        12 350
10  93  65  79   5   0  14 0.00  0.0    0  3.2  9 140   M    M   0 18     12 200
11  93  75  84   9   0  19 0.00  0.0    0  7.6 15 240   M    M   1        19 180
12  92  74  83   8   0  18 0.00  0.0    0  8.7 18 230   M    M   1        27 250
13  89  73  81   6   0  16 0.03  0.0    0  7.6 16 170   M    M   3 38     25 170
14  90  74  82   7   0  17    T  0.0    0  6.9 15 160   M    M   3 3      21 170
15  91  75  83   7   0  18 0.00  0.0    0  6.9 16 230   M    M   2        22 230
16  90  75  83   7   0  18 0.20  0.0    0  3.8 16 240   M    M   1 13     22 240
17  91  72  82   6   0  17 0.60  0.0    0  4.1 23 270   M    M   1 13     30 270
18  89  72  81   5   0  16    T  0.0    0  4.7 17 250   M    M   2 13     25 260
19  84  73  79   2   0  14 1.10  0.0    0 11.6 21 240   M    M   8 138    27 150
20  87  73  80   3   0  15 0.05  0.0    0  9.0 15 240   M    M   7 1      20 280
21  92  75  84   7   0  19 0.00  0.0    0  7.9 21 240   M    M   1 1      27 240
22  91  74  83   6   0  18    T  0.0    0  9.2 18 230   M    M   1        25 240
23  91  77  84   6   0  19 0.00  0.0    0  7.8 18 260   M    M   5        24 260
24  89  73  81   3   0  16 0.00  0.0    0  4.3 12  50   M    M   3        20 110
25  93  73  83   5   0  18    T  0.0    0  5.4 21  20   M    M   1 13     26  20
26  87  70  79   1   0  14 0.38  0.0    0  5.3 20 180   M    M   1 13     28 200
27  82  61  72  -6   0   7 0.00  0.0    0  8.7 18  10   M    M   4 1      24  10
28  84  58  71  -7   0   6 0.05  0.0    0  5.0 14 200   M    M   2 13     20 200
29  89  69  79   1   0  14    T  0.0    0  7.7 17 270   M    M   2 1      24 250
30  86  68  77  -1   0  12 0.00  0.0    0  4.9 15 260   M    M   0 18     18 270
================================================================================
SM 2617 2067         2 401  2.44     0.0 178.4          M       83
================================================================================
AV 87.2 68.9                               5.9 FASTST   M    M   3    MAX(MPH)
                                 MISC ---->  # 23 270               # 30  270
================================================================================
NOTES:
# LAST OF SEVERAL OCCURRENCES

COLUMN 17 PEAK WIND IN M.P.H.

PRELIMINARY LOCAL CLIMATOLOGICAL DATA (WS FORM: F-6) , PAGE 2

                                          STATION:  PADUCAH KY
                                          MONTH:    JUNE
                                          YEAR:     2015
                                          LATITUDE:   37  4 N
                                          LONGITUDE:  88 46 W

[TEMPERATURE DATA]      [PRECIPITATION DATA]       SYMBOLS USED IN COLUMN 16

AVERAGE MONTHLY: 78.1   TOTAL FOR MONTH:   2.44    1 = FOG OR MIST
DPTR FM NORMAL:   2.5   DPTR FM NORMAL:   -1.62    2 = FOG REDUCING VISIBILITY
HIGHEST:    93 ON 25,11 GRTST 24HR  1.15 ON 19-20      TO 1/4 MILE OR LESS
LOWEST:     56 ON  4                               3 = THUNDER
                        SNOW, ICE PELLETS, HAIL    4 = ICE PELLETS
                        TOTAL MONTH:   0.0 INCH    5 = HAIL
                        GRTST 24HR     0.0         6 = FREEZING RAIN OR DRIZZLE
                        GRTST DEPTH:   0           7 = DUSTSTORM OR SANDSTORM:
                                                       VSBY 1/2 MILE OR LESS
                                                   8 = SMOKE OR HAZE
[NO. OF DAYS WITH]      [WEATHER - DAYS WITH]      9 = BLOWING SNOW
                                                   X = TORNADO
MAX 32 OR BELOW:   0    0.01 INCH OR MORE:   8
MAX 90 OR ABOVE:  14    0.10 INCH OR MORE:   4
MIN 32 OR BELOW:   0    0.50 INCH OR MORE:   2
MIN  0 OR BELOW:   0    1.00 INCH OR MORE:   1

[HDD (BASE 65) ]
TOTAL THIS MO.     2    CLEAR  (SCALE 0-3)  23
DPTR FM NORMAL    -2    PTCLDY (SCALE 4-7)   5
TOTAL FM JUL 1  4478    CLOUDY (SCALE 8-10)  2
DPTR FM NORMAL   346

[CDD (BASE 65) ]
TOTAL THIS MO.   401
DPTR FM NORMAL    81    [PRESSURE DATA]
TOTAL FM JAN 1   612    HIGHEST SLP M ON M
DPTR FM NORMAL   120    LOWEST  SLP 29.63 ON 20

[REMARKS]
#FINAL-06-15#
