000
CXUS52 KMFL 221000
CF6TMB
PRELIMINARY LOCAL CLIMATOLOGICAL DATA (WS FORM: F-6)

                                          STATION:   KENDALL-TAMIAMI EXEC ARPT
                                          MONTH:     AUGUST
                                          YEAR:      2014
                                          LATITUDE:   25 38 N
                                          LONGITUDE:  80 26 W

  TEMPERATURE IN F:       :PCPN:    SNOW:  WIND      :SUNSHINE: SKY     :PK WND
================================================================================
1   2   3   4   5  6A  6B    7    8   9   10  11  12  13   14  15   16   17  18
                                     12Z  AVG MX 2MIN
DY MAX MIN AVG DEP HDD CDD  WTR  SNW DPTH SPD SPD DIR MIN PSBL S-S WX    SPD DR
================================================================================

 1  94  78  86   3   0  21    T  0.0    0  4.6 23 330   M    M   2 3      27 320
 2  93  77  85   2   0  20 0.07  0.0    0  3.8 18  60   M    M   4 3      22  50
 3  86  75  81  -2   0  16    T  0.0    0  4.0 20 230   M    M   3 3      25 230
 4  89  74  82  -1   0  17 0.42  0.0    0  5.9 22 250   M    M   3 13     30 240
 5  94  76  85   2   0  20 0.12  0.0    0  4.5 23 240   M    M   1 3      32 240
 6  96  76  86   3   0  21 0.00  0.0    0  2.6 18 300   M    M   1 3      22 290
 7  94  77  86   3   0  21 0.38  0.0    0  2.7 25  40   M    M   2 13     29  40
 8  92  77  85   2   0  20 0.08  0.0    0  3.5 15 220   M    M   1 3      17 230
 9  96  78  87   4   0  22 0.00  0.0    0  4.9 15 280   M    M   1        19 290
10  94  77  86   3   0  21 0.00  0.0    0  3.6 22 340   M    M   1 3      29 330
11  95  75  85   2   0  20 0.00  0.0    0  3.5 28 270   M    M   1 3      36 280
12  93  75  84   1   0  19 0.87  0.0    0  3.7 23 330   M    M   3 8      27 340
13  94  75  85   2   0  20 0.01  0.0    0  3.9 24 270   M    M   2 1      30 270
14  95  77  86   3   0  21 0.22  0.0    0  4.1 18 270   M    M   3 18     24 280
15  95  78  87   4   0  22 0.01  0.0    0  5.5 26 290   M    M   2 18     30 290
16  93  77  85   2   0  20 0.19  0.0    0  4.1 18  20   M    M   2 3      23  20
17  94  76  85   2   0  20 0.00  0.0    0  4.8 14 110   M    M   2 8      18 120
18  94  77  86   4   0  21 0.00  0.0    0  4.3 16 100   M    M   1 8      20 100
19  97  78  88   6   0  23 0.09  0.0    0  3.9 17  50   M    M   1 3      21  60
20  96  77  87   5   0  22 1.71  0.0    0  2.7 28 200   M    M   1 13     43 190
21  94  78  86   4   0  21    T  0.0    0  5.0 16 120   M    M   1        19 130
================================================================================
SM 1968 1608         0 428  4.17     0.0  85.6          M       38
================================================================================
AV 93.7 76.6                               4.1 FASTST   M    M   2    MAX(MPH)
                                 MISC ---->  # 28 270               # 43  190
================================================================================
NOTES:
# LAST OF SEVERAL OCCURRENCES

COLUMN 17 PEAK WIND IN M.P.H.

PRELIMINARY LOCAL CLIMATOLOGICAL DATA (WS FORM: F-6) , PAGE 2

                                          STATION:  KENDALL-TAMIAMI EXEC ARPT
                                          MONTH:    AUGUST
                                          YEAR:     2014
                                          LATITUDE:   25 38 N
                                          LONGITUDE:  80 26 W

[TEMPERATURE DATA]      [PRECIPITATION DATA]       SYMBOLS USED IN COLUMN 16

AVERAGE MONTHLY: 85.1   TOTAL FOR MONTH:   4.17    1 = FOG OR MIST
DPTR FM NORMAL:   2.3   DPTR FM NORMAL:   -1.94    2 = FOG REDUCING VISIBILITY
HIGHEST:    97 ON 19    GRTST 24HR  1.71 ON 20-20      TO 1/4 MILE OR LESS
LOWEST:     74 ON  4                               3 = THUNDER
                        SNOW, ICE PELLETS, HAIL    4 = ICE PELLETS
                        TOTAL MONTH:   0.0 INCH    5 = HAIL
                        GRTST 24HR     0.0         6 = FREEZING RAIN OR DRIZZLE
                        GRTST DEPTH:   0           7 = DUSTSTORM OR SANDSTORM:
                                                       VSBY 1/2 MILE OR LESS
                                                   8 = SMOKE OR HAZE
[NO. OF DAYS WITH]      [WEATHER - DAYS WITH]      9 = BLOWING SNOW
                                                   X = TORNADO
MAX 32 OR BELOW:   0    0.01 INCH OR MORE:  12
MAX 90 OR ABOVE:  19    0.10 INCH OR MORE:   7
MIN 32 OR BELOW:   0    0.50 INCH OR MORE:   2
MIN  0 OR BELOW:   0    1.00 INCH OR MORE:   1

[HDD (BASE 65) ]
TOTAL THIS MO.     0    CLEAR  (SCALE 0-3)  19
DPTR FM NORMAL     0    PTCLDY (SCALE 4-7)   2
TOTAL FM JUL 1     0    CLOUDY (SCALE 8-10)  0
DPTR FM NORMAL     0

[CDD (BASE 65) ]
TOTAL THIS MO.   428
DPTR FM NORMAL    53    [PRESSURE DATA]
TOTAL FM JAN 1  3012    HIGHEST SLP M ON M
DPTR FM NORMAL   628    LOWEST  SLP 29.88 ON  3

[REMARKS]
