000
CXUS52 KMFL 291000
CF6TMB
PRELIMINARY LOCAL CLIMATOLOGICAL DATA (WS FORM: F-6)

                                          STATION:   KENDALL-TAMIAMI EXEC ARPT
                                          MONTH:     JUNE
                                          YEAR:      2017
                                          LATITUDE:   25 38 N
                                          LONGITUDE:  80 26 W

  TEMPERATURE IN F:       :PCPN:    SNOW:  WIND      :SUNSHINE: SKY     :PK WND
================================================================================
1   2   3   4   5  6A  6B    7    8   9   10  11  12  13   14  15   16   17  18
                                     12Z  AVG MX 2MIN
DY MAX MIN AVG DEP HDD CDD  WTR  SNW DPTH SPD SPD DIR MIN PSBL S-S WX    SPD DR
================================================================================

 1  93  75  84   4   0  19 0.01  0.0    0  7.0 16 140   M    M   2        22 160
 2  87  75  81   1   0  16 0.80  0.0    0  5.0 17  90   M    M   3 13     22 100
 3  86  74  80   0   0  15 0.39  0.0    0  4.6 15 190   M    M   4 1      20 190
 4  85  75  80   0   0  15 0.06  0.0    0  5.7 14 180   M    M   2        21 170
 5  90  76  83   3   0  18 0.02  0.0    0  5.3 15 290   M    M   3 3      19 160
 6  90  74  82   2   0  17 0.53  0.0    0  7.5 23 330   M    M   6 13     31 200
 7  86  71  79  -1   0  14 2.45  0.0    0  6.4 35 300   M    M   7 13     40 300
 8  92  75  84   4   0  19 0.15  0.0    0  9.4 30 290   M    M   4 3      40 290
 9  89  74  82   1   0  17 1.28  0.0    0  5.6 15 100   M    M   4 13     19 220
10  90  76  83   2   0  18    T  0.0    0  6.9 15  90   M    M   4        19  90
11  91  81  86   5   0  21    T  0.0    0 10.5 20  90   M    M   2        24  80
12  89  77  83   2   0  18 0.15  0.0    0  9.2 17  90   M    M   3 3      23 140
13  90  77  84   3   0  19 0.06  0.0    0  8.3 17 120   M    M   3 3      22 120
14  87  76  82   1   0  17 0.46  0.0    0  5.1 21  90   M    M   2 13     25  90
15  90  72  81   0   0  16 1.17  0.0    0  5.3 20  30   M    M   2 13     24 270
16  89  73  81   0   0  16    T  0.0    0  4.3 14 140   M    M   1 3      17 160
17  90  76  83   2   0  18 0.00  0.0    0  6.5 21 110   M    M   2 3      28 100
18  90  78  84   3   0  19 0.02  0.0    0 11.3 20 150   M    M   3 8      35 150
19  87  77  82   1   0  17 0.13  0.0    0 10.7 20 150   M    M   3        27 130
20  89  82  86   5   0  21    T  0.0    0 12.9 22 120   M    M   6        29 120
21  90  79  85   4   0  20 0.18  0.0    0 10.9 22 120   M    M   5        28 120
22  90  79  85   4   0  20 0.00  0.0    0 10.8 20 100   M    M   2        25 130
23  91  79  85   4   0  20 0.00  0.0    0 10.8 18 110   M    M   3        23 130
24  91  81  86   5   0  21 0.00  0.0    0  9.7 16 100   M    M   3        25 130
25  91  80  86   5   0  21 0.00  0.0    0  9.0 17  90   M    M   1        21 100
26  93  76  85   4   0  20    T  0.0    0  6.2 14 110   M    M   3        21 130
27  93  74  84   3   0  19 2.88  0.0    0  2.9 30 350   M    M   3 13     37 330
28  92  75  84   3   0  19 1.95  0.0    0  2.7 23  80   M    M   1 13     29  70
================================================================================
SM 2511 2137         0 510 12.69     0.0 210.5          M       87
================================================================================
AV 89.7 76.3                               7.5 FASTST   M    M   3    MAX(MPH)
                                 MISC ---->  # 35 300               # 40  300
================================================================================
NOTES:
# LAST OF SEVERAL OCCURRENCES

COLUMN 17 PEAK WIND IN M.P.H.

PRELIMINARY LOCAL CLIMATOLOGICAL DATA (WS FORM: F-6) , PAGE 2

                                          STATION:  KENDALL-TAMIAMI EXEC ARPT
                                          MONTH:    JUNE
                                          YEAR:     2017
                                          LATITUDE:   25 38 N
                                          LONGITUDE:  80 26 W

[TEMPERATURE DATA]      [PRECIPITATION DATA]       SYMBOLS USED IN COLUMN 16

AVERAGE MONTHLY: 83.0   TOTAL FOR MONTH:  12.69    1 = FOG OR MIST
DPTR FM NORMAL:   2.3   DPTR FM NORMAL:    4.13    2 = FOG REDUCING VISIBILITY
HIGHEST:    93 ON 27,26 GRTST 24HR  2.88 ON 27-27      TO 1/4 MILE OR LESS
LOWEST:     71 ON  7                               3 = THUNDER
                        SNOW, ICE PELLETS, HAIL    4 = ICE PELLETS
                        TOTAL MONTH:   0.0 INCH    5 = HAIL
                        GRTST 24HR     0.0         6 = FREEZING RAIN OR DRIZZLE
                        GRTST DEPTH:   0           7 = DUSTSTORM OR SANDSTORM:
                                                       VSBY 1/2 MILE OR LESS
                                                   8 = SMOKE OR HAZE
[NO. OF DAYS WITH]      [WEATHER - DAYS WITH]      9 = BLOWING SNOW
                                                   X = TORNADO
MAX 32 OR BELOW:   0    0.01 INCH OR MORE:  18
MAX 90 OR ABOVE:  18    0.10 INCH OR MORE:  13
MIN 32 OR BELOW:   0    0.50 INCH OR MORE:   7
MIN  0 OR BELOW:   0    1.00 INCH OR MORE:   5

[HDD (BASE 65) ]
TOTAL THIS MO.     0    CLEAR  (SCALE 0-3)  16
DPTR FM NORMAL     0    PTCLDY (SCALE 4-7)  12
TOTAL FM JUL 1    38    CLOUDY (SCALE 8-10)  0
DPTR FM NORMAL  -164

[CDD (BASE 65) ]
TOTAL THIS MO.   510
DPTR FM NORMAL    69    [PRESSURE DATA]
TOTAL FM JAN 1  1893    HIGHEST SLP M ON M
DPTR FM NORMAL   449    LOWEST  SLP 29.79 ON M

[REMARKS]
