000
CXUS54 KMRX 311000
CF6TYS
PRELIMINARY LOCAL CLIMATOLOGICAL DATA (WS FORM: F-6)

                                          STATION:   KNOXVILLE    ASOS
                                          MONTH:     OCTOBER
                                          YEAR:      2014
                                          LATITUDE:   35 49 N
                                          LONGITUDE:  83 59 W

  TEMPERATURE IN F:       :PCPN:    SNOW:  WIND      :SUNSHINE: SKY     :PK WND
================================================================================
1   2   3   4   5  6A  6B    7    8   9   10  11  12  13   14  15   16   17  18
                                     12Z  AVG MX 2MIN
DY MAX MIN AVG DEP HDD CDD  WTR  SNW DPTH SPD SPD DIR MIN PSBL S-S WX    SPD DR
================================================================================

 1  84  55  70   5   0   5 0.00  0.0    0  1.4  6  99   M    M   M 18      M  M
 2  85  55  70   5   0   5 0.00  0.0    0  4.6 15 230   M    M   M 18     19 240
 3  76  59  68   4   0   3 0.35  0.0    0 13.3 24 210   M    M   M 1      32 220
 4  60  42  51 -13  14   0    T  0.0    0  9.8 22 280   M    M   M        29 290
 5  66  37  52 -12  13   0 0.00  0.0    0  8.0 18 230   M    M   M        24 200
 6  68  53  61  -2   4   0 0.63  0.0    0 12.0 28 260   M    M   M 138    35 200
 7  73  56  65   2   0   0 0.48  0.0    0 10.5 25 220   M    M   M 13     33 210
 8  79  61  70   8   0   5 0.05  0.0    0  7.6 17 220   M    M   M        21 220
 9  76  55  66   4   0   1 0.02  0.0    0  2.3 13 320   M    M   M 123    16 330
10  73  59  66   4   0   1 0.45  0.0    0  2.9 10 280   M    M   M 1      13 270
11  76  63  70   9   0   5 0.20  0.0    0  7.3 16 210   M    M   M 1      20 220
12  72  62  67   6   0   2 1.03  0.0    0  3.6 15 280   M    M   M 138    17 270
13  80  63  72  11   0   7 0.05  0.0    0  8.7 26 190   M    M   6 12     38 170
14  76  57  67   7   0   2 1.41  0.0    0 11.7 30 270   M    M   M 18     37 160
15  62  54  58  -2   7   0 0.27  0.0    0 11.3 22 190   M    M   M 1      28 190
16  60  49  55  -5  10   0 0.04  0.0    0  8.6 16 220   M    M   M 1      19 220
17  74  44  59   0   6   0 0.00  0.0    0  8.6 25 210   M    M   M 128    31 220
18  67  50  59   0   6   0    T  0.0    0  7.2 14 260   M    M   M        18 300
19  65  48  57  -2   8   0 0.00  0.0    0  5.3 15  20   M    M   M        19  40
20  67  45  56  -2   9   0    T  0.0    0  5.6 20 230   M    M   M 12     23 230
21  68  48  58   0   7   0 0.00  0.0    0  7.9 18  10   M    M   M        24  10
22  60  42  51  -7  14   0 0.00  0.0    0  9.0 22  20   M    M   2        25  30
23  63  40  52  -6  13   0 0.00  0.0    0  7.9 17  60   M    M   M        23  70
24  68  43  56  -1   9   0 0.00  0.0    0  4.5 12  30   M    M   M        14 340
25  70  39  55  -2  10   0 0.00  0.0    0  2.3  8 250   M    M   2 1      10 240
26  77  51  64   7   1   0 0.00  0.0    0  2.0 10 230   M    M   0 1      12 230
27  80  49  65   9   0   0 0.00  0.0    0  2.6 12 230   M    M   M 18     15 230
28  76  54  65   9   0   0 0.00  0.0    0  8.1 26 240   M    M   M 18     32 240
29  65  45  55  -1  10   0 0.67  0.0    0  5.8 18 360   M    M   M 1      22  10
30  62  38  50  -5  15   0 0.00  0.0    0  0.9  7 250   M    M   1 1      10 250
================================================================================
SM 2128 1516       156  36  5.65     0.0 201.3          M       11
================================================================================
AV 70.9 50.5                               6.7 FASTST   M    M   2    MAX(MPH)
                                 MISC ---->  # 30 270               # 38  170
================================================================================
NOTES:
# LAST OF SEVERAL OCCURRENCES

COLUMN 17 PEAK WIND IN M.P.H.

PRELIMINARY LOCAL CLIMATOLOGICAL DATA (WS FORM: F-6) , PAGE 2

                                          STATION:  KNOXVILLE    ASOS
                                          MONTH:    OCTOBER
                                          YEAR:     2014
                                          LATITUDE:   35 49 N
                                          LONGITUDE:  83 59 W

[TEMPERATURE DATA]      [PRECIPITATION DATA]       SYMBOLS USED IN COLUMN 16

AVERAGE MONTHLY: 60.7   TOTAL FOR MONTH:   5.65    1 = FOG OR MIST
DPTR FM NORMAL:   0.7   DPTR FM NORMAL:    3.23    2 = FOG REDUCING VISIBILITY
HIGHEST:    85 ON  2    GRTST 24HR  1.41 ON 14-14      TO 1/4 MILE OR LESS
LOWEST:     37 ON  5                               3 = THUNDER
                        SNOW, ICE PELLETS, HAIL    4 = ICE PELLETS
                        TOTAL MONTH:   0.0 INCH    5 = HAIL
                        GRTST 24HR     0.0         6 = FREEZING RAIN OR DRIZZLE
                        GRTST DEPTH:   0           7 = DUSTSTORM OR SANDSTORM:
                                                       VSBY 1/2 MILE OR LESS
                                                   8 = SMOKE OR HAZE
[NO. OF DAYS WITH]      [WEATHER - DAYS WITH]      9 = BLOWING SNOW
                                                   X = TORNADO
MAX 32 OR BELOW:   0    0.01 INCH OR MORE:  13
MAX 90 OR ABOVE:   0    0.10 INCH OR MORE:   9
MIN 32 OR BELOW:   0    0.50 INCH OR MORE:   4
MIN  0 OR BELOW:   0    1.00 INCH OR MORE:   2

[HDD (BASE 65) ]
TOTAL THIS MO.   156    CLEAR  (SCALE 0-3)   4
DPTR FM NORMAL   -28    PTCLDY (SCALE 4-7)   1
TOTAL FM JUL 1   157    CLOUDY (SCALE 8-10)  0
DPTR FM NORMAL   -50

[CDD (BASE 65) ]
TOTAL THIS MO.    36
DPTR FM NORMAL    -1    [PRESSURE DATA]
TOTAL FM JAN 1  1486    HIGHEST SLP M ON M
DPTR FM NORMAL   -38    LOWEST  SLP 29.69 ON 14

[REMARKS]
