000
CXUS54 KJAN 031604
CF6HBG
PRELIMINARY LOCAL CLIMATOLOGICAL DATA (WS FORM: F-6)
STATION: HATTIESBURG
MONTH: SEPTEMBER
YEAR: 2022
LATITUDE: 31 16 N
LONGITUDE: 89 15 W
TEMPERATURE IN F: :PCPN: SNOW: WIND :SUNSHINE: SKY :PK WND
================================================================================
1 2 3 4 5 6A 6B 7 8 9 10 11 12 13 14 15 16 17 18
12Z AVG MX 2MIN
DY MAX MIN AVG DEP HDD CDD WTR SNW DPTH SPD SPD DIR MIN PSBL S-S WX SPD DR
================================================================================
1 92 71 82 2 0 17 0.00 0.0 0 2.0 10 50 M M 1 1 13 M
2 92 71 82 2 0 17 0.00 0.0 0 1.2 8 100 M M 1 1 14 100
3 92 72 82 2 0 17 T 0.0 0 1.9 15 190 M M 2 1 22 200
4 86 75 81 1 0 16 0.01 0.0 0 3.4 13 250 M M 6 1 20 240
5 86 74 80 0 0 15 T 0.0 0 2.8 10 290 M M 3 14 270
6 85 72 79 -1 0 14 0.00 0.0 0 1.7 8 280 M M 1 1 13 260
7 91 70 81 1 0 16 0.62 0.0 0 3.7 25 340 M M 3 13 40 360
8 85 69 77 -2 0 12 0.01 0.0 0 3.1 13 30 M M 2 3 16 40
9 82 70 76 -3 0 11 0.22 0.0 0 2.4 16 70 M M 5 13 23 70
10 88 72 80 1 0 15 0.00 0.0 0 2.4 9 120 M M 5 1 17 150
11 90 69 80 1 0 15 0.00 0.0 0 2.0 14 330 M M 3 123 20 340
12 83 69 76 -2 0 11 0.00 0.0 0 3.5 10 330 M M 4 1 14 350
13 83 60 72 -6 0 7 0.00 0.0 0 2.7 12 30 M M 0 1 16 40
14 87 57 72 -6 0 7 0.00 0.0 0 2.7 13 60 M M 0 20 50
15 88 61 75 -3 0 10 0.00 0.0 0 2.2 10 90 M M 2 15 90
16 89 61 75 -3 0 10 0.00 0.0 0 1.6 10 140 M M 1 1 14 130
17 90 62 76 -1 0 11 0.00 0.0 0 2.7 12 90 M M 2 1 17 50
18 92 69 81 4 0 16 0.00 0.0 0 1.5 10 20 M M 2 1 13 40
19 91 68 80 3 0 15 0.00 0.0 0 3.3 13 110 M M 4 12 19 M
20 93 65 79 2 0 14 0.00 0.0 0 1.8 12 80 M M 0 1 16 50
21 96 70 83 7 0 18 0.00 0.0 0 3.8 14 20 M M 0 1 20 20
22 96 70 83 7 0 18 0.00 0.0 0 2.4 12 330 M M 0 18 17 330
23 88 65 77 1 0 12 0.00 0.0 0 3.6 10 40 M M 1 18 30
24 92 62 77 2 0 12 0.00 0.0 0 1.7 9 20 M M 0 13 40
25 92 64 78 3 0 13 T 0.0 0 2.1 10 360 M M 0 1 15 360
26 89 60 75 0 0 10 0.00 0.0 0 4.1 14 40 M M 1 1 20 20
27 82 52 67 -7 0 2 0.00 0.0 0 4.9 17 10 M M 0 28 30
28 81 50 66 -8 0 1 0.00 0.0 0 8.8 25 30 M M 0 39 360
29 77 52 65 -9 0 0 0.00 0.0 0 8.4 21 360 M M 0 29 350
30 80 54 67 -7 0 2 0.00 0.0 0 M M M M M 0 M M
================================================================================
SM 2638 1956 0 354 0.86 0.0 88.4 M 49
================================================================================
AV 87.9 65.2 3.0 FASTST M M 2 MAX(MPH)
MISC ----> # 25 340 40 360
================================================================================
NOTES:
# LAST OF SEVERAL OCCURRENCES
COLUMN 17 PEAK WIND IN M.P.H.
PRELIMINARY LOCAL CLIMATOLOGICAL DATA (WS FORM: F-6) , PAGE 2
STATION: HATTIESBURG
MONTH: SEPTEMBER
YEAR: 2022
LATITUDE: 31 16 N
LONGITUDE: 89 15 W
[TEMPERATURE DATA] [PRECIPITATION DATA] SYMBOLS USED IN COLUMN 16
AVERAGE MONTHLY: 76.6 TOTAL FOR MONTH: 0.86 1 = FOG OR MIST
DPTR FM NORMAL: -0.8 DPTR FM NORMAL: -3.29 2 = FOG REDUCING VISIBILITY
HIGHEST: 96 ON 22,21 GRTST 24HR 0.63 ON 7- 8 TO 1/4 MILE OR LESS
LOWEST: 50 ON 28 3 = THUNDER
SNOW, ICE PELLETS, HAIL 4 = ICE PELLETS
TOTAL MONTH: 0.0 INCH 5 = HAIL
GRTST 24HR 0.0 6 = FREEZING RAIN OR DRIZZLE
GRTST DEPTH: 0 7 = DUSTSTORM OR SANDSTORM:
VSBY 1/2 MILE OR LESS
8 = SMOKE OR HAZE
[NO. OF DAYS WITH] [WEATHER - DAYS WITH] 9 = BLOWING SNOW
X = TORNADO
MAX 32 OR BELOW: 0 0.01 INCH OR MORE: 4
MAX 90 OR ABOVE: 13 0.10 INCH OR MORE: 2
MIN 32 OR BELOW: 0 0.50 INCH OR MORE: 1
MIN 0 OR BELOW: 0 1.00 INCH OR MORE: 0
[HDD (BASE 65) ]
TOTAL THIS MO. 0 CLEAR (SCALE 0-3) 24
DPTR FM NORMAL -2 PTCLDY (SCALE 4-7) 6
TOTAL FM JUL 1 0 CLOUDY (SCALE 8-10) 0
DPTR FM NORMAL 0
[CDD (BASE 65) ]
TOTAL THIS MO. 354
DPTR FM NORMAL -21 [PRESSURE DATA]
TOTAL FM JAN 1 2568 HIGHEST SLP 30.22 ON 28
DPTR FM NORMAL 270 LOWEST SLP 29.72 ON 8
[REMARKS]
#FINAL-09-22#