000
CXUS54 KJAN 011510
CF6HBG
PRELIMINARY LOCAL CLIMATOLOGICAL DATA (WS FORM: F-6)
STATION: HATTIESBURG
MONTH: FEBRUARY
YEAR: 2022
LATITUDE: 31 16 N
LONGITUDE: 89 15 W
TEMPERATURE IN F: :PCPN: SNOW: WIND :SUNSHINE: SKY :PK WND
================================================================================
1 2 3 4 5 6A 6B 7 8 9 10 11 12 13 14 15 16 17 18
12Z AVG MX 2MIN
DY MAX MIN AVG DEP HDD CDD WTR SNW DPTH SPD SPD DIR MIN PSBL S-S WX SPD DR
================================================================================
1 69 38 54 4 11 0 0.02 0.0 0 10.4 23 140 M M 6 34 130
2 65 55 60 10 5 0 0.96 0.0 0 7.0 20 130 M M 10 1 28 140
3 73 39 56 6 9 0 4.97 0.0 0 9.6 21 250 M M 10 123 32 180
4 40 31 36 -15 29 0 0.06 0.0 0 10.0 18 330 M M 10 18 26 340
5 50 28 39 -12 26 0 0.00 0.0 0 6.5 16 350 M M 2 24 360
6 58 25 42 -9 23 0 0.00 0.0 0 1.2 8 30 M M 0 12 10
7 56 31 44 -7 21 0 0.00 0.0 0 3.1 10 360 M M 0 16 10
8 61 31 46 -6 19 0 0.00 0.0 0 2.2 10 40 M M 0 15 320
9 66 28 47 -5 18 0 0.00 0.0 0 1.6 13 300 M M 0 17 310
10 70 33 52 0 13 0 0.00 0.0 0 2.9 12 180 M M 0 21 210
11 72 35 54 2 11 0 0.00 0.0 0 4.2 15 230 M M 0 21 190
12 72 45 59 7 6 0 0.00 0.0 0 6.6 17 330 M M 4 18 27 330
13 54 31 43 -10 22 0 T 0.0 0 8.3 18 340 M M 3 28 310
14 67 28 48 -5 17 0 0.00 0.0 0 2.5 13 330 M M 0 19 290
15 69 32 51 -2 14 0 0.00 0.0 0 5.0 18 180 M M 0 25 160
16 73 42 58 5 7 0 0.02 0.0 0 8.6 29 140 M M 5 1 39 150
17 77 59 68 14 0 3 0.82 0.0 0 13.7 28 190 M M 10 13 45 190
18 59 37 48 -6 17 0 0.00 0.0 0 8.6 17 330 M M 6 25 320
19 63 31 47 -7 18 0 0.00 0.0 0 4.6 16 20 M M 0 26 60
20 70 31 51 -3 14 0 0.00 0.0 0 5.7 16 170 M M 2 22 210
21 77 55 66 11 0 1 T 0.0 0 8.9 20 150 M M 10 26 160
22 81 70 76 21 0 11 0.11 0.0 0 10.2 18 190 M M 8 26 180
23 83 64 74 19 0 9 0.01 0.0 0 6.4 16 170 M M 5 1 23 180
24 82 67 75 20 0 10 T 0.0 0 8.1 21 170 M M 7 1 32 180
25 72 45 59 3 6 0 0.36 0.0 0 8.1 22 310 M M 10 18 29 320
26 60 44 52 -4 13 0 0.00 0.0 0 5.2 10 350 M M 10 16 330
27 54 44 49 -7 16 0 T 0.0 0 7.7 15 350 M M 10 18 23 340
28 66 39 53 -3 12 0 0.00 0.0 0 5.5 16 360 M M 2 26 350
================================================================================
SM 1859 1138 347 34 7.33 0.0 182.4 M 130
================================================================================
AV 66.4 40.6 6.5 FASTST M M 5 MAX(MPH)
MISC ----> 29 140 45 190
================================================================================
NOTES:
# LAST OF SEVERAL OCCURRENCES
COLUMN 17 PEAK WIND IN M.P.H.
PRELIMINARY LOCAL CLIMATOLOGICAL DATA (WS FORM: F-6) , PAGE 2
STATION: HATTIESBURG
MONTH: FEBRUARY
YEAR: 2022
LATITUDE: 31 16 N
LONGITUDE: 89 15 W
[TEMPERATURE DATA] [PRECIPITATION DATA] SYMBOLS USED IN COLUMN 16
AVERAGE MONTHLY: 53.5 TOTAL FOR MONTH: 7.33 1 = FOG OR MIST
DPTR FM NORMAL: 0.4 DPTR FM NORMAL: 2.45 2 = FOG REDUCING VISIBILITY
HIGHEST: 83 ON 23 GRTST 24HR 5.03 ON 3- 4 TO 1/4 MILE OR LESS
LOWEST: 25 ON 6 3 = THUNDER
SNOW, ICE PELLETS, HAIL 4 = ICE PELLETS
TOTAL MONTH: 0.0 INCH 5 = HAIL
GRTST 24HR 0.0 6 = FREEZING RAIN OR DRIZZLE
GRTST DEPTH: 0 7 = DUSTSTORM OR SANDSTORM:
VSBY 1/2 MILE OR LESS
8 = SMOKE OR HAZE
[NO. OF DAYS WITH] [WEATHER - DAYS WITH] 9 = BLOWING SNOW
X = TORNADO
MAX 32 OR BELOW: 0 0.01 INCH OR MORE: 9
MAX 90 OR ABOVE: 0 0.10 INCH OR MORE: 5
MIN 32 OR BELOW: 11 0.50 INCH OR MORE: 3
MIN 0 OR BELOW: 0 1.00 INCH OR MORE: 1
[HDD (BASE 65) ]
TOTAL THIS MO. 347 CLEAR (SCALE 0-3) 13
DPTR FM NORMAL -1 PTCLDY (SCALE 4-7) 6
TOTAL FM JUL 1 1392 CLOUDY (SCALE 8-10) 9
DPTR FM NORMAL -243
[CDD (BASE 65) ]
TOTAL THIS MO. 34
DPTR FM NORMAL 19 [PRESSURE DATA]
TOTAL FM JAN 1 49 HIGHEST SLP 30.52 ON 5
DPTR FM NORMAL 31 LOWEST SLP 29.81 ON 3
[REMARKS]
#FINAL-02-22#