000
CXUS51 KBTV 010700
CF61V4
PRELIMINARY LOCAL CLIMATOLOGICAL DATA (WS FORM: F-6)
STATION: SAINT JOHNSBURY VT ASOS
MONTH: APRIL
YEAR: 2020
LATITUDE: 44 25 N
LONGITUDE: 72 1 W
TEMPERATURE IN F: :PCPN: SNOW: WIND :SUNSHINE: SKY :PK WND
================================================================================
1 2 3 4 5 6A 6B 7 8 9 10 11 12 13 14 15 16 17 18
12Z AVG MX 2MIN
DY MAX MIN AVG DEP HDD CDD WTR SNW DPTH SPD SPD DIR MIN PSBL S-S WX SPD DR
================================================================================
1 46 24 35 -3 30 0 0.00 M M M M M M M 0 M M
2 39 33 36 -2 29 0 0.34 M M M M M M M 0 M M
3 52 36 44 5 21 0 0.01 M M M M M M M 0 M M
4 60 34 47 8 18 0 0.00 M M M M M M M 0 M M
5 56 31 44 4 21 0 0.03 M M M M M M M 0 M M
6 54 29 42 2 23 0 0.00 M M M M M M M 0 M M
7 56 27 42 1 23 0 0.00 M M M M M M M 0 M M
8 55 28 42 1 23 0 0.00 M M M M M M M 0 M M
9 45 33 39 -3 26 0 0.91 M M M M M M M 0 M M
10 40 33 37 -5 28 0 0.05 M M M M M M M 0 M M
11 42 28 35 -7 30 0 0.00 M M M M M M M 0 M M
12 55 23 39 -4 26 0 0.00 M M M M M M M 0 M M
13 59 39 49 6 16 0 0.97 M M M M M M M 0 M M
14 49 35 42 -2 23 0 0.00 M M M M M M M 0 M M
15 44 30 37 -7 28 0 0.00 M M M M M M M 0 M M
16 41 29 35 -10 30 0 0.00 M M M M M M M 0 M M
17 42 28 35 -10 30 0 0.02 M M M M M M M 0 M M
18 46 27 37 -9 28 0 0.00 M M M M M M M 0 M M
19 60 23 42 -4 23 0 0.05 M M M M M M M 0 M M
20 49 28 39 -7 26 0 0.00 M M M M M M M 0 M M
21 51 24 38 -9 27 0 0.31 M M M M M M M 0 M M
22 33 22 28 -19 37 0 0.08 M M M M M M M 0 M M
23 48 24 36 -12 29 0 0.00 M M M M M M M 0 M M
24 58 25 42 -6 23 0 0.00 M M M M M M M 0 M M
25 63 36 50 1 15 0 0.00 M M M M M M M 0 M M
26 59 32 46 -3 19 0 0.47 M M M M M M M 0 M M
27 43 36 40 -9 25 0 0.45 M M M M M M M 0 M M
28 54 35 45 -5 20 0 0.00 M M M M M M M 0 M M
29 65 29 47 -3 18 0 0.00 M M M M M M M 0 M M
30 50 42 46 -5 19 0 0.03 M M M M M M M 0 M M
================================================================================
SM 1514 903 734 0 3.72 M M M 0
================================================================================
AV 50.5 30.1 M FASTST M M 0 MAX(MPH)
MISC ----> M M M M
================================================================================
NOTES:
# LAST OF SEVERAL OCCURRENCES
COLUMN 17 PEAK WIND IN M.P.H.
PRELIMINARY LOCAL CLIMATOLOGICAL DATA (WS FORM: F-6) , PAGE 2
STATION: SAINT JOHNSBURY VT ASOS
MONTH: APRIL
YEAR: 2020
LATITUDE: 44 25 N
LONGITUDE: 72 1 W
[TEMPERATURE DATA] [PRECIPITATION DATA] SYMBOLS USED IN COLUMN 16
AVERAGE MONTHLY: 40.3 TOTAL FOR MONTH: 3.72 1 = FOG OR MIST
DPTR FM NORMAL: -4.1 DPTR FM NORMAL: 0.86 2 = FOG REDUCING VISIBILITY
HIGHEST: 65 ON 29 GRTST 24HR 0.97 ON 13-13 TO 1/4 MILE OR LESS
LOWEST: 22 ON 22 3 = THUNDER
SNOW, ICE PELLETS, HAIL 4 = ICE PELLETS
TOTAL MONTH: M 5 = HAIL
GRTST 24HR M ON M 6 = FREEZING RAIN OR DRIZZLE
GRTST DEPTH: M ON M 7 = DUSTSTORM OR SANDSTORM:
VSBY 1/2 MILE OR LESS
8 = SMOKE OR HAZE
[NO. OF DAYS WITH] [WEATHER - DAYS WITH] 9 = BLOWING SNOW
X = TORNADO
MAX 32 OR BELOW: 0 0.01 INCH OR MORE: 13
MAX 90 OR ABOVE: 0 0.10 INCH OR MORE: 6
MIN 32 OR BELOW: 19 0.50 INCH OR MORE: 2
MIN 0 OR BELOW: 0 1.00 INCH OR MORE: 0
[HDD (BASE 65) ]
TOTAL THIS MO. 734 CLEAR (SCALE 0-3) 30
DPTR FM NORMAL 115 PTCLDY (SCALE 4-7) 0
TOTAL FM JUL 1 7333 CLOUDY (SCALE 8-10) 0
DPTR FM NORMAL -85
[CDD (BASE 65) ]
TOTAL THIS MO. 0
DPTR FM NORMAL -1 [PRESSURE DATA]
TOTAL FM JAN 1 0 HIGHEST SLP M ON M
DPTR FM NORMAL -1 LOWEST SLP 29.04 ON 10
[REMARKS]
#FINAL-04-20#