000
CXUS55 KVEF 201204
CF6BIH
PRELIMINARY LOCAL CLIMATOLOGICAL DATA (WS FORM: F-6)
STATION: BISHOP CA
MONTH: JULY
YEAR: 2021
LATITUDE: 37 22 N
LONGITUDE: 118 22 W
TEMPERATURE IN F: :PCPN: SNOW: WIND :SUNSHINE: SKY :PK WND
================================================================================
1 2 3 4 5 6A 6B 7 8 9 10 11 12 13 14 15 16 17 18
12Z AVG MX 2MIN
DY MAX MIN AVG DEP HDD CDD WTR SNW DPTH SPD SPD DIR MIN PSBL S-S WX SPD DR
================================================================================
1 98 59 79 3 0 14 0.00 0.0 0 7.2 33 350 M M 0 3 44 350
2 102 59 81 4 0 16 0.00 0.0 0 9.7 24 150 M M 0 30 150
3 100 55 78 1 0 13 0.00 0.0 0 7.9 35 250 M M 0 41 250
4 102 56 79 2 0 14 0.00 0.0 0 5.3 15 280 M M 0 20 290
5 103 60 82 5 0 17 0.00 0.0 0 6.9 17 140 M M 0 23 140
6 105 59 82 4 0 17 0.00 0.0 0 9.7 26 160 M M 0 35 160
7 107 62 85 7 0 20 0.00 0.0 0 7.3 21 150 M M 0 27 150
8 109 66 88 10 0 23 0.00 0.0 0 6.1 15 140 M M 0 24 140
9 108 68 88 10 0 23 0.00 0.0 0 7.1 30 240 M M 0 37 240
10 111 65 88 10 0 23 0.00 0.0 0 8.3 27 260 M M 0 45 240
11 109 69 89 11 0 24 T 0.0 0 8.9 29 250 M M 1 36 240
12 103 62 83 5 0 18 T 0.0 0 7.9 35 250 M M 0 3 54 200
13 102 63 83 5 0 18 T 0.0 0 10.2 28 150 M M 0 3 35 150
14 105 60 83 5 0 18 0.00 0.0 0 9.0 23 150 M M 0 34 160
15 103 63 83 4 0 18 0.00 0.0 0 8.7 23 150 M M 0 30 140
16 103 58 81 2 0 16 0.00 0.0 0 8.2 22 150 M M 0 29 140
17 103 58 81 2 0 16 0.00 0.0 0 7.7 22 140 M M 0 26 150
18 90 60 75 -4 0 10 T 0.0 0 9.0 33 150 M M 2 42 150
19 95 61 78 -1 0 13 0.00 0.0 0 8.4 35 240 M M 2 3 44 230
20 99 58 79 0 0 14 0.00 0.0 0 5.8 15 170 M M 0 21 130
21 102 58 80 1 0 15 0.00 0.0 0 10.0 26 150 M M 0 32 160
22 102 62 82 3 0 17 0.00 0.0 0 7.3 23 150 M M 0 31 140
23 102 66 84 5 0 19 0.00 0.0 0 10.2 23 160 M M 2 30 40
24 104 62 83 4 0 18 0.00 0.0 0 6.1 22 340 M M 0 27 340
25 105 69 87 8 0 22 0.00 0.0 0 5.7 31 340 M M 0 41 350
26 98 68 83 4 0 18 0.01 0.0 0 12.5 40 150 M M 2 8 51 150
27 97 60 79 0 0 14 0.00 0.0 0 5.3 15 140 M M 0 20 170
28 99 69 84 5 0 19 0.00 0.0 0 8.8 31 250 M M 2 3 39 250
29 96 63 80 2 0 15 T 0.0 0 7.0 28 340 M M 3 3 39 340
30 97 62 80 2 0 15 0.05 0.0 0 6.4 32 250 M M 2 3 39 250
31 92 58 75 -3 0 10 0.00 0.0 0 7.0 26 160 M M 1 32 150
================================================================================
SM 3151 1918 0 527 0.06 0.0 245.6 M 17
================================================================================
AV101.6 61.9 7.9 FASTST M M 1 MAX(MPH)
MISC ----> 40 150 54 200
================================================================================
NOTES:
# LAST OF SEVERAL OCCURRENCES
COLUMN 17 PEAK WIND IN M.P.H.
PRELIMINARY LOCAL CLIMATOLOGICAL DATA (WS FORM: F-6) , PAGE 2
STATION: BISHOP CA
MONTH: JULY
YEAR: 2021
LATITUDE: 37 22 N
LONGITUDE: 118 22 W
[TEMPERATURE DATA] [PRECIPITATION DATA] SYMBOLS USED IN COLUMN 16
AVERAGE MONTHLY: 81.8 TOTAL FOR MONTH: 0.06 1 = FOG OR MIST
DPTR FM NORMAL: 3.6 DPTR FM NORMAL: -0.12 2 = FOG REDUCING VISIBILITY
HIGHEST: 111 ON 10 GRTST 24HR 0.05 ON 30-30 TO 1/4 MILE OR LESS
LOWEST: 55 ON 3 3 = THUNDER
SNOW, ICE PELLETS, HAIL 4 = ICE PELLETS
TOTAL MONTH: 0.0 INCH 5 = HAIL
GRTST 24HR 0.0 6 = FREEZING RAIN OR DRIZZLE
GRTST DEPTH: 0 7 = DUSTSTORM OR SANDSTORM:
VSBY 1/2 MILE OR LESS
8 = SMOKE OR HAZE
[NO. OF DAYS WITH] [WEATHER - DAYS WITH] 9 = BLOWING SNOW
X = TORNADO
MAX 32 OR BELOW: 0 0.01 INCH OR MORE: 2
MAX 90 OR ABOVE: 31 0.10 INCH OR MORE: 0
MIN 32 OR BELOW: 0 0.50 INCH OR MORE: 0
MIN 0 OR BELOW: 0 1.00 INCH OR MORE: 0
[HDD (BASE 65) ]
TOTAL THIS MO. 0 CLEAR (SCALE 0-3) 31
DPTR FM NORMAL 0 PTCLDY (SCALE 4-7) 0
TOTAL FM JUL 1 0 CLOUDY (SCALE 8-10) 0
DPTR FM NORMAL 0
[CDD (BASE 65) ]
TOTAL THIS MO. 527
DPTR FM NORMAL 118 [PRESSURE DATA]
TOTAL FM JAN 1 997 HIGHEST SLP 30.15 ON 18
DPTR FM NORMAL 278 LOWEST SLP 29.63 ON 7
[REMARKS]
#FINAL-07-21#