000
CXUS53 KIWX 010910
CF6DFI
PRELIMINARY LOCAL CLIMATOLOGICAL DATA (WS FORM: F-6)
STATION: DEFIANCE MEMORIAL
MONTH: NOVEMBER
YEAR: 2020
LATITUDE: 41 20 N
LONGITUDE: 84 26 W
TEMPERATURE IN F: :PCPN: SNOW: WIND :SUNSHINE: SKY :PK WND
================================================================================
1 2 3 4 5 6A 6B 7 8 9 10 11 12 13 14 15 16 17 18
12Z AVG MX 2MIN
DY MAX MIN AVG DEP HDD CDD WTR SNW DPTH SPD SPD DIR MIN PSBL S-S WX SPD DR
================================================================================
1 52 32 42 -5 23 0 0.02 M M 13.1 30 300 M M 6 8 44 300
2 48 27 38 -8 27 0 0.00 M M 8.3 18 230 M M 1 31 220
3 65 32 49 3 16 0 0.00 M M 8.1 15 210 M M 0 23 230
4 74 44 59 13 6 0 0.00 M M 10.4 20 210 M M 0 30 230
5 67 51 59 13 6 0 0.00 M M 9.2 16 210 M M 0 23 200
6 72 42 57 12 8 0 0.00 M M 5.8 14 210 M M 0 21 260
7 72 41 57 12 8 0 0.00 M M 4.8 14 230 M M 0 18 19 230
8 78 40 59 15 6 0 0.00 M M 3.5 10 190 M M 2 18 15 190
9 79 47 63 19 2 0 0.00 M M 5.7 17 200 M M 1 23 190
10 78 62 70 26 0 5 0.44 M M 12.2 28 190 M M 8 1 40 180
11 67 31 49 6 16 0 0.09 M M 6.8 23 250 M M 6 1 37 250
12 51 26 39 -4 26 0 0.00 M M 1.7 10 80 M M 0 18 14 110
13 49 24 37 -5 28 0 T M M 6.1 21 300 M M 4 1 27 300
14 47 20 34 -8 31 0 0.08 M M 5.3 15 110 M M 3 18 21 110
15 57 39 48 7 17 0 0.54 M M 16.0 33 250 M M 10 13 59 230
16 47 31 39 -2 26 0 0.00 M M 8.1 17 230 M M 4 33 240
17 43 29 36 -4 29 0 T M M 11.3 24 310 M M 7 36 320
18 47 22 35 -5 30 0 0.00 M M 8.1 17 190 M M 3 27 180
19 67 38 53 13 12 0 0.00 M M 15.9 29 220 M M 0 44 220
20 66 49 58 19 7 0 0.00 M M 10.9 21 230 M M 2 34 230
21 49 38 44 5 21 0 0.00 M M 5.8 13 360 M M 1 18 350
22 40 34 37 -1 28 0 0.90 M M 8.0 15 10 M M 10 1 22 10
23 47 30 39 1 26 0 T M M 5.0 14 300 M M 4 1 20 310
24 44 27 36 -1 29 0 0.07 M M 5.0 13 110 M M 7 1 19 120
25 55 44 50 13 15 0 0.63 M M 6.4 12 170 M M 10 18 17 170
26 53 44 49 13 16 0 0.02 M M 7.9 15 260 M M 10 1 25 260
27 46 37 42 6 23 0 T M M 5.9 17 300 M M 10 23 320
28 47 28 38 3 27 0 0.00 M M 5.4 14 230 M M 0 18 20 230
29 52 32 42 7 23 0 0.00 M M 6.2 14 210 M M 0 20 250
30 42 32 37 3 28 0 0.12 M M 12.7 21 350 M M 10 18 29 330
================================================================================
SM 1701 1073 560 5 2.91 M 239.6 M 119
================================================================================
AV 56.7 35.8 8.0 FASTST M M 4 MAX(MPH)
MISC ----> 33 250 59 230
================================================================================
NOTES:
# LAST OF SEVERAL OCCURRENCES
COLUMN 17 PEAK WIND IN M.P.H.
PRELIMINARY LOCAL CLIMATOLOGICAL DATA (WS FORM: F-6) , PAGE 2
STATION: DEFIANCE MEMORIAL
MONTH: NOVEMBER
YEAR: 2020
LATITUDE: 41 20 N
LONGITUDE: 84 26 W
[TEMPERATURE DATA] [PRECIPITATION DATA] SYMBOLS USED IN COLUMN 16
AVERAGE MONTHLY: 46.2 TOTAL FOR MONTH: 2.91 1 = FOG OR MIST
DPTR FM NORMAL: 5.2 DPTR FM NORMAL: 0.34 2 = FOG REDUCING VISIBILITY
HIGHEST: 79 ON 9 GRTST 24HR 0.90 ON 22-22 TO 1/4 MILE OR LESS
LOWEST: 20 ON 14 3 = THUNDER
SNOW, ICE PELLETS, HAIL 4 = ICE PELLETS
TOTAL MONTH: M 5 = HAIL
GRTST 24HR M ON M 6 = FREEZING RAIN OR DRIZZLE
GRTST DEPTH: M ON M 7 = DUSTSTORM OR SANDSTORM:
VSBY 1/2 MILE OR LESS
8 = SMOKE OR HAZE
[NO. OF DAYS WITH] [WEATHER - DAYS WITH] 9 = BLOWING SNOW
X = TORNADO
MAX 32 OR BELOW: 0 0.01 INCH OR MORE: 10
MAX 90 OR ABOVE: 0 0.10 INCH OR MORE: 5
MIN 32 OR BELOW: 15 0.50 INCH OR MORE: 3
MIN 0 OR BELOW: 0 1.00 INCH OR MORE: 0
[HDD (BASE 65) ]
TOTAL THIS MO. 560 CLEAR (SCALE 0-3) 15
DPTR FM NORMAL -160 PTCLDY (SCALE 4-7) 9
TOTAL FM JUL 1 1016 CLOUDY (SCALE 8-10) 6
DPTR FM NORMAL -239
[CDD (BASE 65) ]
TOTAL THIS MO. 5
DPTR FM NORMAL 5 [PRESSURE DATA]
TOTAL FM JAN 1 1056 HIGHEST SLP 30.62 ON 18
DPTR FM NORMAL 357 LOWEST SLP 29.36 ON 15
[REMARKS]
#FINAL-11-20#