000
CXUS54 KEWX 011110
CF6ERV
PRELIMINARY LOCAL CLIMATOLOGICAL DATA (WS FORM: F-6)
STATION: KERRVILLE
MONTH: DECEMBER
YEAR: 2022
LATITUDE: 29 58 N
LONGITUDE: 99 5 W
TEMPERATURE IN F: :PCPN: SNOW: WIND :SUNSHINE: SKY :PK WND
================================================================================
1 2 3 4 5 6A 6B 7 8 9 10 11 12 13 14 15 16 17 18
12Z AVG MX 2MIN
DY MAX MIN AVG DEP HDD CDD WTR SNW DPTH SPD SPD DIR MIN PSBL S-S WX SPD DR
================================================================================
1 53 32 43 M 22 0 0.03 M M 2.3 8 120 M M 8 M M
2 68 48 58 M 7 0 0.02 M M 5.8 14 200 M M 9 1 18 210
3 66 53 60 M 5 0 M M M 4.8 10 10 M M 9 1 20 330
4 56 49 53 M 12 0 0.05 M M 2.8 6 160 M M 10 1 M M
5 67 55 61 M 4 0 0.07 M M 4.2 13 180 M M 9 12 21 180
6 70 56 63 M 2 0 M M M 2.9 9 200 M M 7 1 M M
7 76 64 70 M 0 5 M M M 6.6 16 160 M M 9 1 20 180
8 77 63 70 M 0 5 0.01 M M 7.2 14 200 M M 9 1 21 190
9 75 63 69 M 0 4 M M M 7.0 16 150 M M 8 1 22 150
10 70 63 67 M 0 2 M M M 8.3 17 160 M M 10 24 160
11 73 56 65 M 0 0 M M M 5.1 12 10 M M 6 17 10
12 68 56 62 M 3 0 M M M 8.7 15 150 M M 10 1 24 150
13 73 58 66 M 0 1 M M M 9.8 17 170 M M 8 1 27 160
14 64 34 49 M 16 0 M M M 9.7 21 290 M M 4 33 280
15 65 28 47 M 18 0 M M M 3.5 13 210 M M 0 17 210
16 65 32 49 M 16 0 M M M 5.2 14 360 M M 2 22 150
17 58 32 45 M 20 0 M M M 3.5 7 360 M M 1 M M
18 53 25 39 M 26 0 M M M 4.3 12 130 M M 6 17 140
19 51 42 47 M 18 0 0.04 M M 3.3 7 320 M M 10 1 M M
20 49 38 44 M 21 0 M M M 6.8 14 350 M M 9 12 M M
21 53 30 42 M 23 0 M M M 4.0 10 170 M M 6 12 16 170
22 61 15 38 M 27 0 M M M 14.4 25 350 M M 7 35 350
23 31 12 22 M 43 0 M M M 11.6 18 360 M M 0 27 350
24 40 12 26 M 39 0 M M M 1.5 5 140 M M 0 M M
25 53 16 35 M 30 0 M M M 3.2 7 160 M M 0 M M
26 64 20 42 M 23 0 M M M 2.9 13 340 M M 0 17 340
27 61 24 43 M 22 0 M M M 6.6 15 170 M M 0 20 170
28 71 40 56 M 9 0 M M M 7.1 15 180 M M 0 23 180
29 71 42 57 M 8 0 M M M 4.7 13 350 M M 5 1 17 150
30 63 39 51 M 14 0 M M M 2.2 6 340 M M 6 M M
31 74 32 53 M 12 0 M M M 4.8 16 210 M M 2 12 24 220
================================================================================
SM 1939 1229 440 17 0.22 M 174.8 M 170
================================================================================
AV 62.5 39.6 5.6 FASTST M M 5 MAX(MPH)
MISC ----> 25 350 35 350
================================================================================
NOTES:
# LAST OF SEVERAL OCCURRENCES
COLUMN 17 PEAK WIND IN M.P.H.
PRELIMINARY LOCAL CLIMATOLOGICAL DATA (WS FORM: F-6) , PAGE 2
STATION: KERRVILLE
MONTH: DECEMBER
YEAR: 2022
LATITUDE: 29 58 N
LONGITUDE: 99 5 W
[TEMPERATURE DATA] [PRECIPITATION DATA] SYMBOLS USED IN COLUMN 16
AVERAGE MONTHLY: 51.1 TOTAL FOR MONTH: 0.22 1 = FOG OR MIST
DPTR FM NORMAL: 0.0 DPTR FM NORMAL: M 2 = FOG REDUCING VISIBILITY
HIGHEST: 77 ON 8 GRTST 24HR 0.07 ON 5- 5 TO 1/4 MILE OR LESS
LOWEST: 12 ON 24,23 3 = THUNDER
SNOW, ICE PELLETS, HAIL 4 = ICE PELLETS
TOTAL MONTH: 0.0 INCH 5 = HAIL
GRTST 24HR M ON M 6 = FREEZING RAIN OR DRIZZLE
GRTST DEPTH: M ON M 7 = DUSTSTORM OR SANDSTORM:
VSBY 1/2 MILE OR LESS
8 = SMOKE OR HAZE
[NO. OF DAYS WITH] [WEATHER - DAYS WITH] 9 = BLOWING SNOW
X = TORNADO
MAX 32 OR BELOW: 1 0.01 INCH OR MORE: 6
MAX 90 OR ABOVE: 0 0.10 INCH OR MORE: 0
MIN 32 OR BELOW: 13 0.50 INCH OR MORE: 0
MIN 0 OR BELOW: 0 1.00 INCH OR MORE: 0
[HDD (BASE 65) ]
TOTAL THIS MO. 440 CLEAR (SCALE 0-3) 10
DPTR FM NORMAL M PTCLDY (SCALE 4-7) 9
TOTAL FM JUL 1 803 CLOUDY (SCALE 8-10) 12
DPTR FM NORMAL M
[CDD (BASE 65) ]
TOTAL THIS MO. 17
DPTR FM NORMAL M [PRESSURE DATA]
TOTAL FM JAN 1 3085 HIGHEST SLP M ON M
DPTR FM NORMAL M LOWEST SLP M ON M
[REMARKS]
#FINAL-12-22#