000
CXUS52 KTBW 011000
CF6FMY
PRELIMINARY LOCAL CLIMATOLOGICAL DATA (WS FORM: F-6)
STATION: FORT MYERS
MONTH: MAY
YEAR: 2023
LATITUDE: 26 34 N
LONGITUDE: 81 52 W
TEMPERATURE IN F: :PCPN: SNOW: WIND :SUNSHINE: SKY :PK WND
================================================================================
1 2 3 4 5 6A 6B 7 8 9 10 11 12 13 14 15 16 17 18
12Z AVG MX 2MIN
DY MAX MIN AVG DEP HDD CDD WTR SNW DPTH SPD SPD DIR MIN PSBL S-S WX SPD DR
================================================================================
1 85 69 77 0 0 12 0.00 0.0 0 8.3 15 310 M M 0 22 290
2 85 67 76 -1 0 11 0.00 0.0 0 7.8 18 270 M M 1 27 250
3 86 70 78 0 0 13 0.00 0.0 0 7.4 16 280 M M 1 22 280
4 88 65 77 -1 0 12 0.00 0.0 0 6.0 15 290 M M 0 23 250
5 91 66 79 1 0 14 0.00 0.0 0 6.4 16 310 M M 0 20 280
6 92 71 82 4 0 17 0.06 0.0 0 7.7 17 90 M M 4 8 27 60
7 90 70 80 2 0 15 0.00 0.0 0 10.6 17 70 M M 2 25 60
8 91 67 79 1 0 14 0.00 0.0 0 7.0 13 100 M M 1 19 100
9 91 69 80 2 0 15 0.00 0.0 0 5.7 15 320 M M 1 21 30
10 94 70 82 4 0 17 0.00 0.0 0 5.3 17 240 M M 2 21 240
11 95 73 84 5 0 19 0.00 0.0 0 7.3 16 120 M M 1 8 22 130
12 95 72 84 5 0 19 0.00 0.0 0 9.4 17 90 M M 1 26 110
13 94 73 84 5 0 19 0.00 0.0 0 9.1 17 120 M M 2 23 120
14 93 72 83 4 0 18 0.00 0.0 0 6.7 15 120 M M 2 23 360
15 96 71 84 5 0 19 0.00 0.0 0 6.9 17 310 M M 2 23 290
16 92 72 82 3 0 17 0.00 0.0 0 6.9 17 250 M M 3 27 290
17 92 76 84 4 0 19 0.00 0.0 0 7.1 18 250 M M 3 24 270
18 91 74 83 3 0 18 0.00 0.0 0 6.4 17 280 M M 2 23 290
19 95 75 85 5 0 20 0.00 0.0 0 5.6 17 330 M M 3 22 330
20 93 75 84 4 0 19 T 0.0 0 5.4 17 50 M M 2 3 23 40
21 93 74 84 4 0 19 0.00 0.0 0 5.1 18 310 M M 1 25 310
22 94 74 84 4 0 19 T 0.0 0 6.6 22 330 M M 3 3 31 310
23 94 72 83 3 0 18 0.03 0.0 0 6.2 17 30 M M 3 3 28 250
24 93 72 83 3 0 18 0.02 0.0 0 6.7 20 50 M M 4 13 27 50
25 91 71 81 1 0 16 0.03 0.0 0 7.6 20 360 M M 7 13 28 350
26 90 71 81 0 0 16 1.38 0.0 0 7.8 20 70 M M 4 123 27 60
27 87 68 78 -3 0 13 0.00 0.0 0 7.9 16 280 M M 0 24 270
28 91 71 81 0 0 16 0.00 0.0 0 7.2 16 260 M M 1 21 250
29 92 71 82 1 0 17 0.00 0.0 0 6.9 15 280 M M 0 20 290
30 93 72 83 2 0 18 1.64 0.0 0 7.1 21 100 M M 3 123 28 80
31 90 71 81 0 0 16 2.20 0.0 0 7.5 28 170 M M 3 123 38 130
================================================================================
SM 2837 2204 0 513 5.36 0.0 219.6 M 62
================================================================================
AV 91.5 71.1 7.1 FASTST M M 2 MAX(MPH)
MISC ----> 28 170 38 130
================================================================================
NOTES:
# LAST OF SEVERAL OCCURRENCES
COLUMN 17 PEAK WIND IN M.P.H.
PRELIMINARY LOCAL CLIMATOLOGICAL DATA (WS FORM: F-6) , PAGE 2
STATION: FORT MYERS
MONTH: MAY
YEAR: 2023
LATITUDE: 26 34 N
LONGITUDE: 81 52 W
[TEMPERATURE DATA] [PRECIPITATION DATA] SYMBOLS USED IN COLUMN 16
AVERAGE MONTHLY: 81.3 TOTAL FOR MONTH: 5.36 1 = FOG OR MIST
DPTR FM NORMAL: 2.0 DPTR FM NORMAL: 1.90 2 = FOG REDUCING VISIBILITY
HIGHEST: 96 ON 15 GRTST 24HR 2.64 ON 30-31 TO 1/4 MILE OR LESS
LOWEST: 65 ON 4 3 = THUNDER
SNOW, ICE PELLETS, HAIL 4 = ICE PELLETS
TOTAL MONTH: 0.0 INCH 5 = HAIL
GRTST 24HR 0.0 6 = FREEZING RAIN OR DRIZZLE
GRTST DEPTH: 0 7 = DUSTSTORM OR SANDSTORM:
VSBY 1/2 MILE OR LESS
8 = SMOKE OR HAZE
[NO. OF DAYS WITH] [WEATHER - DAYS WITH] 9 = BLOWING SNOW
X = TORNADO
MAX 32 OR BELOW: 0 0.01 INCH OR MORE: 7
MAX 90 OR ABOVE: 26 0.10 INCH OR MORE: 3
MIN 32 OR BELOW: 0 0.50 INCH OR MORE: 3
MIN 0 OR BELOW: 0 1.00 INCH OR MORE: 3
[HDD (BASE 65) ]
TOTAL THIS MO. 0 CLEAR (SCALE 0-3) 26
DPTR FM NORMAL 0 PTCLDY (SCALE 4-7) 5
TOTAL FM JUL 1 100 CLOUDY (SCALE 8-10) 0
DPTR FM NORMAL -153
[CDD (BASE 65) ]
TOTAL THIS MO. 513
DPTR FM NORMAL 70 [PRESSURE DATA]
TOTAL FM JAN 1 1686 HIGHEST SLP 30.14 ON 7
DPTR FM NORMAL 557 LOWEST SLP 29.69 ON 25
[REMARKS]
#FINAL-05-23#