488
CXUS54 KMAF 011851
CF6FST
PRELIMINARY LOCAL CLIMATOLOGICAL DATA (WS FORM: F-6)
STATION: FORT STOCKTON
MONTH: DECEMBER
YEAR: 2020
LATITUDE: 30 55 N
LONGITUDE: 102 55 W
TEMPERATURE IN F: :PCPN: SNOW: WIND :SUNSHINE: SKY :PK WND
================================================================================
1 2 3 4 5 6A 6B 7 8 9 10 11 12 13 14 15 16 17 18
12Z AVG MX 2MIN
DY MAX MIN AVG DEP HDD CDD WTR SNW DPTH SPD SPD DIR MIN PSBL S-S WX SPD DR
================================================================================
1 M M M M M M 0.00 M M 9.3 22 240 M M 0 26 230
2 50 32 41 -11 24 0 0.00 M M 11.9 24 10 M M 1 28 360
3 45 24 35 -17 30 0 0.00 M M 10.1 17 340 M M 1 22 320
4 52 27 40 -11 25 0 0.00 M M 6.4 12 230 M M 1 14 240
5 45 33 39 -12 26 0 0.45 M M 8.4 15 230 M M 9 1 18 240
6 59 34 47 -4 18 0 0.00 M M 9.4 14 220 M M 0 17 290
7 64 36 50 -1 15 0 0.00 M M 8.0 17 220 M M 0 21 230
8 68 39 54 4 11 0 0.00 M M 8.8 15 230 M M 0 8 18 230
9 76 43 60 10 5 0 0.00 M M 9.2 17 230 M M 0 20 230
10 82 52 67 17 0 2 0.04 M M 12.2 26 210 M M 3 34 210
11 68 47 58 8 7 0 0.00 M M 11.1 29 270 M M 1 36 280
12 70 38 54 4 11 0 0.00 M M 9.6 18 160 M M 0 23 160
13 53 32 43 -7 22 0 0.00 M M 14.6 39 310 M M 3 8 50 310
14 59 23 41 -8 24 0 0.00 M M 12.1 25 160 M M 0 33 160
15 54 34 44 -5 21 0 0.00 M M 11.8 28 290 M M 0 35 290
16 60 27 44 -5 21 0 0.00 M M 7.3 14 320 M M 0 17 310
17 64 32 48 -1 17 0 0.00 M M 9.7 21 160 M M 0 26 150
18 69 34 52 3 13 0 0.00 M M 7.6 22 170 M M 0 27 160
19 59 34 47 -2 18 0 0.00 M M 10.3 16 290 M M 0 22 310
20 60 38 49 0 16 0 0.00 M M 9.1 15 220 M M 0 18 230
21 71 40 56 7 9 0 0.00 M M 9.9 16 220 M M 0 19 220
22 75 35 55 7 10 0 0.00 M M 8.4 16 250 M M 0 24 230
23 72 33 53 5 12 0 0.00 M M 14.1 28 280 M M 0 8 38 270
24 52 22 37 -11 28 0 0.00 M M 8.1 15 330 M M 0 20 320
25 65 31 48 0 17 0 0.00 M M 9.3 14 220 M M 0 17 150
26 72 40 56 8 9 0 0.00 M M 9.4 15 230 M M 1 20 300
27 76 46 61 13 4 0 0.00 M M 9.4 17 220 M M 0 21 220
28 66 40 53 5 12 0 0.00 M M 9.3 23 140 M M 0 29 150
29 78 54 66 18 0 1 0.00 M M 17.7 31 160 M M 0 41 160
30 54 31 43 -5 22 0 0.55 M M 11.8 22 20 M M 7 1 27 20
31 32 22 27 -21 38 0 0.24 M M 7.8 20 360 M M 8 1 23 360
================================================================================
SM 1870 1053 485 3 1.28 M 312.1 M 35
================================================================================
AV 62.3 35.1 10.1 FASTST M M 1 MAX(MPH)
MISC ----> 39 310 50 310
================================================================================
NOTES:
# LAST OF SEVERAL OCCURRENCES
COLUMN 17 PEAK WIND IN M.P.H.
PRELIMINARY LOCAL CLIMATOLOGICAL DATA (WS FORM: F-6) , PAGE 2
STATION: FORT STOCKTON
MONTH: DECEMBER
YEAR: 2020
LATITUDE: 30 55 N
LONGITUDE: 102 55 W
[TEMPERATURE DATA] [PRECIPITATION DATA] SYMBOLS USED IN COLUMN 16
AVERAGE MONTHLY: 48.7 TOTAL FOR MONTH: 1.28 1 = FOG OR MIST
DPTR FM NORMAL: -0.8 DPTR FM NORMAL: 0.71 2 = FOG REDUCING VISIBILITY
HIGHEST: 82 ON 10 GRTST 24HR 0.77 ON 30-31 TO 1/4 MILE OR LESS
LOWEST: 22 ON 31,24 3 = THUNDER
SNOW, ICE PELLETS, HAIL 4 = ICE PELLETS
TOTAL MONTH: M 5 = HAIL
GRTST 24HR M ON M 6 = FREEZING RAIN OR DRIZZLE
GRTST DEPTH: M ON M 7 = DUSTSTORM OR SANDSTORM:
VSBY 1/2 MILE OR LESS
8 = SMOKE OR HAZE
[NO. OF DAYS WITH] [WEATHER - DAYS WITH] 9 = BLOWING SNOW
X = TORNADO
MAX 32 OR BELOW: 1 0.01 INCH OR MORE: 4
MAX 90 OR ABOVE: 0 0.10 INCH OR MORE: 3
MIN 32 OR BELOW: 11 0.50 INCH OR MORE: 1
MIN 0 OR BELOW: 0 1.00 INCH OR MORE: 0
[HDD (BASE 65) ]
TOTAL THIS MO. 485 CLEAR (SCALE 0-3) 28
DPTR FM NORMAL 1 PTCLDY (SCALE 4-7) 1
TOTAL FM JUL 1 786 CLOUDY (SCALE 8-10) 2
DPTR FM NORMAL -25
[CDD (BASE 65) ]
TOTAL THIS MO. 3
DPTR FM NORMAL 0 [PRESSURE DATA]
TOTAL FM JAN 1 2957 HIGHEST SLP 30.46 ON 24
DPTR FM NORMAL 404 LOWEST SLP 29.59 ON 29
[REMARKS]
#FINAL-12-20#