000
CXUS54 KJAN 011410
CF6HKS
PRELIMINARY LOCAL CLIMATOLOGICAL DATA (WS FORM: F-6)
STATION: JACKSON HAWKINS
MONTH: SEPTEMBER
YEAR: 2022
LATITUDE: 32 20 N
LONGITUDE: 90 14 W
TEMPERATURE IN F: :PCPN: SNOW: WIND :SUNSHINE: SKY :PK WND
================================================================================
1 2 3 4 5 6A 6B 7 8 9 10 11 12 13 14 15 16 17 18
12Z AVG MX 2MIN
DY MAX MIN AVG DEP HDD CDD WTR SNW DPTH SPD SPD DIR MIN PSBL S-S WX SPD DR
================================================================================
1 92 70 81 0 0 16 T 0.0 0 1.6 8 70 M M 0 12 10
2 93 71 82 1 0 17 0.00 0.0 0 2.6 9 150 M M 1 16 180
3 91 73 82 1 0 17 0.27 0.0 0 3.4 16 190 M M 2 13 20 190
4 85 74 80 0 0 15 0.01 0.0 0 4.0 12 220 M M 7 1 14 220
5 84 74 79 -1 0 14 0.00 0.0 0 3.6 9 260 M M 6 1 13 220
6 88 71 80 0 0 15 0.03 0.0 0 2.8 15 340 M M 3 13 23 350
7 90 68 79 -1 0 14 0.28 0.0 0 1.9 25 30 M M 2 13 45 40
8 87 68 78 -2 0 13 0.00 0.0 0 3.7 12 360 M M 1 1 19 350
9 87 67 77 -3 0 12 0.94 0.0 0 2.4 22 100 M M 4 13 32 110
10 88 72 80 1 0 15 0.02 0.0 0 2.3 12 140 M M 8 3 14 140
11 87 70 79 0 0 14 T 0.0 0 3.0 14 300 M M 2 1 20 330
12 83 62 73 -6 0 8 0.00 0.0 0 4.6 10 300 M M 2 16 320
13 84 58 71 -7 0 6 0.00 0.0 0 2.3 13 60 M M 0 8 19 50
14 87 59 73 -5 0 8 0.00 0.0 0 2.3 12 80 M M 0 17 60
15 88 62 75 -3 0 10 0.00 0.0 0 1.6 10 70 M M 2 18 14 60
16 89 64 77 -1 0 12 0.00 0.0 0 2.0 8 110 M M 3 1 13 180
17 90 65 78 0 0 13 0.00 0.0 0 3.4 10 140 M M 0 1 13 140
18 93 67 80 3 0 15 0.00 0.0 0 2.2 8 120 M M 1 10 120
19 92 71 82 5 0 17 0.00 0.0 0 3.3 13 280 M M 0 1 16 M
20 94 69 82 5 0 17 0.00 0.0 0 1.5 12 100 M M 0 18 16 100
21 96 72 84 8 0 19 0.00 0.0 0 3.1 12 350 M M 0 1 18 360
22 97 72 85 9 0 20 0.00 0.0 0 4.1 12 310 M M 0 1 17 310
23 89 68 79 3 0 14 0.00 0.0 0 4.2 13 70 M M 2 18 40
24 92 64 78 3 0 13 0.00 0.0 0 1.9 9 320 M M 0 13 300
25 94 70 82 7 0 17 T 0.0 0 3.4 21 300 M M 1 26 290
26 85 60 73 -2 0 8 0.00 0.0 0 4.7 13 350 M M 1 20 340
27 82 54 68 -6 0 3 0.00 0.0 0 4.0 14 30 M M 0 8 21 10
28 80 59 70 -4 0 5 0.00 0.0 0 7.1 18 360 M M 0 31 360
29 76 52 64 -10 1 0 0.00 0.0 0 6.2 13 10 M M 0 23 30
30 81 54 68 -5 0 3 0.00 0.0 M 5.6 14 40 M M 0 22 340
================================================================================
SM 2644 1980 1 370 1.55 0.0 98.8 M 48
================================================================================
AV 88.1 66.0 3.3 FASTST M M 2 MAX(MPH)
MISC ----> 25 30 45 40
================================================================================
NOTES:
# LAST OF SEVERAL OCCURRENCES
COLUMN 17 PEAK WIND IN M.P.H.
PRELIMINARY LOCAL CLIMATOLOGICAL DATA (WS FORM: F-6) , PAGE 2
STATION: JACKSON HAWKINS
MONTH: SEPTEMBER
YEAR: 2022
LATITUDE: 32 20 N
LONGITUDE: 90 14 W
[TEMPERATURE DATA] [PRECIPITATION DATA] SYMBOLS USED IN COLUMN 16
AVERAGE MONTHLY: 77.1 TOTAL FOR MONTH: 1.55 1 = FOG OR MIST
DPTR FM NORMAL: -0.6 DPTR FM NORMAL: -1.79 2 = FOG REDUCING VISIBILITY
HIGHEST: 97 ON 22 GRTST 24HR 0.94 ON 9- 9 TO 1/4 MILE OR LESS
LOWEST: 52 ON 29 3 = THUNDER
SNOW, ICE PELLETS, HAIL 4 = ICE PELLETS
TOTAL MONTH: 0.0 INCH 5 = HAIL
GRTST 24HR 0.0 6 = FREEZING RAIN OR DRIZZLE
GRTST DEPTH: 0 7 = DUSTSTORM OR SANDSTORM:
VSBY 1/2 MILE OR LESS
8 = SMOKE OR HAZE
[NO. OF DAYS WITH] [WEATHER - DAYS WITH] 9 = BLOWING SNOW
X = TORNADO
MAX 32 OR BELOW: 0 0.01 INCH OR MORE: 6
MAX 90 OR ABOVE: 12 0.10 INCH OR MORE: 3
MIN 32 OR BELOW: 0 0.50 INCH OR MORE: 1
MIN 0 OR BELOW: 0 1.00 INCH OR MORE: 0
[HDD (BASE 65) ]
TOTAL THIS MO. 1 CLEAR (SCALE 0-3) 26
DPTR FM NORMAL -1 PTCLDY (SCALE 4-7) 4
TOTAL FM JUL 1 1 CLOUDY (SCALE 8-10) 0
DPTR FM NORMAL 1
[CDD (BASE 65) ]
TOTAL THIS MO. 370
DPTR FM NORMAL -12 [PRESSURE DATA]
TOTAL FM JAN 1 2609 HIGHEST SLP 30.25 ON 28
DPTR FM NORMAL 254 LOWEST SLP 29.74 ON 9
[REMARKS]
#FINAL-09-22#