109
CXUS54 KJAN 012348
CF6HKS
PRELIMINARY LOCAL CLIMATOLOGICAL DATA (WS FORM: F-6)
STATION: JACKSON HAWKINS
MONTH: NOVEMBER
YEAR: 2020
LATITUDE: 32 20 N
LONGITUDE: 90 14 W
TEMPERATURE IN F: :PCPN: SNOW: WIND :SUNSHINE: SKY :PK WND
================================================================================
1 2 3 4 5 6A 6B 7 8 9 10 11 12 13 14 15 16 17 18
12Z AVG MX 2MIN
DY MAX MIN AVG DEP HDD CDD WTR SNW DPTH SPD SPD DIR MIN PSBL S-S WX SPD DR
================================================================================
1 71 47 59 -2 6 0 0.00 0.0 0 4.4 15 350 M M 0 1 26 30
2 63 41 52 -9 13 0 0.00 0.0 0 4.2 10 80 M M 0 16 40
3 71 39 55 -5 10 0 0.00 0.0 0 0.5 7 290 M M 0 1 9 290
4 75 42 59 -1 6 0 0.00 0.0 0 1.7 8 140 M M 0 1 11 120
5 74 46 60 0 5 0 0.00 0.0 0 1.0 9 70 M M 0 8 16 70
6 78 49 64 5 1 0 0.00 0.0 0 4.1 12 30 M M 1 12 18 70
7 80 62 71 12 0 6 0.00 0.0 0 5.9 13 100 M M 1 18 80
8 80 66 73 14 0 8 0.00 0.0 0 7.9 15 110 M M 4 22 120
9 78 64 71 13 0 6 0.00 0.0 0 5.5 13 130 M M 5 20 110
10 78 66 72 14 0 7 0.10 0.0 0 2.9 9 130 M M 10 128 13 110
11 76 57 67 9 0 2 T 0.0 0 3.1 10 340 M M 8 12 15 10
12 76 49 63 6 2 0 0.00 0.0 0 2.6 12 320 M M 0 16 320
13 77 49 63 6 2 0 0.00 0.0 0 2.0 13 20 M M 0 1 20 20
14 80 51 66 9 0 1 0.00 0.0 0 9.5 21 170 M M 2 31 180
15 70 43 57 1 8 0 0.01 0.0 0 7.1 23 350 M M 5 41 350
16 68 37 53 -3 12 0 0.00 0.0 0 1.7 13 80 M M 0 23 70
17 70 39 55 -1 10 0 0.00 0.0 0 2.7 14 40 M M 0 23 50
18 71 43 57 2 8 0 0.00 0.0 0 4.3 12 80 M M 0 17 80
19 72 42 57 2 8 0 0.00 0.0 0 7.6 15 130 M M 0 19 130
20 77 46 62 7 3 0 0.00 0.0 0 3.0 10 130 M M 0 18 13 150
21 76 49 63 9 2 0 0.00 0.0 0 1.2 8 70 M M 1 12 13 150
22 76 50 63 9 2 0 0.00 0.0 0 4.2 15 290 M M 4 1 23 350
23 62 43 53 -1 12 0 0.00 0.0 0 5.6 13 50 M M 3 21 50
24 73 36 55 1 10 0 0.00 0.0 0 7.8 20 150 M M 3 27 150
25 75 54 65 12 0 0 0.60 0.0 0 8.8 30 230 M M 5 13 40 220
26 70 46 58 5 7 0 0.00 0.0 0 3.0 9 80 M M 0 1 12 100
27 67 56 62 9 3 0 0.97 0.0 0 3.4 15 300 M M 9 138 19 310
28 61 52 57 5 8 0 0.01 0.0 0 4.0 10 90 M M 8 1 15 100
29 56 43 50 -2 15 0 1.82 0.0 0 7.3 21 290 M M 9 1 29 300
30 47 30 39 -13 26 0 0.00 0.0 0 8.9 24 300 M M 4 33 300
================================================================================
SM 2148 1437 179 30 3.51 0.0 135.9 M 82
================================================================================
AV 71.6 47.9 4.5 FASTST M M 3 MAX(MPH)
MISC ----> # 30 230 # 41 350
================================================================================
NOTES:
# LAST OF SEVERAL OCCURRENCES
COLUMN 17 PEAK WIND IN M.P.H.
PRELIMINARY LOCAL CLIMATOLOGICAL DATA (WS FORM: F-6) , PAGE 2
STATION: JACKSON HAWKINS
MONTH: NOVEMBER
YEAR: 2020
LATITUDE: 32 20 N
LONGITUDE: 90 14 W
[TEMPERATURE DATA] [PRECIPITATION DATA] SYMBOLS USED IN COLUMN 16
AVERAGE MONTHLY: 59.8 TOTAL FOR MONTH: 3.51 1 = FOG OR MIST
DPTR FM NORMAL: 3.5 DPTR FM NORMAL: -1.26 2 = FOG REDUCING VISIBILITY
HIGHEST: 80 ON 14, 8 GRTST 24HR 1.82 ON 29-29 TO 1/4 MILE OR LESS
LOWEST: 30 ON 30 3 = THUNDER
SNOW, ICE PELLETS, HAIL 4 = ICE PELLETS
TOTAL MONTH: 0.0 INCH 5 = HAIL
GRTST 24HR 0.0 6 = FREEZING RAIN OR DRIZZLE
GRTST DEPTH: 0 7 = DUSTSTORM OR SANDSTORM:
VSBY 1/2 MILE OR LESS
8 = SMOKE OR HAZE
[NO. OF DAYS WITH] [WEATHER - DAYS WITH] 9 = BLOWING SNOW
X = TORNADO
MAX 32 OR BELOW: 0 0.01 INCH OR MORE: 6
MAX 90 OR ABOVE: 0 0.10 INCH OR MORE: 4
MIN 32 OR BELOW: 1 0.50 INCH OR MORE: 3
MIN 0 OR BELOW: 0 1.00 INCH OR MORE: 1
[HDD (BASE 65) ]
TOTAL THIS MO. 179 CLEAR (SCALE 0-3) 19
DPTR FM NORMAL -100 PTCLDY (SCALE 4-7) 7
TOTAL FM JUL 1 233 CLOUDY (SCALE 8-10) 4
DPTR FM NORMAL -131
[CDD (BASE 65) ]
TOTAL THIS MO. 30
DPTR FM NORMAL 12 [PRESSURE DATA]
TOTAL FM JAN 1 2512 HIGHEST SLP M ON M
DPTR FM NORMAL 185 LOWEST SLP 29.83 ON M
[REMARKS]
#FINAL-11-20#