000
CXUS55 KLBF 011410
CF6IML
PRELIMINARY LOCAL CLIMATOLOGICAL DATA (WS FORM: F-6)
STATION: IMPERIAL
MONTH: SEPTEMBER
YEAR: 2021
LATITUDE: 40 31 N
LONGITUDE: 101 37 W
TEMPERATURE IN F: :PCPN: SNOW: WIND :SUNSHINE: SKY :PK WND
================================================================================
1 2 3 4 5 6A 6B 7 8 9 10 11 12 13 14 15 16 17 18
12Z AVG MX 2MIN
DY MAX MIN AVG DEP HDD CDD WTR SNW DPTH SPD SPD DIR MIN PSBL S-S WX SPD DR
================================================================================
1 95 66 81 11 0 16 0.34 M M 14.6 35 180 M M 6 38 53 150
2 85 63 74 4 0 9 T M M 9.6 22 180 M M 4 36 170
3 77 61 69 -1 0 4 0.07 M M 6.5 13 60 M M 5 23 70
4 84 60 72 2 0 7 0.00 M M 5.1 13 180 M M 1 19 120
5 87 56 72 3 0 7 0.00 M M 5.5 15 190 M M 0 22 120
6 96 49 73 4 0 8 0.00 M M 7.7 14 240 M M 0 25 250
7 83 51 67 -2 0 2 0.00 M M 9.4 20 10 M M 0 30 40
8 88 48 68 0 0 3 0.00 M M 6.3 18 200 M M 0 8 31 200
9 91 48 70 2 0 5 0.00 M M 5.0 12 290 M M 0 16 120
10 100 49 75 7 0 10 0.00 M M 7.5 15 260 M M 0 21 270
11 100 57 79 12 0 14 T M M 8.5 21 310 M M 0 35 260
12 88 63 76 9 0 11 T M M 7.0 14 330 M M 0 20 250
13 86 58 72 6 0 7 T M M 5.9 21 130 M M 0 35 130
14 78 54 66 0 0 1 0.01 0.0 M 6.0 17 60 M M 3 29 60
15 91 52 72 6 0 7 0.00 M M 10.5 15 180 M M 2 31 190
16 97 62 80 15 0 15 0.24 M M 11.8 40 220 M M 1 3 61 220
17 70 53 62 -3 3 0 0.00 M M 10.8 28 20 M M 8 47 10
18 90 60 75 11 0 10 0.00 M M 12.8 21 180 M M 4 36 190
19 93 58 76 12 0 11 0.00 M M 9.2 23 180 M M 0 40 180
20 71 49 60 -4 5 0 T M M 14.9 32 340 M M 3 45 310
21 71 36 54 -9 11 0 0.01 M M 8.0 18 330 M M 3 28 290
22 83 32 58 -5 7 0 0.00 M M 7.1 18 210 M M 0 28 240
23 89 42 66 4 0 1 0.00 M M 7.7 14 300 M M 0 20 300
24 78 46 62 0 3 0 0.00 M M 9.7 20 10 M M 0 35 70
25 88 44 66 5 0 1 0.00 M M 9.4 24 210 M M 0 40 210
26 97 43 70 9 0 5 0.00 M M 7.8 18 310 M M 0 26 270
27 95 47 71 11 0 6 0.00 M M 7.2 12 130 M M 0 22 120
28 90 46 68 8 0 3 0.00 M M 10.8 29 170 M M 1 47 150
29 83 51 67 8 0 2 0.16 M M 11.0 28 340 M M 4 3 40 350
30 70 50 60 1 5 0 0.00 M M 12.0 18 330 M M 7 32 350
================================================================================
SM 2594 1554 34 165 0.83 0.0 265.3 M 52
================================================================================
AV 86.5 51.8 8.8 FASTST M M 2 MAX(MPH)
MISC ----> 40 220 61 220
================================================================================
NOTES:
# LAST OF SEVERAL OCCURRENCES
COLUMN 17 PEAK WIND IN M.P.H.
PRELIMINARY LOCAL CLIMATOLOGICAL DATA (WS FORM: F-6) , PAGE 2
STATION: IMPERIAL
MONTH: SEPTEMBER
YEAR: 2021
LATITUDE: 40 31 N
LONGITUDE: 101 37 W
[TEMPERATURE DATA] [PRECIPITATION DATA] SYMBOLS USED IN COLUMN 16
AVERAGE MONTHLY: 69.1 TOTAL FOR MONTH: 0.83 1 = FOG OR MIST
DPTR FM NORMAL: 3.8 DPTR FM NORMAL: -0.46 2 = FOG REDUCING VISIBILITY
HIGHEST: 100 ON 11,10 GRTST 24HR 0.34 ON 1- 1 TO 1/4 MILE OR LESS
LOWEST: 32 ON 22 3 = THUNDER
SNOW, ICE PELLETS, HAIL 4 = ICE PELLETS
TOTAL MONTH: 0.0 INCH 5 = HAIL
GRTST 24HR 0.0 6 = FREEZING RAIN OR DRIZZLE
GRTST DEPTH: M ON M 7 = DUSTSTORM OR SANDSTORM:
VSBY 1/2 MILE OR LESS
8 = SMOKE OR HAZE
[NO. OF DAYS WITH] [WEATHER - DAYS WITH] 9 = BLOWING SNOW
X = TORNADO
MAX 32 OR BELOW: 0 0.01 INCH OR MORE: 6
MAX 90 OR ABOVE: 12 0.10 INCH OR MORE: 3
MIN 32 OR BELOW: 1 0.50 INCH OR MORE: 0
MIN 0 OR BELOW: 0 1.00 INCH OR MORE: 0
[HDD (BASE 65) ]
TOTAL THIS MO. 34 CLEAR (SCALE 0-3) 23
DPTR FM NORMAL -64 PTCLDY (SCALE 4-7) 6
TOTAL FM JUL 1 34 CLOUDY (SCALE 8-10) 1
DPTR FM NORMAL -74
[CDD (BASE 65) ]
TOTAL THIS MO. 165
DPTR FM NORMAL 60 [PRESSURE DATA]
TOTAL FM JAN 1 1228 HIGHEST SLP 30.49 ON 21
DPTR FM NORMAL 220 LOWEST SLP 29.51 ON 19
[REMARKS]
#FINAL-09-21#