000
CXUS56 KLOX 011255
CF6LAX
PRELIMINARY LOCAL CLIMATOLOGICAL DATA (WS FORM: F-6)
STATION: LOS ANGELES INTL AIRPORT CA
MONTH: FEBRUARY
YEAR: 2022
LATITUDE: 33 55 N
LONGITUDE: 118 24 W
TEMPERATURE IN F: :PCPN: SNOW: WIND :SUNSHINE: SKY :PK WND
================================================================================
1 2 3 4 5 6A 6B 7 8 9 10 11 12 13 14 15 16 17 18
12Z AVG MX 2MIN
DY MAX MIN AVG DEP HDD CDD WTR SNW DPTH SPD SPD DIR MIN PSBL S-S WX SPD DR
================================================================================
1 63 52 58 0 7 0 0.00 M M 5.3 14 270 M M 5 18 17 290
2 65 45 55 -3 10 0 0.00 M M 5.8 14 230 M M 0 18 22 220
3 66 45 56 -2 9 0 0.00 M M 4.8 15 250 M M 1 18 250
4 69 47 58 0 7 0 0.00 M M 3.9 16 280 M M 1 20 280
5 71 43 57 -1 8 0 0.00 M M 5.0 14 230 M M 0 17 220
6 72 45 59 1 6 0 0.00 M M 3.7 13 270 M M 0 16 280
7 78 47 63 5 2 0 0.00 M M 4.6 14 240 M M 0 17 220
8 79 52 66 8 0 1 0.00 M M 5.3 14 270 M M 3 16 270
9 85 52 69 11 0 4 0.00 M M 3.9 15 240 M M 1 19 240
10 82 55 69 11 0 4 0.00 M M 6.7 16 260 M M 0 19 290
11 81 53 67 9 0 2 0.00 M M 5.1 14 260 M M 0 17 260
12 89 52 71 13 0 6 0.00 M M 5.7 17 270 M M 1 20 270
13 85 60 73 15 0 8 0.00 M M 7.4 14 260 M M 1 17 270
14 73 53 63 5 2 0 0.00 M M 6.4 17 260 M M 3 19 260
15 62 53 58 0 7 0 0.01 M M 11.7 32 250 M M 7 3 36 260
16 65 46 56 -2 9 0 0.00 M M 7.9 17 230 M M 2 23 240
17 71 49 60 2 5 0 0.00 M M 6.5 17 270 M M 0 23 280
18 72 49 61 3 4 0 0.00 M M 6.3 21 270 M M 2 23 270
19 69 49 59 1 6 0 0.00 M M 6.4 20 260 M M 1 21 260
20 63 49 56 -2 9 0 0.00 M M 6.1 18 250 M M 6 18 23 240
21 60 54 57 -1 8 0 T M M 8.4 21 250 M M 7 27 260
22 61 47 54 -4 11 0 0.03 M M 17.3 31 270 M M 6 36 260
23 57 46 52 -6 13 0 0.00 M M 11.1 23 270 M M 5 29 340
24 61 39 50 -8 15 0 0.00 M M 8.1 21 270 M M 0 25 270
25 62 42 52 -6 13 0 0.00 M M 6.9 15 260 M M 1 19 260
26 67 45 56 -2 9 0 0.00 M M 5.3 16 270 M M 3 21 270
27 76 48 62 4 3 0 0.00 M M 5.8 17 270 M M 4 20 280
28 82 49 66 8 0 1 0.00 M M 3.9 14 260 M M 1 19 200
================================================================================
SM 1986 1366 163 26 0.04 M 185.3 M 61
================================================================================
AV 70.9 48.8 6.6 FASTST M M 2 MAX(MPH)
MISC ----> 32 250 # 36 260
================================================================================
NOTES:
# LAST OF SEVERAL OCCURRENCES
COLUMN 17 PEAK WIND IN M.P.H.
PRELIMINARY LOCAL CLIMATOLOGICAL DATA (WS FORM: F-6) , PAGE 2
STATION: LOS ANGELES INTL AIRPORT CA
MONTH: FEBRUARY
YEAR: 2022
LATITUDE: 33 55 N
LONGITUDE: 118 24 W
[TEMPERATURE DATA] [PRECIPITATION DATA] SYMBOLS USED IN COLUMN 16
AVERAGE MONTHLY: 59.9 TOTAL FOR MONTH: 0.04 1 = FOG OR MIST
DPTR FM NORMAL: 2.0 DPTR FM NORMAL: -2.95 2 = FOG REDUCING VISIBILITY
HIGHEST: 89 ON 12 GRTST 24HR 0.03 ON 22-23 TO 1/4 MILE OR LESS
LOWEST: 39 ON 24 3 = THUNDER
SNOW, ICE PELLETS, HAIL 4 = ICE PELLETS
TOTAL MONTH: M 5 = HAIL
GRTST 24HR M ON M 6 = FREEZING RAIN OR DRIZZLE
GRTST DEPTH: M ON M 7 = DUSTSTORM OR SANDSTORM:
VSBY 1/2 MILE OR LESS
8 = SMOKE OR HAZE
[NO. OF DAYS WITH] [WEATHER - DAYS WITH] 9 = BLOWING SNOW
X = TORNADO
MAX 32 OR BELOW: 0 0.01 INCH OR MORE: 2
MAX 90 OR ABOVE: 0 0.10 INCH OR MORE: 0
MIN 32 OR BELOW: 0 0.50 INCH OR MORE: 0
MIN 0 OR BELOW: 0 1.00 INCH OR MORE: 0
[HDD (BASE 65) ]
TOTAL THIS MO. 163 CLEAR (SCALE 0-3) 20
DPTR FM NORMAL -44 PTCLDY (SCALE 4-7) 8
TOTAL FM JUL 1 762 CLOUDY (SCALE 8-10) 0
DPTR FM NORMAL -50
[CDD (BASE 65) ]
TOTAL THIS MO. 26
DPTR FM NORMAL 19 [PRESSURE DATA]
TOTAL FM JAN 1 31 HIGHEST SLP 30.38 ON 4
DPTR FM NORMAL 25 LOWEST SLP 29.73 ON 15
[REMARKS]
#FINAL-02-22#