000
CXUS54 KCRP 011300
CF6LRD
PRELIMINARY LOCAL CLIMATOLOGICAL DATA (WS FORM: F-6)
STATION: LAREDO
MONTH: MARCH
YEAR: 2020
LATITUDE: 27 31 N
LONGITUDE: 99 28 W
TEMPERATURE IN F: :PCPN: SNOW: WIND :SUNSHINE: SKY :PK WND
================================================================================
1 2 3 4 5 6A 6B 7 8 9 10 11 12 13 14 15 16 17 18
12Z AVG MX 2MIN
DY MAX MIN AVG DEP HDD CDD WTR SNW DPTH SPD SPD DIR MIN PSBL S-S WX SPD DR
================================================================================
1 86 61 74 9 0 9 0.00 0.0 0 M M M M M 0 M M
2 89 63 76 11 0 11 0.00 0.0 0 M M M M M 1 M M
3 82 68 75 10 0 10 0.00 0.0 0 M M M M M 8 M M
4 83 61 72 7 0 7 T 0.0 0 M M M M M 4 M M
5 75 52 64 -2 1 0 0.00 0.0 0 M M M M M 0 M M
6 80 47 64 -2 1 0 0.00 0.0 0 M M M M M 0 M M
7 76 58 67 1 0 2 T 0.0 0 M M M M M 3 M M
8 79 55 67 1 0 2 0.00 0.0 0 M M M M M 4 M M
9 80 66 73 6 0 8 0.00 0.0 0 M M M M M 4 M M
10 82 67 75 8 0 10 T 0.0 0 M M M M M 4 M M
11 92 65 79 12 0 14 0.00 0.0 0 M M M M M 2 1 M M
12 93 67 80 13 0 15 0.00 0.0 0 M M M M M 0 M M
13 94 69 82 14 0 17 0.00 0.0 0 M M M M M 2 M M
14 93 71 82 14 0 17 0.00 0.0 0 M M M M M 3 M M
15 90 72 81 13 0 16 T 0.0 0 M M M M M 8 M M
16 88 69 79 11 0 14 T 0.0 0 M M M M M 7 M M
17 92 68 80 11 0 15 0.02 0.0 0 M M M M M 4 3 M M
18 92 70 81 12 0 16 0.03 0.0 0 M M M M M 3 M M
19 96 72 84 15 0 19 T 0.0 0 M M M M M 1 3 M M
20 80 55 68 -1 0 3 0.04 0.0 0 M M M M M 9 13 M M
21 59 53 56 -14 9 0 0.12 0.0 0 M M M M M 10 13 M M
22 65 54 60 -10 5 0 0.01 0.0 0 M M M M M 9 1 M M
23 90 62 76 6 0 11 0.00 0.0 0 M M M M M 5 M M
24 94 66 80 10 0 15 0.00 0.0 0 M M M M M 1 M M
25 97 69 83 12 0 18 0.00 0.0 0 M M M M M 0 1 M M
26 103 72 88 17 0 23 0.00 0.0 0 M M M M M 3 8 M M
27 101 70 86 15 0 21 0.00 0.0 0 M M M M M 0 M M
28 86 69 78 6 0 13 0.00 0.0 0 M M M M M 4 M M
29 80 60 70 -2 0 5 0.01 0.0 0 M M M M M 8 1 M M
30 80 64 72 0 0 7 T 0.0 0 M M M M M 7 M M
31 92 64 78 6 0 13 0.00 0.0 0 M M M M M 1 1 M M
================================================================================
SM 2669 1979 16 331 0.23 0.0 M M 115
================================================================================
AV 86.1 63.8 M FASTST M M 4 MAX(MPH)
MISC ----> M M M M
================================================================================
NOTES:
# LAST OF SEVERAL OCCURRENCES
COLUMN 17 PEAK WIND IN M.P.H.
PRELIMINARY LOCAL CLIMATOLOGICAL DATA (WS FORM: F-6) , PAGE 2
STATION: LAREDO
MONTH: MARCH
YEAR: 2020
LATITUDE: 27 31 N
LONGITUDE: 99 28 W
[TEMPERATURE DATA] [PRECIPITATION DATA] SYMBOLS USED IN COLUMN 16
AVERAGE MONTHLY: 75.0 TOTAL FOR MONTH: 0.23 1 = FOG OR MIST
DPTR FM NORMAL: 6.6 DPTR FM NORMAL: -0.89 2 = FOG REDUCING VISIBILITY
HIGHEST: 103 ON 26 GRTST 24HR 0.12 ON 21-21 TO 1/4 MILE OR LESS
LOWEST: 47 ON 6 3 = THUNDER
SNOW, ICE PELLETS, HAIL 4 = ICE PELLETS
TOTAL MONTH: 0.0 INCH 5 = HAIL
GRTST 24HR 0.0 6 = FREEZING RAIN OR DRIZZLE
GRTST DEPTH: 0 7 = DUSTSTORM OR SANDSTORM:
VSBY 1/2 MILE OR LESS
8 = SMOKE OR HAZE
[NO. OF DAYS WITH] [WEATHER - DAYS WITH] 9 = BLOWING SNOW
X = TORNADO
MAX 32 OR BELOW: 0 0.01 INCH OR MORE: 6
MAX 90 OR ABOVE: 14 0.10 INCH OR MORE: 1
MIN 32 OR BELOW: 0 0.50 INCH OR MORE: 0
MIN 0 OR BELOW: 0 1.00 INCH OR MORE: 0
[HDD (BASE 65) ]
TOTAL THIS MO. 16 CLEAR (SCALE 0-3) 14
DPTR FM NORMAL -53 PTCLDY (SCALE 4-7) 14
TOTAL FM JUL 1 602 CLOUDY (SCALE 8-10) 3
DPTR FM NORMAL -311
[CDD (BASE 65) ]
TOTAL THIS MO. 331
DPTR FM NORMAL 158 [PRESSURE DATA]
TOTAL FM JAN 1 472 HIGHEST SLP 30.49 ON 6
DPTR FM NORMAL 214 LOWEST SLP 29.56 ON 27
[REMARKS]
#FINAL-03-20#