607
CXUS54 KLZK 011130
CF6MEZ
PRELIMINARY LOCAL CLIMATOLOGICAL DATA (WS FORM: F-6)
STATION: Mena Airport
MONTH: MAY
YEAR: 2020
LATITUDE: 34 9 N
LONGITUDE: 94 15 W
TEMPERATURE IN F: :PCPN: SNOW: WIND :SUNSHINE: SKY :PK WND
================================================================================
1 2 3 4 5 6A 6B 7 8 9 10 11 12 13 14 15 16 17 18
12Z AVG MX 2MIN
DY MAX MIN AVG DEP HDD CDD WTR SNW DPTH SPD SPD DIR MIN PSBL S-S WX SPD DR
================================================================================
1 82 46 64 1 1 0 0.00 M M 2.7 8 130 M M 0 18 200
2 84 66 75 12 0 10 0.00 M M 3.5 8 230 M M 1 M M
3 81 36 59 -4 6 0 0.00 M M 2.6 6 240 M M 10 M M
4 86 55 71 7 0 6 0.00 M M 2.6 8 190 M M 5 M M
5 75 52 64 0 1 0 0.02 M M 5.3 12 280 M M 2 3 16 10
6 77 45 61 -3 4 0 0.00 M M 4.2 13 290 M M 0 17 20
7 70 45 58 -6 7 0 0.00 M M 2.2 9 100 M M 4 M M
8 70 45 58 -7 7 0 1.49 M M 6.8 16 330 M M 5 3 24 350
9 72 43 58 -7 7 0 0.00 M M 2.1 8 80 M M 0 M M
10 73 52 63 -2 2 0 0.00 M M 2.3 7 340 M M 4 M M
11 68 52 60 -6 5 0 0.00 M M 5.4 12 70 M M 7 20 70
12 55 50 53 -13 12 0 1.36 M M 5.5 12 80 M M 9 3 M M
13 82 54 68 2 0 3 0.03 M M 3.0 6 120 M M 7 M M
14 84 68 76 10 0 11 0.00 M M 3.4 10 130 M M 7 M M
15 79 61 70 3 0 5 0.88 M M 2.4 9 360 M M 9 3 M M
16 73 -35 19 -48 46 0 3.20 M M 3.1 10 60 M M 9 3 M M
17 81 55 68 1 0 3 0.07 M M 6.0 14 320 M M 5 21 310
18 81 52 67 0 0 2 0.00 M M 5.9 16 280 M M 0 22 290
19 82 54 68 0 0 3 0.00 M M 1.5 8 40 M M 5 M M
20 81 54 68 0 0 3 0.00 M M 2.0 8 50 M M 0 M M
21 79 59 69 1 0 4 0.00 M M 2.3 10 90 M M 8 3 M M
22 86 -35 26 -42 39 0 0.86 M M 1.1 5 10 M M 6 3 M M
23 82 10 46 -23 19 0 0.38 M M 3.3 15 240 M M 3 3 23 240
24 86 61 74 5 0 9 0.22 M M 3.6 15 230 M M 5 3 21 230
25 84 -35 25 -44 40 0 3.45 M M 1.4 7 90 M M 9 3 16 210
26 77 66 72 3 0 7 0.95 M M 1.7 7 240 M M 9 3 M M
27 75 63 69 -1 0 4 0.48 M M 2.3 12 230 M M 8 3 18 230
28 82 64 73 3 0 8 0.16 M M 3.1 13 270 M M 6 M M
29 82 55 69 -1 0 4 0.00 M M 3.5 9 30 M M 1 M M
30 82 52 67 -3 0 2 0.00 M M 2.0 9 90 M M 0 M M
31 82 54 68 -3 0 3 0.00 M M 2.6 7 80 M M 0 M M
================================================================================
SM 2433 1364 196 87 13.55 M 99.4 M 144
================================================================================
AV 78.5 44.0 3.2 FASTST M M 5 MAX(MPH)
MISC ----> # 16 330 # 24 350
================================================================================
NOTES:
# LAST OF SEVERAL OCCURRENCES
COLUMN 17 PEAK WIND IN M.P.H.
PRELIMINARY LOCAL CLIMATOLOGICAL DATA (WS FORM: F-6) , PAGE 2
STATION: Mena Airport
MONTH: MAY
YEAR: 2020
LATITUDE: 34 9 N
LONGITUDE: 94 15 W
[TEMPERATURE DATA] [PRECIPITATION DATA] SYMBOLS USED IN COLUMN 16
AVERAGE MONTHLY: 61.2 TOTAL FOR MONTH: 13.55 1 = FOG OR MIST
DPTR FM NORMAL: -5.6 DPTR FM NORMAL: 6.71 2 = FOG REDUCING VISIBILITY
HIGHEST: 86 ON 24,22 GRTST 24HR 3.45 ON 25-25 TO 1/4 MILE OR LESS
LOWEST: -35 ON 25,22 3 = THUNDER
SNOW, ICE PELLETS, HAIL 4 = ICE PELLETS
TOTAL MONTH: M 5 = HAIL
GRTST 24HR M ON M 6 = FREEZING RAIN OR DRIZZLE
GRTST DEPTH: M ON M 7 = DUSTSTORM OR SANDSTORM:
VSBY 1/2 MILE OR LESS
8 = SMOKE OR HAZE
[NO. OF DAYS WITH] [WEATHER - DAYS WITH] 9 = BLOWING SNOW
X = TORNADO
MAX 32 OR BELOW: 0 0.01 INCH OR MORE: 14
MAX 90 OR ABOVE: 0 0.10 INCH OR MORE: 11
MIN 32 OR BELOW: 4 0.50 INCH OR MORE: 7
MIN 0 OR BELOW: 3 1.00 INCH OR MORE: 4
[HDD (BASE 65) ]
TOTAL THIS MO. 196 CLEAR (SCALE 0-3) 10
DPTR FM NORMAL 137 PTCLDY (SCALE 4-7) 15
TOTAL FM JUL 1 2569 CLOUDY (SCALE 8-10) 6
DPTR FM NORMAL -1063
[CDD (BASE 65) ]
TOTAL THIS MO. 87
DPTR FM NORMAL -27 [PRESSURE DATA]
TOTAL FM JAN 1 173 HIGHEST SLP M ON M
DPTR FM NORMAL 27 LOWEST SLP M ON M
[REMARKS]
#FINAL-05-20#