000
CXUS55 KGJT 010910
CF6RIL
PRELIMINARY LOCAL CLIMATOLOGICAL DATA (WS FORM: F-6)
STATION: RIFLE CO
MONTH: AUGUST
YEAR: 2021
LATITUDE: 39 31 N
LONGITUDE: 107 43 W
TEMPERATURE IN F: :PCPN: SNOW: WIND :SUNSHINE: SKY :PK WND
================================================================================
1 2 3 4 5 6A 6B 7 8 9 10 11 12 13 14 15 16 17 18
12Z AVG MX 2MIN
DY MAX MIN AVG DEP HDD CDD WTR SNW DPTH SPD SPD DIR MIN PSBL S-S WX SPD DR
================================================================================
1 82 62 72 -2 0 7 0.04 M M 4.0 24 230 M M 4 3 33 220
2 82 60 71 -3 0 6 0.19 M M 3.2 18 320 M M 4 13 26 320
3 87 60 74 0 0 9 0.00 M M 7.7 20 70 M M 5 28 100
4 89 56 73 -1 0 8 0.00 M M 5.5 14 310 M M 0 20 310
5 93 55 74 1 0 9 0.00 M M 4.6 16 270 M M 0 21 260
6 96 58 77 4 0 12 T M M 8.3 28 260 M M 1 38 39 260
7 84 57 71 -2 0 6 0.00 M M 4.5 12 130 M M 1 8 17 360
8 92 50 71 -2 0 6 0.00 M M 5.7 23 260 M M 0 8 31 290
9 96 52 74 1 0 9 0.00 M M 6.9 24 270 M M 0 8 31 270
10 93 54 74 1 0 9 0.00 M M 5.7 33 320 M M 0 8 47 310
11 95 51 73 1 0 8 0.00 M M 5.8 23 280 M M 0 33 280
12 98 50 74 2 0 9 0.00 M M 4.3 12 260 M M 0 17 260
13 99 56 78 6 0 13 0.00 M M 5.1 23 80 M M 0 34 80
14 97 59 78 6 0 13 0.00 M M 8.0 36 310 M M 0 50 320
15 95 64 80 8 0 15 0.00 M M 6.5 20 100 M M 0 24 320
16 93 58 76 5 0 11 0.00 M M 5.1 17 90 M M 0 8 24 90
17 95 56 76 5 0 11 0.01 M M 6.2 22 270 M M 1 3 29 280
18 88 59 74 3 0 9 0.07 M M 6.9 37 250 M M 4 38 51 260
19 66 50 58 -13 7 0 0.48 M M 7.0 36 240 M M 9 13 50 260
20 74 44 59 -12 6 0 0.00 M M 5.9 20 260 M M 0 26 280
21 79 46 63 -7 2 0 T M M 3.8 14 280 M M 2 3 19 110
22 87 54 71 1 0 6 0.01 M M 7.5 23 280 M M 1 30 290
23 92 52 72 2 0 7 T M M 6.5 28 250 M M 1 42 260
24 90 52 71 1 0 6 0.00 M M 5.9 22 280 M M 0 28 270
25 91 47 69 0 0 4 0.00 M M 7.7 25 280 M M 0 33 280
26 87 54 71 2 0 6 T M M 6.8 22 10 M M 2 3 34 120
27 92 52 72 3 0 7 0.00 M M 7.4 24 280 M M 0 33 270
28 93 51 72 3 0 7 0.00 M M 6.0 23 260 M M 0 31 260
29 94 50 72 4 0 7 0.00 M M 3.6 12 280 M M 0 17 280
30 94 49 72 4 0 7 0.00 M M 5.1 21 280 M M 0 26 260
31 93 50 72 4 0 7 0.00 M M 4.6 12 280 M M 0 18 290
================================================================================
SM 2786 1668 15 234 0.80 M 181.8 M 35
================================================================================
AV 89.9 53.8 5.9 FASTST M M 1 MAX(MPH)
MISC ----> 37 250 51 260
================================================================================
NOTES:
# LAST OF SEVERAL OCCURRENCES
COLUMN 17 PEAK WIND IN M.P.H.
PRELIMINARY LOCAL CLIMATOLOGICAL DATA (WS FORM: F-6) , PAGE 2
STATION: RIFLE CO
MONTH: AUGUST
YEAR: 2021
LATITUDE: 39 31 N
LONGITUDE: 107 43 W
[TEMPERATURE DATA] [PRECIPITATION DATA] SYMBOLS USED IN COLUMN 16
AVERAGE MONTHLY: 71.8 TOTAL FOR MONTH: 0.80 1 = FOG OR MIST
DPTR FM NORMAL: 0.5 DPTR FM NORMAL: -0.27 2 = FOG REDUCING VISIBILITY
HIGHEST: 99 ON 13 GRTST 24HR 0.49 ON 18-19 TO 1/4 MILE OR LESS
LOWEST: 44 ON 20 3 = THUNDER
SNOW, ICE PELLETS, HAIL 4 = ICE PELLETS
TOTAL MONTH: M 5 = HAIL
GRTST 24HR M ON M 6 = FREEZING RAIN OR DRIZZLE
GRTST DEPTH: M ON M 7 = DUSTSTORM OR SANDSTORM:
VSBY 1/2 MILE OR LESS
8 = SMOKE OR HAZE
[NO. OF DAYS WITH] [WEATHER - DAYS WITH] 9 = BLOWING SNOW
X = TORNADO
MAX 32 OR BELOW: 0 0.01 INCH OR MORE: 6
MAX 90 OR ABOVE: 20 0.10 INCH OR MORE: 2
MIN 32 OR BELOW: 0 0.50 INCH OR MORE: 0
MIN 0 OR BELOW: 0 1.00 INCH OR MORE: 0
[HDD (BASE 65) ]
TOTAL THIS MO. 15 CLEAR (SCALE 0-3) 26
DPTR FM NORMAL 10 PTCLDY (SCALE 4-7) 4
TOTAL FM JUL 1 15 CLOUDY (SCALE 8-10) 1
DPTR FM NORMAL 13
[CDD (BASE 65) ]
TOTAL THIS MO. 234
DPTR FM NORMAL 35 [PRESSURE DATA]
TOTAL FM JAN 1 840 HIGHEST SLP M ON M
DPTR FM NORMAL 247 LOWEST SLP 29.60 ON 17
[REMARKS]
#FINAL-08-21#