000
CXUS55 KGJT 011000
CF6RIL
PRELIMINARY LOCAL CLIMATOLOGICAL DATA (WS FORM: F-6)
STATION: RIFLE CO
MONTH: JULY
YEAR: 2020
LATITUDE: 39 31 N
LONGITUDE: 107 43 W
TEMPERATURE IN F: :PCPN: SNOW: WIND :SUNSHINE: SKY :PK WND
================================================================================
1 2 3 4 5 6A 6B 7 8 9 10 11 12 13 14 15 16 17 18
12Z AVG MX 2MIN
DY MAX MIN AVG DEP HDD CDD WTR SNW DPTH SPD SPD DIR MIN PSBL S-S WX SPD DR
================================================================================
1 88 42 65 -6 0 0 0.00 M M 6.2 18 250 M M 0 26 250
2 93 52 73 2 0 8 0.00 M M 6.4 21 250 M M 0 30 200
3 90 54 72 1 0 7 T M M 6.2 35 160 M M 1 45 160
4 93 58 76 4 0 11 T M M 6.0 25 150 M M 1 3 32 150
5 95 53 74 2 0 9 T M M 6.7 31 310 M M 0 3 42 300
6 98 59 79 7 0 14 T M M 6.8 29 160 M M 0 43 160
7 98 55 77 5 0 12 0.00 M M 8.1 33 220 M M 0 47 250
8 94 49 72 0 0 7 0.00 M M 8.1 28 280 M M 0 39 280
9 96 51 74 2 0 9 0.00 M M 7.7 25 270 M M 0 40 290
10 97 48 73 0 0 8 0.00 M M 8.8 26 280 M M 0 33 260
11 100 51 76 3 0 11 0.00 M M 6.2 18 270 M M 0 27 240
12 93 56 75 2 0 10 T M M 5.3 45 320 M M 1 38 58 330
13 101 62 82 9 0 17 0.01 M M 11.3 35 250 M M 1 3 45 260
14 97 63 80 7 0 15 0.01 M M 10.4 39 320 M M 1 3 51 310
15 97 58 78 5 0 13 T M M 7.6 26 100 M M 1 3 34 110
16 92 62 77 4 0 12 T M M 9.4 41 160 M M 0 3 59 160
17 90 55 73 0 0 8 T M M 6.9 26 360 M M 1 3 39 350
18 95 57 76 3 0 11 T M M 5.6 35 310 M M 0 3 55 320
19 95 62 79 6 0 14 T M M 6.8 29 310 M M 0 3 43 320
20 97 57 77 4 0 12 0.00 M M 5.1 14 130 M M 0 20 320
21 98 55 77 4 0 12 0.00 M M 5.2 17 150 M M 0 21 150
22 87 57 72 -1 0 7 0.07 M M 7.4 41 260 M M 2 3 53 270
23 89 51 70 -3 0 5 T M M 6.2 23 260 M M 1 35 320
24 82 65 74 1 0 9 T M M 5.8 18 270 M M 5 25 260
25 84 64 74 1 0 9 T M M 5.4 16 110 M M 2 21 110
26 95 58 77 4 0 12 0.00 M M 6.0 17 80 M M 1 23 100
27 98 61 80 7 0 15 0.00 M M 7.6 20 140 M M 1 26 240
28 88 62 75 2 0 10 0.32 M M 7.1 31 310 M M 5 3 45 330
29 94 52 73 0 0 8 0.00 M M 6.9 28 270 M M 0 40 290
30 93 52 73 0 0 8 0.00 M M 5.2 17 10 M M 0 27 310
31 97 53 75 2 0 10 0.00 M M 5.5 22 320 M M 0 31 320
================================================================================
SM 2904 1734 0 313 0.41 M 213.9 M 24
================================================================================
AV 93.7 55.9 6.9 FASTST M M 1 MAX(MPH)
MISC ----> # 45 320 # 59 160
================================================================================
NOTES:
# LAST OF SEVERAL OCCURRENCES
COLUMN 17 PEAK WIND IN M.P.H.
PRELIMINARY LOCAL CLIMATOLOGICAL DATA (WS FORM: F-6) , PAGE 2
STATION: RIFLE CO
MONTH: JULY
YEAR: 2020
LATITUDE: 39 31 N
LONGITUDE: 107 43 W
[TEMPERATURE DATA] [PRECIPITATION DATA] SYMBOLS USED IN COLUMN 16
AVERAGE MONTHLY: 74.8 TOTAL FOR MONTH: 0.41 1 = FOG OR MIST
DPTR FM NORMAL: 2.1 DPTR FM NORMAL: -0.72 2 = FOG REDUCING VISIBILITY
HIGHEST: 101 ON 13 GRTST 24HR 0.32 ON 28-28 TO 1/4 MILE OR LESS
LOWEST: 42 ON 1 3 = THUNDER
SNOW, ICE PELLETS, HAIL 4 = ICE PELLETS
TOTAL MONTH: M 5 = HAIL
GRTST 24HR M ON M 6 = FREEZING RAIN OR DRIZZLE
GRTST DEPTH: M ON M 7 = DUSTSTORM OR SANDSTORM:
VSBY 1/2 MILE OR LESS
8 = SMOKE OR HAZE
[NO. OF DAYS WITH] [WEATHER - DAYS WITH] 9 = BLOWING SNOW
X = TORNADO
MAX 32 OR BELOW: 0 0.01 INCH OR MORE: 4
MAX 90 OR ABOVE: 25 0.10 INCH OR MORE: 1
MIN 32 OR BELOW: 0 0.50 INCH OR MORE: 0
MIN 0 OR BELOW: 0 1.00 INCH OR MORE: 0
[HDD (BASE 65) ]
TOTAL THIS MO. 0 CLEAR (SCALE 0-3) 29
DPTR FM NORMAL -1 PTCLDY (SCALE 4-7) 2
TOTAL FM JUL 1 0 CLOUDY (SCALE 8-10) 0
DPTR FM NORMAL -1
[CDD (BASE 65) ]
TOTAL THIS MO. 313
DPTR FM NORMAL 72 [PRESSURE DATA]
TOTAL FM JAN 1 522 HIGHEST SLP 30.15 ON 11
DPTR FM NORMAL 179 LOWEST SLP 29.61 ON 13
[REMARKS]
#FINAL-07-20#