000
CXUS52 KMFL 011030
CF6TMB
PRELIMINARY LOCAL CLIMATOLOGICAL DATA (WS FORM: F-6)
STATION: KENDALL-TAMIAMI EXEC ARPT
MONTH: MAY
YEAR: 2022
LATITUDE: 25 38 N
LONGITUDE: 80 26 W
TEMPERATURE IN F: :PCPN: SNOW: WIND :SUNSHINE: SKY :PK WND
================================================================================
1 2 3 4 5 6A 6B 7 8 9 10 11 12 13 14 15 16 17 18
12Z AVG MX 2MIN
DY MAX MIN AVG DEP HDD CDD WTR SNW DPTH SPD SPD DIR MIN PSBL S-S WX SPD DR
================================================================================
1 84 69 77 0 0 12 T M M 8.1 20 80 M M 2 24 140
2 86 67 77 0 0 12 T 0.0 0 10.7 21 110 M M 2 26 100
3 87 74 81 4 0 16 0.01 0.0 0 7.9 16 100 M M 3 20 100
4 88 69 79 2 0 14 0.27 0.0 0 4.6 20 90 M M 3 3 23 90
5 91 66 79 2 0 14 0.70 M M 3.0 18 30 M M 2 138 20 30
6 92 71 82 4 0 17 T M M 5.3 14 260 M M 1 3 21 270
7 93 71 82 4 0 17 0.00 M M 11.0 25 260 M M 1 31 270
8 93 70 82 4 0 17 0.01 M M 9.6 23 270 M M 2 26 270
9 87 68 78 0 0 13 0.00 M M 11.0 21 60 M M 4 26 80
10 86 67 77 -1 0 12 0.00 M M 10.4 20 60 M M 3 26 90
11 87 64 76 -2 0 11 T M M 11.0 23 50 M M 2 28 50
12 86 64 75 -3 0 10 0.21 0.0 0 6.4 23 80 M M 3 3 26 80
13 86 65 76 -2 0 11 0.05 0.0 0 3.5 22 280 M M 4 3 27 280
14 88 67 78 0 0 13 0.23 0.0 0 4.5 28 350 M M 4 3 33 320
15 91 70 81 2 0 16 0.40 0.0 0 2.8 21 130 M M 3 3 24 190
16 88 70 79 0 0 14 0.09 0.0 0 4.5 20 300 M M 2 3 25 260
17 90 69 80 1 0 15 T 0.0 0 5.2 16 180 M M 1 21 170
18 90 71 81 2 0 16 0.00 0.0 0 5.5 15 120 M M 1 21 120
19 91 73 82 3 0 17 T 0.0 0 5.3 17 150 M M 1 3 22 140
20 91 76 84 5 0 19 0.04 M M 10.3 22 80 M M 3 13 26 70
21 89 81 85 5 0 20 0.00 M M 12.2 18 130 M M 7 25 110
22 89 80 85 5 0 20 0.00 0.0 0 13.1 18 100 M M 4 23 100
23 89 76 83 3 0 18 0.31 M M 11.5 20 100 M M 3 1 24 120
24 88 74 81 1 0 16 T M M 11.1 20 100 M M 3 27 110
25 88 78 83 3 0 18 0.00 M M 14.0 22 110 M M 2 30 110
26 88 76 82 2 0 17 T M M 10.4 18 110 M M 3 26 110
27 90 75 83 3 0 18 0.01 M M 7.1 15 170 M M 3 22 120
28 90 71 81 1 0 16 1.26 0.0 0 5.3 30 10 M M 3 13 39 50
29 88 70 79 -2 0 14 1.82 M M 5.9 20 50 M M 4 13 29 200
30 88 73 81 0 0 16 0.24 0.0 0 6.4 17 100 M M 3 13 22 80
31 86 72 79 -2 0 14 0.01 0.0 0 3.5 14 80 M M 2 3 17 70
================================================================================
SM 2748 2207 0 473 5.66 0.0 241.1 M 84
================================================================================
AV 88.6 71.2 7.8 FASTST M M 3 MAX(MPH)
MISC ----> 30 10 39 50
================================================================================
NOTES:
# LAST OF SEVERAL OCCURRENCES
COLUMN 17 PEAK WIND IN M.P.H.
PRELIMINARY LOCAL CLIMATOLOGICAL DATA (WS FORM: F-6) , PAGE 2
STATION: KENDALL-TAMIAMI EXEC ARPT
MONTH: MAY
YEAR: 2022
LATITUDE: 25 38 N
LONGITUDE: 80 26 W
[TEMPERATURE DATA] [PRECIPITATION DATA] SYMBOLS USED IN COLUMN 16
AVERAGE MONTHLY: 79.9 TOTAL FOR MONTH: 5.66 1 = FOG OR MIST
DPTR FM NORMAL: 1.0 DPTR FM NORMAL: 0.50 2 = FOG REDUCING VISIBILITY
HIGHEST: 93 ON 8, 7 GRTST 24HR 2.98 ON 28-29 TO 1/4 MILE OR LESS
LOWEST: 64 ON 12,11 3 = THUNDER
SNOW, ICE PELLETS, HAIL 4 = ICE PELLETS
TOTAL MONTH: 0.0 INCH 5 = HAIL
GRTST 24HR 0.0 6 = FREEZING RAIN OR DRIZZLE
GRTST DEPTH: 0 7 = DUSTSTORM OR SANDSTORM:
VSBY 1/2 MILE OR LESS
8 = SMOKE OR HAZE
[NO. OF DAYS WITH] [WEATHER - DAYS WITH] 9 = BLOWING SNOW
X = TORNADO
MAX 32 OR BELOW: 0 0.01 INCH OR MORE: 16
MAX 90 OR ABOVE: 11 0.10 INCH OR MORE: 9
MIN 32 OR BELOW: 0 0.50 INCH OR MORE: 3
MIN 0 OR BELOW: 0 1.00 INCH OR MORE: 2
[HDD (BASE 65) ]
TOTAL THIS MO. 0 CLEAR (SCALE 0-3) 21
DPTR FM NORMAL 0 PTCLDY (SCALE 4-7) 10
TOTAL FM JUL 1 73 CLOUDY (SCALE 8-10) 0
DPTR FM NORMAL -82
[CDD (BASE 65) ]
TOTAL THIS MO. 473
DPTR FM NORMAL 44 [PRESSURE DATA]
TOTAL FM JAN 1 1478 HIGHEST SLP 30.20 ON 22
DPTR FM NORMAL 266 LOWEST SLP 29.78 ON 8
[REMARKS]
#FINAL-05-22#