000
CXUS56 KSTO 150921
CF6VCB
PRELIMINARY LOCAL CLIMATOLOGICAL DATA (WS FORM: F-6)
STATION: VACAVILLE
MONTH: AUGUST
YEAR: 2022
LATITUDE: 38 22 N
LONGITUDE: 121-58 E
TEMPERATURE IN F: :PCPN: SNOW: WIND :SUNSHINE: SKY :PK WND
================================================================================
1 2 3 4 5 6A 6B 7 8 9 10 11 12 13 14 15 16 17 18
12Z AVG MX 2MIN
DY MAX MIN AVG DEP HDD CDD WTR SNW DPTH SPD SPD DIR MIN PSBL S-S WX SPD DR
================================================================================
1 86 64 75 -2 0 10 0.00 M M 3.1 10 220 M M 1 12 220
2 104 67 86 10 0 21 0.00 M M 4.1 15 220 M M 0 19 270
3 103 67 85 9 0 20 0.00 0.0 M 5.9 15 220 M M 0 19 220
4 103 68 86 10 0 21 0.00 M M 10.2 20 230 M M 0 25 240
5 91 65 78 2 0 13 0.00 0.0 M 11.8 20 220 M M 0 26 220
6 92 58 75 -1 0 10 0.00 0.0 M 7.0 16 220 M M 0 22 220
7 94 61 78 2 0 13 0.00 M M 6.4 16 220 M M 0 22 240
8 93 55 74 -2 0 9 0.00 0.0 M 5.8 17 220 M M 0 24 220
9 92 61 77 1 0 12 0.00 M M 9.2 21 210 M M 0 26 200
10 92 61 77 1 0 12 0.00 M M 7.7 16 230 M M 0 24 220
11 96 57 77 1 0 12 0.00 0.0 M 6.9 16 220 M M 0 22 220
12 95 60 78 2 0 13 0.00 0.0 M 7.0 16 220 M M 0 22 180
13 97 55 76 0 0 11 0.00 0.0 M 4.9 15 220 M M 0 21 210
14 102 53 78 2 0 13 0.00 M M 4.6 12 220 M M 0 17 220
15 103 59 81 5 0 16 0.00 M M 2.8 13 220 M M 0 18 200
16 108 60 84 8 0 19 0.00 0.0 0 3.0 12 220 M M 0 16 210
17 102 69 86 10 0 21 0.00 0.0 0 4.9 15 140 M M 0 20 140
18 104 63 84 8 0 19 0.00 M M 4.7 16 230 M M 0 22 230
19 101 59 80 4 0 15 0.00 M M 5.8 13 230 M M 0 17 220
20 105 59 82 6 0 17 0.00 M M 4.8 14 230 M M 0 18 230
21 91 67 79 3 0 14 0.00 M M 10.1 21 210 M M 0 30 220
22 102 60 81 5 0 16 0.00 M M 5.2 15 240 M M 0 19 260
23 100 61 81 5 0 16 0.00 M M 3.9 14 220 M M 0 17 220
24 97 63 80 4 0 15 0.00 M M 6.8 15 210 M M 0 20 210
25 92 60 76 0 0 11 0.00 M M 8.5 16 220 M M 0 22 220
26 96 57 77 1 0 12 0.00 M M 6.3 16 220 M M 0 21 220
27 94 59 77 2 0 12 0.00 M M 7.3 15 210 M M 0 19 230
28 91 58 75 0 0 10 0.00 M M 7.9 15 210 M M 0 20 210
29 97 57 77 2 0 12 0.00 M M 4.9 15 230 M M 0 19 220
30 98 58 78 3 0 13 0.00 M M 4.8 15 220 M M 0 20 240
31 98 60 79 4 0 14 0.00 M M 3.2 10 230 M M 0 14 160
================================================================================
SM 3019 1881 0 442 0.00 0.0 189.5 M 1
================================================================================
AV 97.4 60.7 6.1 FASTST M M 0 MAX(MPH)
MISC ----> # 21 210 30 220
================================================================================
NOTES:
# LAST OF SEVERAL OCCURRENCES
COLUMN 17 PEAK WIND IN M.P.H.
PRELIMINARY LOCAL CLIMATOLOGICAL DATA (WS FORM: F-6) , PAGE 2
STATION: VACAVILLE
MONTH: AUGUST
YEAR: 2022
LATITUDE: 38 22 N
LONGITUDE: 121-58 E
[TEMPERATURE DATA] [PRECIPITATION DATA] SYMBOLS USED IN COLUMN 16
AVERAGE MONTHLY: 79.0 TOTAL FOR MONTH: 0.00 1 = FOG OR MIST
DPTR FM NORMAL: 3.1 DPTR FM NORMAL: -0.02 2 = FOG REDUCING VISIBILITY
HIGHEST: 108 ON 16 GRTST 24HR T ON 16-16 TO 1/4 MILE OR LESS
LOWEST: 53 ON 14 3 = THUNDER
SNOW, ICE PELLETS, HAIL 4 = ICE PELLETS
TOTAL MONTH: 0.0 INCH 5 = HAIL
GRTST 24HR 0.0 6 = FREEZING RAIN OR DRIZZLE
GRTST DEPTH: 0 7 = DUSTSTORM OR SANDSTORM:
VSBY 1/2 MILE OR LESS
8 = SMOKE OR HAZE
[NO. OF DAYS WITH] [WEATHER - DAYS WITH] 9 = BLOWING SNOW
X = TORNADO
MAX 32 OR BELOW: 0 0.01 INCH OR MORE: 0
MAX 90 OR ABOVE: 30 0.10 INCH OR MORE: 0
MIN 32 OR BELOW: 0 0.50 INCH OR MORE: 0
MIN 0 OR BELOW: 0 1.00 INCH OR MORE: 0
[HDD (BASE 65) ]
TOTAL THIS MO. 0 CLEAR (SCALE 0-3) 31
DPTR FM NORMAL 0 PTCLDY (SCALE 4-7) 0
TOTAL FM JUL 1 0 CLOUDY (SCALE 8-10) 0
DPTR FM NORMAL 0
[CDD (BASE 65) ]
TOTAL THIS MO. 442
DPTR FM NORMAL 106 [PRESSURE DATA]
TOTAL FM JAN 1 1338 HIGHEST SLP 30.05 ON 10
DPTR FM NORMAL 265 LOWEST SLP 29.68 ON 27
[REMARKS]
#FINAL-08-22#