000
CXUS54 KCRP 011507
CF6VCT
PRELIMINARY LOCAL CLIMATOLOGICAL DATA (WS FORM: F-6)
STATION: VICTORIA
MONTH: JUNE
YEAR: 2023
LATITUDE: 28 51 N
LONGITUDE: 96 55 W
TEMPERATURE IN F: :PCPN: SNOW: WIND :SUNSHINE: SKY :PK WND
================================================================================
1 2 3 4 5 6A 6B 7 8 9 10 11 12 13 14 15 16 17 18
12Z AVG MX 2MIN
DY MAX MIN AVG DEP HDD CDD WTR SNW DPTH SPD SPD DIR MIN PSBL S-S WX SPD DR
================================================================================
1 90 69 80 -1 0 15 T 0.0 0 9.4 22 120 M M 2 1 27 120
2 90 68 79 -2 0 14 0.00 0.0 0 8.1 20 140 M M 2 1 25 120
3 92 69 81 0 0 16 0.00 0.0 0 7.9 20 310 M M 2 1 26 320
4 90 69 80 -2 0 15 0.00 0.0 0 5.9 18 30 M M 2 23 30
5 88 68 78 -4 0 13 1.15 0.0 0 5.9 29 180 M M 5 1238 40 170
6 89 67 78 -4 0 13 0.00 0.0 0 4.1 10 150 M M 2 8 14 140
7 93 69 81 -1 0 16 0.00 0.0 0 3.9 13 170 M M 2 1 15 170
8 93 72 83 1 0 18 0.00 0.0 0 4.7 14 160 M M 1 18 140
9 97 71 84 2 0 19 0.00 0.0 0 6.2 20 160 M M 2 18 25 150
10 95 74 85 3 0 20 0.00 0.0 0 10.1 21 150 M M 2 1 34 160
11 98 71 85 3 0 20 0.00 0.0 0 10.6 23 200 M M 2 31 190
12 96 75 86 3 0 21 0.00 0.0 0 10.6 22 140 M M 4 18 26 140
13 93 77 85 2 0 20 0.00 0.0 0 13.6 23 170 M M 6 18 29 170
14 94 78 86 3 0 21 0.00 0.0 0 13.8 24 160 M M 7 18 33 170
15 96 79 88 5 0 23 0.00 0.0 0 11.6 23 150 M M 8 18 32 160
16 95 80 88 5 0 23 0.00 0.0 0 12.0 21 180 M M 7 18 29 170
17 97 80 89 6 0 24 0.00 0.0 0 11.7 22 160 M M 4 18 27 170
18 98 79 89 6 0 24 0.00 0.0 0 14.4 25 200 M M 3 18 35 200
19 98 81 90 7 0 25 0.00 0.0 0 13.6 25 170 M M 5 18 34 180
20 98 81 90 7 0 25 0.00 0.0 0 14.8 22 160 M M 5 18 29 180
21 100 73 87 4 0 22 0.37 0.0 0 10.8 31 340 M M 4 138 46 350
22 99 76 88 5 0 23 T 0.0 0 8.4 21 330 M M 1 3 30 330
23 97 78 88 5 0 23 0.00 0.0 0 10.6 21 160 M M 4 1 28 140
24 97 78 88 4 0 23 0.00 0.0 0 11.0 22 150 M M 3 1 29 160
25 97 80 89 5 0 24 0.00 0.0 0 11.5 22 150 M M 3 31 160
26 99 78 89 5 0 24 0.00 0.0 0 12.1 23 160 M M 1 1 31 140
27 99 78 89 5 0 24 0.00 0.0 0 12.1 22 150 M M 3 28 140
28 98 78 88 4 0 23 0.00 0.0 0 11.7 21 150 M M 2 30 180
29 97 78 88 4 0 23 0.00 0.0 0 10.3 21 180 M M 2 28 160
30 98 77 88 4 0 23 0.00 0.0 0 11.3 21 150 M M 1 1 32 160
================================================================================
SM 2861 2251 0 617 1.52 0.0 302.7 M 97
================================================================================
AV 95.4 75.0 10.1 FASTST M M 3 MAX(MPH)
MISC ----> 31 340 46 350
================================================================================
NOTES:
# LAST OF SEVERAL OCCURRENCES
COLUMN 17 PEAK WIND IN M.P.H.
PRELIMINARY LOCAL CLIMATOLOGICAL DATA (WS FORM: F-6) , PAGE 2
STATION: VICTORIA
MONTH: JUNE
YEAR: 2023
LATITUDE: 28 51 N
LONGITUDE: 96 55 W
[TEMPERATURE DATA] [PRECIPITATION DATA] SYMBOLS USED IN COLUMN 16
AVERAGE MONTHLY: 85.2 TOTAL FOR MONTH: 1.52 1 = FOG OR MIST
DPTR FM NORMAL: 2.5 DPTR FM NORMAL: -2.69 2 = FOG REDUCING VISIBILITY
HIGHEST: 100 ON 21 GRTST 24HR 1.15 ON 5- 5 TO 1/4 MILE OR LESS
LOWEST: 67 ON 6 3 = THUNDER
SNOW, ICE PELLETS, HAIL 4 = ICE PELLETS
TOTAL MONTH: 0.0 INCH 5 = HAIL
GRTST 24HR 0.0 6 = FREEZING RAIN OR DRIZZLE
GRTST DEPTH: 0 7 = DUSTSTORM OR SANDSTORM:
VSBY 1/2 MILE OR LESS
8 = SMOKE OR HAZE
[NO. OF DAYS WITH] [WEATHER - DAYS WITH] 9 = BLOWING SNOW
X = TORNADO
MAX 32 OR BELOW: 0 0.01 INCH OR MORE: 2
MAX 90 OR ABOVE: 28 0.10 INCH OR MORE: 2
MIN 32 OR BELOW: 0 0.50 INCH OR MORE: 1
MIN 0 OR BELOW: 0 1.00 INCH OR MORE: 1
[HDD (BASE 65) ]
TOTAL THIS MO. 0 CLEAR (SCALE 0-3) 19
DPTR FM NORMAL 0 PTCLDY (SCALE 4-7) 11
TOTAL FM JUL 1 1009 CLOUDY (SCALE 8-10) 0
DPTR FM NORMAL -157
[CDD (BASE 65) ]
TOTAL THIS MO. 617
DPTR FM NORMAL 86 [PRESSURE DATA]
TOTAL FM JAN 1 1527 HIGHEST SLP 29.99 ON 30
DPTR FM NORMAL 285 LOWEST SLP 29.65 ON 22
[REMARKS]
#FINAL-06-23#