000
CXUS55 KRIW 010945
CF6WRL
PRELIMINARY LOCAL CLIMATOLOGICAL DATA (WS FORM: F-6)
STATION: WORLAND WY
MONTH: MARCH
YEAR: 2020
LATITUDE: 43 58 N
LONGITUDE: 107 57 W
TEMPERATURE IN F: :PCPN: SNOW: WIND :SUNSHINE: SKY :PK WND
================================================================================
1 2 3 4 5 6A 6B 7 8 9 10 11 12 13 14 15 16 17 18
12Z AVG MX 2MIN
DY MAX MIN AVG DEP HDD CDD WTR SNW DPTH SPD SPD DIR MIN PSBL S-S WX SPD DR
================================================================================
1 36 19 28 -2 37 0 T M M 8.5 22 330 M M 5 34 330
2 40 9 25 -6 40 0 0.00 M M 4.7 15 120 M M 0 19 130
3 49 15 32 1 33 0 0.00 M M 4.0 14 220 M M 0 16 220
4 54 19 37 5 28 0 0.00 M M 6.8 25 300 M M 1 32 300
5 49 20 35 3 30 0 0.00 M M 5.2 12 160 M M 0 19 120
6 60 26 43 10 22 0 0.00 M M 6.1 20 160 M M 0 24 160
7 63 32 48 15 17 0 0.00 M M 9.0 25 200 M M 0 33 200
8 50 32 41 7 24 0 0.00 M M 6.7 17 170 M M 6 23 160
9 56 25 41 7 24 0 0.00 M M 6.6 23 340 M M 4 30 340
10 54 25 40 6 25 0 0.00 M M 4.7 13 120 M M 2 17 130
11 60 22 41 6 24 0 0.00 M M 7.5 29 340 M M 1 37 340
12 38 24 31 -4 34 0 0.06 M M 8.9 20 310 M M 6 1 26 300
13 42 21 32 -4 33 0 0.00 M M 8.2 23 130 M M 6 29 130
14 56 24 40 4 25 0 0.00 M M 8.0 21 20 M M 4 29 10
15 33 21 27 -9 38 0 0.00 M M 8.8 16 350 M M 9 23 340
16 36 22 29 -8 36 0 T M M 5.4 10 30 M M 8 14 10
17 61 19 40 3 25 0 0.00 M M 4.4 17 340 M M 1 23 350
18 46 23 35 -3 30 0 0.00 M M 5.8 14 340 M M 1 22 310
19 33 23 28 -10 37 0 T M M 9.6 16 340 M M 9 18 21 330
20 46 25 36 -2 29 0 0.00 0.0 M 3.8 10 130 M M 6 8 14 100
21 57 21 39 0 26 0 0.00 0.0 M 2.5 14 170 M M 2 20 140
22 52 27 40 1 25 0 0.00 0.0 M 5.2 23 340 M M 5 29 350
23 59 20 40 1 25 0 0.00 0.0 M 4.7 14 230 M M 0 19 230
24 63 26 45 5 20 0 0.00 0.0 M 8.0 33 240 M M 2 47 250
25 55 30 43 3 22 0 0.00 0.0 M 5.8 21 330 M M 3 28 320
26 50 26 38 -2 27 0 0.00 M M 5.4 15 350 M M 4 21 10
27 50 14 32 -8 33 0 0.00 M M 3.1 12 240 M M 0 16 220
28 53 16 35 -6 30 0 0.00 M M 4.8 14 300 M M 3 19 10
29 57 20 39 -2 26 0 0.00 M M 5.6 13 160 M M 1 17 170
30 61 22 42 1 23 0 0.00 M M 5.7 16 170 M M 1 22 150
31 60 33 47 6 18 0 T M M 10.0 28 340 M M 2 39 220
================================================================================
SM 1579 701 866 0 0.06 0.0 193.5 M 92
================================================================================
AV 50.9 22.6 6.2 FASTST M M 3 MAX(MPH)
MISC ----> # 33 240 # 47 250
================================================================================
NOTES:
# LAST OF SEVERAL OCCURRENCES
COLUMN 17 PEAK WIND IN M.P.H.
PRELIMINARY LOCAL CLIMATOLOGICAL DATA (WS FORM: F-6) , PAGE 2
STATION: WORLAND WY
MONTH: MARCH
YEAR: 2020
LATITUDE: 43 58 N
LONGITUDE: 107 57 W
[TEMPERATURE DATA] [PRECIPITATION DATA] SYMBOLS USED IN COLUMN 16
AVERAGE MONTHLY: 36.8 TOTAL FOR MONTH: 0.06 1 = FOG OR MIST
DPTR FM NORMAL: 0.3 DPTR FM NORMAL: -0.40 2 = FOG REDUCING VISIBILITY
HIGHEST: 63 ON 24, 7 GRTST 24HR 0.06 ON 12-12 TO 1/4 MILE OR LESS
LOWEST: 9 ON 2 3 = THUNDER
SNOW, ICE PELLETS, HAIL 4 = ICE PELLETS
TOTAL MONTH: 0.0 INCH 5 = HAIL
GRTST 24HR 0.0 6 = FREEZING RAIN OR DRIZZLE
GRTST DEPTH: M ON M 7 = DUSTSTORM OR SANDSTORM:
VSBY 1/2 MILE OR LESS
8 = SMOKE OR HAZE
[NO. OF DAYS WITH] [WEATHER - DAYS WITH] 9 = BLOWING SNOW
X = TORNADO
MAX 32 OR BELOW: 0 0.01 INCH OR MORE: 1
MAX 90 OR ABOVE: 0 0.10 INCH OR MORE: 0
MIN 32 OR BELOW: 30 0.50 INCH OR MORE: 0
MIN 0 OR BELOW: 0 1.00 INCH OR MORE: 0
[HDD (BASE 65) ]
TOTAL THIS MO. 866 CLEAR (SCALE 0-3) 17
DPTR FM NORMAL -19 PTCLDY (SCALE 4-7) 12
TOTAL FM JUL 1 6979 CLOUDY (SCALE 8-10) 2
DPTR FM NORMAL 93
[CDD (BASE 65) ]
TOTAL THIS MO. 0
DPTR FM NORMAL 0 [PRESSURE DATA]
TOTAL FM JAN 1 0 HIGHEST SLP 30.47 ON 5
DPTR FM NORMAL 0 LOWEST SLP 29.60 ON 8
[REMARKS]
#FINAL-03-20#