000
CXUS54 KFWD 280730
CF6DAL
PRELIMINARY LOCAL CLIMATOLOGICAL DATA (WS FORM: F-6)

                                          STATION:   DALLAS LOVE FIELD
                                          MONTH:     MAY
                                          YEAR:      2016
                                          LATITUDE:   32 50 N
                                          LONGITUDE:  96 51 W

  TEMPERATURE IN F:       :PCPN:    SNOW:  WIND      :SUNSHINE: SKY     :PK WND
================================================================================
1   2   3   4   5  6A  6B    7    8   9   10  11  12  13   14  15   16   17  18
                                     12Z  AVG MX 2MIN
DY MAX MIN AVG DEP HDD CDD  WTR  SNW DPTH SPD SPD DIR MIN PSBL S-S WX    SPD DR
================================================================================

 1  76  60  68  -3   0   3 0.00  0.0    0 10.7 22  10   M    M   2        30 360
 2  66  51  59 -12   6   0 0.66  0.0    0 10.4 22 350   M    M   7 13     28 350
 3  75  50  63  -8   2   0 0.00  0.0    0  3.9 14  20   M    M   2        22  40
 4  83  57  70  -1   0   5 0.00  0.0    0  7.4 21 330   M    M   0        26 330
 5  83  57  70  -2   0   5 0.00  0.0    0  4.6 15 360   M    M   2        20 350
 6  85  56  71  -1   0   6 0.00  0.0    0  6.0 14 120   M    M   2        17 140
 7  85  61  73   1   0   8 0.00  0.0    0 13.0 24 150   M    M   2        30 170
 8  75  68  72  -1   0   7 0.07  0.0    0 14.6 28 180   M    M   9 13     36 160
 9  88  67  78   5   0  13 0.17  0.0    0 13.6 28 120   M    M   6 138    33 130
10  94  73  84  11   0  19 0.29  0.0    0 14.8 38 150   M    M   5 38     46 150
11  89  68  79   6   0  14 0.51  0.0    0 10.8 31 160   M    M   6 13     41 150
12  85  68  77   3   0  12 0.01  0.0    0  8.5 30 120   M    M   7 38     35 120
13  84  62  73  -1   0   8 0.00  0.0    0  8.4 16 140   M    M   2        20 130
14  77  62  70  -4   0   5 0.22  0.0    0 10.3 22 360   M    M   8 3      29  20
15  75  61  68  -7   0   3 0.01  0.0    0  8.5 15 100   M    M   9        19 100
16  80  65  73  -2   0   8 0.01  0.0    0 14.4 23 150   M    M   9        28 140
17  84  63  74  -1   0   9    T  0.0    0 12.5 25 350   M    M   8 1      31 330
18  64  57  61 -14   4   0 0.05  0.0    0  9.1 18 320   M    M  10        25  20
19  72  59  66 -10   0   1 0.50  0.0    0  6.6 22 110   M    M   9 138    27 120
20  83  62  73  -3   0   8 0.00  0.0    0  5.3 12 110   M    M   5 18     15 110
21  85  65  75  -1   0  10 0.00  0.0    0  9.5 15 110   M    M   4 8      20 100
22  86  71  79   3   0  14    T  0.0    0 12.4 21 120   M    M   7        26 120
23  84  67  76  -1   0  11 0.22  0.0    0 14.9 25 140   M    M   9 13     30 140
24  87  74  81   4   0  16 0.04  0.0    0 13.8 23 170   M    M   9 18     27 180
25  87  77  82   5   0  17 0.00  0.0    0 14.8 23 170   M    M   9 8      29 170
26  83  67  75  -3   0  10 0.32  0.0    0 16.0 28 160   M    M   8 138    43 230
27  81  67  74  -4   0   9 0.60  0.0    0 14.4 32 130   M    M   8 138    42 130
================================================================================
SM 2196 1715        12 221  3.68     0.0 289.2          M      164
================================================================================
AV 81.3 63.5                              10.7 FASTST   M    M   6    MAX(MPH)
                                 MISC ---->  # 38 150               # 46  150
================================================================================
NOTES:
# LAST OF SEVERAL OCCURRENCES

COLUMN 17 PEAK WIND IN M.P.H.

PRELIMINARY LOCAL CLIMATOLOGICAL DATA (WS FORM: F-6) , PAGE 2

                                          STATION:  DALLAS LOVE FIELD
                                          MONTH:    MAY
                                          YEAR:     2016
                                          LATITUDE:   32 50 N
                                          LONGITUDE:  96 51 W

[TEMPERATURE DATA]      [PRECIPITATION DATA]       SYMBOLS USED IN COLUMN 16

AVERAGE MONTHLY: 72.4   TOTAL FOR MONTH:   3.68    1 = FOG OR MIST
DPTR FM NORMAL:  -1.8   DPTR FM NORMAL:   -0.55    2 = FOG REDUCING VISIBILITY
HIGHEST:    94 ON 10    GRTST 24HR  0.89 ON 26-27      TO 1/4 MILE OR LESS
LOWEST:     50 ON  3                               3 = THUNDER
                        SNOW, ICE PELLETS, HAIL    4 = ICE PELLETS
                        TOTAL MONTH:   0.0 INCH    5 = HAIL
                        GRTST 24HR     0.0         6 = FREEZING RAIN OR DRIZZLE
                        GRTST DEPTH:   0           7 = DUSTSTORM OR SANDSTORM:
                                                       VSBY 1/2 MILE OR LESS
                                                   8 = SMOKE OR HAZE
[NO. OF DAYS WITH]      [WEATHER - DAYS WITH]      9 = BLOWING SNOW
                                                   X = TORNADO
MAX 32 OR BELOW:   0    0.01 INCH OR MORE:  15
MAX 90 OR ABOVE:   1    0.10 INCH OR MORE:   9
MIN 32 OR BELOW:   0    0.50 INCH OR MORE:   4
MIN  0 OR BELOW:   0    1.00 INCH OR MORE:   0

[HDD (BASE 65) ]
TOTAL THIS MO.    12    CLEAR  (SCALE 0-3)   7
DPTR FM NORMAL    10    PTCLDY (SCALE 4-7)  11
TOTAL FM JUL 1  1592    CLOUDY (SCALE 8-10)  9
DPTR FM NORMAL  -540

[CDD (BASE 65) ]
TOTAL THIS MO.   221
DPTR FM NORMAL   -34    [PRESSURE DATA]
TOTAL FM JAN 1   411    HIGHEST SLP M ON M
DPTR FM NORMAL   -11    LOWEST  SLP 29.57 ON  9

[REMARKS]
