273
CXUS54 KFWD 220730
CF6DAL
PRELIMINARY LOCAL CLIMATOLOGICAL DATA (WS FORM: F-6)

                                          STATION:   DALLAS LOVE FIELD
                                          MONTH:     MAY
                                          YEAR:      2015
                                          LATITUDE:   32 50 N
                                          LONGITUDE:  96 51 W

  TEMPERATURE IN F:       :PCPN:    SNOW:  WIND      :SUNSHINE: SKY     :PK WND
================================================================================
1   2   3   4   5  6A  6B    7    8   9   10  11  12  13   14  15   16   17  18
                                     12Z  AVG MX 2MIN
DY MAX MIN AVG DEP HDD CDD  WTR  SNW DPTH SPD SPD DIR MIN PSBL S-S WX    SPD DR
================================================================================

 1  84  57  71   0   0   6 0.00  0.0    0  3.5 12 140   M    M   3        16 140
 2  83  60  72   1   0   7 0.00  0.0    0  8.5 17 160   M    M   2        23 160
 3  82  64  73   2   0   8 0.00  0.0    0 11.5 21 160   M    M   4        25 180
 4  84  67  76   5   0  11 0.00  0.0    0 14.2 23 140   M    M   7 8      30 140
 5  84  64  74   2   0   9 0.07  0.0    0 18.7 32 140   M    M   8 138    38 150
 6  85  69  77   5   0  12 0.20  0.0    0 17.0 30 150   M    M   9 13     39 140
 7  84  65  75   3   0  10 0.82  0.0    0 12.7 28 320   M    M   9 138    34 310
 8  87  70  79   6   0  14 0.02  0.0    0 13.6 31 150   M    M   8 138    40 140
 9  85  72  79   6   0  14    T  0.0    0 15.8 25 150   M    M   9 18     33 170
10  81  65  73   0   0   8 1.11  0.0    0 12.1 24 150   M    M  10 138    33 160
11  75  63  69  -4   0   4 0.00  0.0    0  9.5 18  20   M    M   7        27  20
12  74  63  69  -5   0   4 0.04  0.0    0  8.6 16 110   M    M  10 18     22  50
13  71  63  67  -7   0   2 0.28  0.0    0 11.5 21 120   M    M   9 13     27 120
14  84  66  75   1   0  10 0.00  0.0    0 10.8 23 150   M    M   9 1      29 140
15  78  69  74  -1   0   9 0.12  0.0    0 13.7 23 170   M    M   9 13     27 170
16  87  71  79   4   0  14    T  0.0    0 17.0 26 160   M    M   8 8      33 150
17  81  66  74  -1   0   9 2.20  0.0    0  9.2 20 140   M    M   8 13     25 280
18  91  68  80   5   0  15 0.00  0.0    0  8.3 21 140   M    M   5        26 120
19  82  72  77   1   0  12 0.33  0.0    0 14.0 26 140   M    M  10 138    33 140
20  89  65  77   1   0  12    T  0.0    0 11.4 22 350   M    M   8        27  10
21  68  56  62 -14   3   0 0.56  0.0    0 10.0 22  20   M    M  10 13     29  30
================================================================================
SM 1719 1375         3 190  5.75     0.0 251.6          M      162
================================================================================
AV 81.9 65.5                              12.0 FASTST   M    M   8    MAX(MPH)
                                 MISC ---->  # 32 140               # 40  140
================================================================================
NOTES:
# LAST OF SEVERAL OCCURRENCES

COLUMN 17 PEAK WIND IN M.P.H.

PRELIMINARY LOCAL CLIMATOLOGICAL DATA (WS FORM: F-6) , PAGE 2

                                          STATION:  DALLAS LOVE FIELD
                                          MONTH:    MAY
                                          YEAR:     2015
                                          LATITUDE:   32 50 N
                                          LONGITUDE:  96 51 W

[TEMPERATURE DATA]      [PRECIPITATION DATA]       SYMBOLS USED IN COLUMN 16

AVERAGE MONTHLY: 73.7   TOTAL FOR MONTH:   5.75    1 = FOG OR MIST
DPTR FM NORMAL:   0.2   DPTR FM NORMAL:    2.47    2 = FOG REDUCING VISIBILITY
HIGHEST:    91 ON 18    GRTST 24HR  2.20 ON 17-17      TO 1/4 MILE OR LESS
LOWEST:     56 ON 21                               3 = THUNDER
                        SNOW, ICE PELLETS, HAIL    4 = ICE PELLETS
                        TOTAL MONTH:   0.0 INCH    5 = HAIL
                        GRTST 24HR     0.0         6 = FREEZING RAIN OR DRIZZLE
                        GRTST DEPTH:   0           7 = DUSTSTORM OR SANDSTORM:
                                                       VSBY 1/2 MILE OR LESS
                                                   8 = SMOKE OR HAZE
[NO. OF DAYS WITH]      [WEATHER - DAYS WITH]      9 = BLOWING SNOW
                                                   X = TORNADO
MAX 32 OR BELOW:   0    0.01 INCH OR MORE:  11
MAX 90 OR ABOVE:   1    0.10 INCH OR MORE:   8
MIN 32 OR BELOW:   0    0.50 INCH OR MORE:   4
MIN  0 OR BELOW:   0    1.00 INCH OR MORE:   2

[HDD (BASE 65) ]
TOTAL THIS MO.     3    CLEAR  (SCALE 0-3)   2
DPTR FM NORMAL     1    PTCLDY (SCALE 4-7)   8
TOTAL FM JUL 1  2193    CLOUDY (SCALE 8-10) 11
DPTR FM NORMAL    61

[CDD (BASE 65) ]
TOTAL THIS MO.   190
DPTR FM NORMAL     9    [PRESSURE DATA]
TOTAL FM JAN 1   367    HIGHEST SLP M ON M
DPTR FM NORMAL    19    LOWEST  SLP 29.68 ON 16

[REMARKS]
