000
CXUS53 KIND 300730
CF6HUF
PRELIMINARY LOCAL CLIMATOLOGICAL DATA (WS FORM: F-6)

                                          STATION:   TERRE HAUTE IN
                                          MONTH:     SEPTEMBER
                                          YEAR:      2014
                                          LATITUDE:   39 27 N
                                          LONGITUDE:  87 18 W

  TEMPERATURE IN F:       :PCPN:    SNOW:  WIND      :SUNSHINE: SKY     :PK WND
================================================================================
1   2   3   4   5  6A  6B    7    8   9   10  11  12  13   14  15   16   17  18
                                     12Z  AVG MX 2MIN
DY MAX MIN AVG DEP HDD CDD  WTR  SNW DPTH SPD SPD DIR MIN PSBL S-S WX    SPD DR
================================================================================

 1  84  71  78   7   0  13    T    M    M 10.4 22 210   M    M   5 8      32 210
 2  80  64  72   1   0   7 0.91    M    M  3.8 13 280   M    M   4 13     17 290
 3  84  58  71   1   0   6 0.00    M    M  2.6  9 200   M    M   1 12     14 170
 4  88  63  76   6   0  11 0.00    M    M  6.4 15 180   M    M   0 1      17 200
 5  91  70  81  11   0  16 0.08    M    M  7.9 26 310   M    M   1 13     36 310
 6  75  58  67  -3   0   2 0.05    M    M  6.9 14 340   M    M   3 1      19 250
 7  77  51  64  -5   1   0 0.00    M    M  4.1 12  40   M    M   1        16  60
 8  79  48  64  -5   1   0 0.00    M    M  2.2 12 180   M    M   0 1      14 170
 9  78  54  66  -3   0   1 0.00    M    M  4.3 12 200   M    M   1 1      15 170
10  83  68  76   8   0  11 1.03    M    M 12.0 23 200   M    M   7 138    31 210
11  71  54  63  -5   2   0    T    M    M  8.3 15 330   M    M  10 1      21 340
12  64  51  58 -10   7   0    T    M    M  6.6 14 330   M    M  10        19 310
13  64  43  54 -13  11   0 0.00    M    M  6.5 16 350   M    M   4        22 350
14  69  39  54 -13  11   0 0.00    M    M  1.3  9 210   M    M   0 1      12 210
15  64  44  54 -12  11   0 0.74    M    M  3.8 16 150   M    M   7 13     21 150
16  67  47  57  -9   8   0 0.00    M    M  3.8 10 360   M    M   7 12     13 350
17  68  43  56 -10   9   0 0.00    M    M  1.0 10 200   M    M   6 12     14 190
18  74  47  61  -4   4   0 0.00    M    M  3.2 13  60   M    M   1 1      16  70
19  75  46  61  -4   4   0 0.00    M    M  5.5 16 120   M    M   0        20 110
20  83  50  67   3   0   2    T    M    M  6.7 20 220   M    M   1 138    26 210
21  76  56  66   2   0   1 0.18    M    M 10.1 23 290   M    M   4 1      32 280
22  69  45  57  -6   8   0 0.00    M    M  4.2 14  30   M    M   0 1      18  30
23  73  39  56  -7   9   0 0.00    M    M  2.5 12  70   M    M   0 1      15 100
24  75  42  59  -4   6   0 0.00    M    M  3.2 12 120   M    M   0 1      17 120
25  80  46  63   1   2   0 0.00    M    M  0.6  7 270   M    M   1 12     12 320
26  82  48  65   3   0   0 0.00    M    M  1.8 10 100   M    M   0 12     12 100
27  82  52  67   6   0   2 0.00    M    M  3.6 15  80   M    M   0 1      18  90
28  83  52  68   7   0   3 0.00    M    M  1.7  8 320   M    M   1 1      12  40
29  83  49  66   6   0   1 0.00    M    M  2.6 12 330   M    M   1 12     16 330
================================================================================
SM 2221 1498        94  76  2.99    M    137.6          M       76
================================================================================
AV 76.6 51.7                               4.7 FASTST   M    M   3    MAX(MPH)
                                 MISC ---->  # 26 310               # 36  310
================================================================================
NOTES:
# LAST OF SEVERAL OCCURRENCES

COLUMN 17 PEAK WIND IN M.P.H.

PRELIMINARY LOCAL CLIMATOLOGICAL DATA (WS FORM: F-6) , PAGE 2

                                          STATION:  TERRE HAUTE IN
                                          MONTH:    SEPTEMBER
                                          YEAR:     2014
                                          LATITUDE:   39 27 N
                                          LONGITUDE:  87 18 W

[TEMPERATURE DATA]      [PRECIPITATION DATA]       SYMBOLS USED IN COLUMN 16

AVERAGE MONTHLY: 64.1   TOTAL FOR MONTH:   2.99    1 = FOG OR MIST
DPTR FM NORMAL:  -2.0   DPTR FM NORMAL:   -0.32    2 = FOG REDUCING VISIBILITY
HIGHEST:    91 ON  5    GRTST 24HR  1.03 ON 10-10      TO 1/4 MILE OR LESS
LOWEST:     39 ON 23,14                            3 = THUNDER
                        SNOW, ICE PELLETS, HAIL    4 = ICE PELLETS
                        TOTAL MONTH:    M          5 = HAIL
                        GRTST 24HR    M  ON   M    6 = FREEZING RAIN OR DRIZZLE
                        GRTST DEPTH:  M  ON   M    7 = DUSTSTORM OR SANDSTORM:
                                                       VSBY 1/2 MILE OR LESS
                                                   8 = SMOKE OR HAZE
[NO. OF DAYS WITH]      [WEATHER - DAYS WITH]      9 = BLOWING SNOW
                                                   X = TORNADO
MAX 32 OR BELOW:   0    0.01 INCH OR MORE:   6
MAX 90 OR ABOVE:   1    0.10 INCH OR MORE:   4
MIN 32 OR BELOW:   0    0.50 INCH OR MORE:   3
MIN  0 OR BELOW:   0    1.00 INCH OR MORE:   1

[HDD (BASE 65) ]
TOTAL THIS MO.    94    CLEAR  (SCALE 0-3)  19
DPTR FM NORMAL    28    PTCLDY (SCALE 4-7)   8
TOTAL FM JUL 1   105    CLOUDY (SCALE 8-10)  2
DPTR FM NORMAL    34

[CDD (BASE 65) ]
TOTAL THIS MO.    76
DPTR FM NORMAL   -22    [PRESSURE DATA]
TOTAL FM JAN 1   927    HIGHEST SLP M ON M
DPTR FM NORMAL   -50    LOWEST  SLP 29.64 ON 10

[REMARKS]
