000
CXUS53 KIND 280730
CF6LAF
PRELIMINARY LOCAL CLIMATOLOGICAL DATA (WS FORM: F-6)

                                          STATION:   LAFAYETTE IN
                                          MONTH:     MARCH
                                          YEAR:      2017
                                          LATITUDE:   40 25 N
                                          LONGITUDE:  86 56 W

  TEMPERATURE IN F:       :PCPN:    SNOW:  WIND      :SUNSHINE: SKY     :PK WND
================================================================================
1   2   3   4   5  6A  6B    7    8   9   10  11  12  13   14  15   16   17  18
                                     12Z  AVG MX 2MIN
DY MAX MIN AVG DEP HDD CDD  WTR  SNW DPTH SPD SPD DIR MIN PSBL S-S WX    SPD DR
================================================================================

 1  64  35  50  15  15   0 0.40    M    M 18.3 37 290   M    M   8 13     48 270
 2  38  27  33  -2  32   0    T    M    M 10.9 22 280   M    M   8 1      28 280
 3  34  22  28  -8  37   0 0.00    M    M  7.4 20 280   M    M   3        25 280
 4  47  28  38   2  27   0    T    M    M 11.9 21 100   M    M   4 1      26 140
 5  65  30  48  12  17   0 0.00    M    M 10.6 22 210   M    M   5        34 230
 6  62  51  57  20   8   0 0.05    M    M 13.2 25 190   M    M  10 1      39 200
 7  64  38  51  14  14   0 0.45    M    M 13.6 43 270   M    M   M 1      54 270
 8  56  35  46   8  19   0 0.00    M    M 13.8 37 270   M    M   1 8      52 280
 9  54  28  41   3  24   0 0.00    M    M  8.0 21  10   M    M   2        26  10
10  38  23  31  -7  34   0 0.00    M    M 12.1 24 330   M    M   2        31 320
11  33  20  27 -12  38   0 0.00    M    M  7.0 15  20   M    M   1        20  20
12  35  17  26 -13  39   0 0.00    M    M  4.9 13 110   M    M   2        16 100
13  31  25  28 -12  37   0 0.02    M    M 10.1 16  40   M    M  10 128    20  50
14  28  14  21 -19  44   0    T    M    M 10.6 24 340   M    M   5 18     33 340
15  31  16  24 -16  41   0 0.00    M    M  9.5 20 320   M    M   3        26 320
16  42  16  29 -12  36   0 0.00    M    M  4.4 12 260   M    M   0        16 260
17  45  33  39  -2  26   0 0.15    M    M  6.8 15 210   M    M  10 12     20 200
18  42  36  39  -3  26   0 0.00    M    M 10.2 20 320   M    M   9        26 320
19  51  28  40  -2  25   0 0.00    M    M  3.5 12 150   M    M   4 18     16 150
20  52  39  46   4  19   0 0.74    M    M  7.4 24 150   M    M   7 13     39 170
21  56  32  44   1  21   0    T    M    M  7.2 21 330   M    M   3 12     27 340
22  39  24  32 -11  33   0 0.00    M    M 11.5 20  30   M    M   0        24  20
23  52  25  39  -5  26   0    T    M    M  9.6 17 160   M    M   4        22 200
24  75  50  63  19   2   0 0.00    M    M 11.7 24 200   M    M   1        37 220
25  72  59  66  22   0   1    T    M    M  9.0 20 180   M    M   6        30 190
26  63  51  57  12   8   0 0.61    M    M 10.0 18 220   M    M   9 1      25 220
27  61  47  54   9  11   0 0.22    M    M  6.1 15 350   M    M   8 1      18  10
================================================================================
SM 1330  849       659   1  2.64    M    259.3          M      125
================================================================================
AV 49.3 31.4                               9.6 FASTST   M    M   5    MAX(MPH)
                                 MISC ---->  # 43 270               # 54  270
================================================================================
NOTES:
# LAST OF SEVERAL OCCURRENCES

COLUMN 17 PEAK WIND IN M.P.H.

PRELIMINARY LOCAL CLIMATOLOGICAL DATA (WS FORM: F-6) , PAGE 2

                                          STATION:  LAFAYETTE IN
                                          MONTH:    MARCH
                                          YEAR:     2017
                                          LATITUDE:   40 25 N
                                          LONGITUDE:  86 56 W

[TEMPERATURE DATA]      [PRECIPITATION DATA]       SYMBOLS USED IN COLUMN 16

AVERAGE MONTHLY: 40.4   TOTAL FOR MONTH:   2.64    1 = FOG OR MIST
DPTR FM NORMAL:   0.4   DPTR FM NORMAL:    0.38    2 = FOG REDUCING VISIBILITY
HIGHEST:    75 ON 24    GRTST 24HR  0.74 ON 20-20      TO 1/4 MILE OR LESS
LOWEST:     14 ON 14                               3 = THUNDER
                        SNOW, ICE PELLETS, HAIL    4 = ICE PELLETS
                        TOTAL MONTH:    M          5 = HAIL
                        GRTST 24HR    M  ON   M    6 = FREEZING RAIN OR DRIZZLE
                        GRTST DEPTH:  M  ON   M    7 = DUSTSTORM OR SANDSTORM:
                                                       VSBY 1/2 MILE OR LESS
                                                   8 = SMOKE OR HAZE
[NO. OF DAYS WITH]      [WEATHER - DAYS WITH]      9 = BLOWING SNOW
                                                   X = TORNADO
MAX 32 OR BELOW:   3    0.01 INCH OR MORE:   8
MAX 90 OR ABOVE:   0    0.10 INCH OR MORE:   6
MIN 32 OR BELOW:  16    0.50 INCH OR MORE:   2
MIN  0 OR BELOW:   0    1.00 INCH OR MORE:   0

[HDD (BASE 65) ]
TOTAL THIS MO.   659    CLEAR  (SCALE 0-3)  11
DPTR FM NORMAL   -16    PTCLDY (SCALE 4-7)   9
TOTAL FM JUL 1  4347    CLOUDY (SCALE 8-10)  6
DPTR FM NORMAL  -662

[CDD (BASE 65) ]
TOTAL THIS MO.     1
DPTR FM NORMAL     1    [PRESSURE DATA]
TOTAL FM JAN 1     1    HIGHEST SLP M ON M
DPTR FM NORMAL     1    LOWEST  SLP 29.44 ON  1

[REMARKS]
