000
CXUS53 KIND 270730
CF6LAF
PRELIMINARY LOCAL CLIMATOLOGICAL DATA (WS FORM: F-6)

                                          STATION:   LAFAYETTE IN
                                          MONTH:     AUGUST
                                          YEAR:      2016
                                          LATITUDE:   40 25 N
                                          LONGITUDE:  86 56 W

  TEMPERATURE IN F:       :PCPN:    SNOW:  WIND      :SUNSHINE: SKY     :PK WND
================================================================================
1   2   3   4   5  6A  6B    7    8   9   10  11  12  13   14  15   16   17  18
                                     12Z  AVG MX 2MIN
DY MAX MIN AVG DEP HDD CDD  WTR  SNW DPTH SPD SPD DIR MIN PSBL S-S WX    SPD DR
================================================================================

 1  85  64  75   1   0  10 0.00    M    M  2.0  8  40   M    M   1 1      15  30
 2  87  63  75   1   0  10 0.00    M    M  1.9  8 110   M    M   2 1      12 130
 3  89  67  78   4   0  13 0.00    M    M  2.5 10 120   M    M   0 1      13  50
 4  91  65  78   4   0  13 0.00    M    M  2.5  9 170   M    M   0 1      13 240
 5  85  69  77   3   0  12 0.00    M    M  6.5 16 300   M    M   3 18     22 290
 6  84  65  75   1   0  10 0.00    M    M  4.8 14 320   M    M   2 1      17 310
 7  84  58  71  -3   0   6 0.00    M    M  3.4 12 320   M    M   1        15  30
 8  87  66  77   3   0  12 0.00    M    M  9.5 15  70   M    M   1        23 110
 9  89  64  77   3   0  12 0.00    M    M  3.5 10  70   M    M   2        13  60
10  92  67  80   6   0  15 0.00    M    M  3.3 16 160   M    M   4 1      22 160
11  92  72  82   8   0  17 0.00    M    M  5.3 15 200   M    M   3 1      21 210
12  90  74  82   8   0  17 0.01    M    M  6.9 15 190   M    M   3 1      22 230
13  86  73  80   6   0  15 0.07    M    M  7.1 17 270   M    M   6 1      23 270
14  79  66  73  -1   0   8 0.00    M    M  3.1  9 230   M    M   1 1      11 210
15  77  68  73  -1   0   8 1.94    M    M  7.3 21 120   M    M  10 13     29 190
16  81  71  76   2   0  11 0.15    M    M  6.3 14 300   M    M   7 1      22 230
17  81  69  75   1   0  10 0.00    M    M  4.5 10 210   M    M   6 1      14 220
18  86  67  77   4   0  12    T    M    M  4.9 14 200   M    M   3 123    20 200
19  84  66  75   2   0  10 0.00    M    M  4.6 17 360   M    M   3 13     23 350
20  81  64  73   0   0   8 0.51    M    M  7.9 33 270   M    M   5 13     42 270
21  75  58  67  -6   0   2 0.00    M    M  7.4 17 270   M    M   1 1      23 320
22  78  53  66  -7   0   1 0.00    M    M  1.3  9 210   M    M   3 12     12 200
23  80  56  68  -5   0   3 0.00    M    M  4.2 13 190   M    M   2        19 220
24  86  68  77   4   0  12 0.61    M    M  6.0 17 230   M    M   5 13     26 230
25  84  68  76   3   0  11 0.13    M    M  4.5 24 270   M    M   4 13     33 280
26  86  68  77   5   0  12 0.13    M    M  4.2 12  70   M    M   4 13     12  60
================================================================================
SM 2199 1709         0 270  3.55    M    125.4          M       82
================================================================================
AV 84.6 65.7                               4.8 FASTST   M    M   3    MAX(MPH)
                                 MISC ---->  # 33 270               # 42  270
================================================================================
NOTES:
# LAST OF SEVERAL OCCURRENCES

COLUMN 17 PEAK WIND IN M.P.H.

PRELIMINARY LOCAL CLIMATOLOGICAL DATA (WS FORM: F-6) , PAGE 2

                                          STATION:  LAFAYETTE IN
                                          MONTH:    AUGUST
                                          YEAR:     2016
                                          LATITUDE:   40 25 N
                                          LONGITUDE:  86 56 W

[TEMPERATURE DATA]      [PRECIPITATION DATA]       SYMBOLS USED IN COLUMN 16

AVERAGE MONTHLY: 75.2   TOTAL FOR MONTH:   3.55    1 = FOG OR MIST
DPTR FM NORMAL:   1.5   DPTR FM NORMAL:    0.62    2 = FOG REDUCING VISIBILITY
HIGHEST:    92 ON 11,10 GRTST 24HR  2.06 ON 15-16      TO 1/4 MILE OR LESS
LOWEST:     53 ON 22                               3 = THUNDER
                        SNOW, ICE PELLETS, HAIL    4 = ICE PELLETS
                        TOTAL MONTH:    M          5 = HAIL
                        GRTST 24HR    M  ON   M    6 = FREEZING RAIN OR DRIZZLE
                        GRTST DEPTH:  M  ON   M    7 = DUSTSTORM OR SANDSTORM:
                                                       VSBY 1/2 MILE OR LESS
                                                   8 = SMOKE OR HAZE
[NO. OF DAYS WITH]      [WEATHER - DAYS WITH]      9 = BLOWING SNOW
                                                   X = TORNADO
MAX 32 OR BELOW:   0    0.01 INCH OR MORE:   8
MAX 90 OR ABOVE:   4    0.10 INCH OR MORE:   6
MIN 32 OR BELOW:   0    0.50 INCH OR MORE:   3
MIN  0 OR BELOW:   0    1.00 INCH OR MORE:   1

[HDD (BASE 65) ]
TOTAL THIS MO.     0    CLEAR  (SCALE 0-3)  13
DPTR FM NORMAL     0    PTCLDY (SCALE 4-7)  12
TOTAL FM JUL 1    10    CLOUDY (SCALE 8-10)  1
DPTR FM NORMAL     9

[CDD (BASE 65) ]
TOTAL THIS MO.   270
DPTR FM NORMAL    44    [PRESSURE DATA]
TOTAL FM JAN 1   850    HIGHEST SLP M ON M
DPTR FM NORMAL    33    LOWEST  SLP 29.64 ON 20

[REMARKS]
