000
CXUS53 KUNR 010945
CF6PHP
PRELIMINARY LOCAL CLIMATOLOGICAL DATA (WS FORM: F-6)

                                          STATION:   PHILIP SD
                                          MONTH:     MAY
                                          YEAR:      2015
                                          LATITUDE:   44  3 N
                                          LONGITUDE: 101 36 W

  TEMPERATURE IN F:       :PCPN:    SNOW:  WIND      :SUNSHINE: SKY     :PK WND
================================================================================
1   2   3   4   5  6A  6B    7    8   9   10  11  12  13   14  15   16   17  18
                                     12Z  AVG MX 2MIN
DY MAX MIN AVG DEP HDD CDD  WTR  SNW DPTH SPD SPD DIR MIN PSBL S-S WX    SPD DR
================================================================================

 1  76  37  57   5   8   0 0.00    M    M  6.4 13 210   M    M   0        18 250
 2  90  43  67  15   0   2 0.00    M    M  7.5 22 210   M    M   0        27 210
 3  74  44  59   6   6   0 0.00    M    M 14.2 30  20   M    M   0        36  20
 4  67  43  55   2  10   0    T    M    M  5.7 20 100   M    M   7        24  90
 5  70  37  54   1  11   0    T    M    M 10.0 24 140   M    M   8        29 140
 6  71  53  62   8   3   0 1.80    M    M  9.2 24 310   M    M  10 13     31 320
 7  56  45  51  -3  14   0 0.01    M    M 16.3 31 330   M    M  10        37 330
 8  64  37  51  -3  14   0 0.04    M    M  8.3 20  60   M    M   5        24  60
 9  45  33  39 -16  26   0 1.40    M    M 13.7 22  70   M    M  10 1      27  80
10   M   M   M   M   M   M 0.68    M    M 24.5 29 350   M    M  10 1      45 360
11  58  36  47  -9  18   0    T    M    M 15.7 24 330   M    M   5        38 290
12  73  31  52  -4  13   0    T    M    M 11.1 29 180   M    M   0 3      34 180
13  75  47  61   5   4   0 0.16    M    M  8.8 17 180   M    M   3 1      27 160
14  62  51  57   1   8   0 0.06    M    M 12.3 22 330   M    M  10 1      27 330
15  59  49  54  -3  11   0 0.71    M    M 17.1 28  80   M    M  10 123    35  80
16  75  52  64   7   1   0 0.00    M    M  6.0 24 150   M    M   5        30 160
17  60  41  51  -7  14   0 0.57    M    M 21.4 38 310   M    M   9 13     47 300
18  59  34  47 -11  18   0 0.00    M    M 12.7 29 330   M    M   4        35 320
19  50  31  41 -17  24   0 0.00    M    M  6.8 14 270   M    M   7        19  80
20  62  39  51  -8  14   0    T    M    M  4.7 12 330   M    M   5        15 300
21  69  36  53  -6  12   0 0.00    M    M  7.3 16 160   M    M   0        21 170
22  68  41  55  -4  10   0 0.00    M    M 11.5 26 160   M    M   5        31 150
23  64  48  56  -4   9   0 0.05    M    M 10.2 18 100   M    M  10 1      23 120
24  62  54  58  -2   7   0 0.80    M    M 11.4 20  80   M    M  10 1      23  90
25  66  54  60   0   5   0    T    M    M  8.9 21  60   M    M  10 1      24  60
26  77  48  63   3   2   0    T    M    M  4.5  9 220   M    M   2        13 270
27  76  45  61   0   4   0 0.06    M    M  8.7 24 140   M    M   3 13     30 140
28  80  51  66   5   0   1 0.10    M    M  5.5 30 350   M    M   4 13     39 350
29  59  37  48 -14  17   0    T    M    M 14.6 29 350   M    M   7 1      36 360
30  63  34  49 -13  16   0 0.00    M    M  8.8 18 140   M    M   1        24 150
31  74  47  61  -1   4   0    T    M    M  9.9 17  80   M    M   4        23  90
================================================================================
SM 2004 1278       303   3  6.44    M    333.7          M      174
================================================================================
AV 66.8 42.6                              10.8 FASTST   M    M   6    MAX(MPH)
                                 MISC ---->  # 38 310               # 47  300
================================================================================
NOTES:
# LAST OF SEVERAL OCCURRENCES

COLUMN 17 PEAK WIND IN M.P.H.

PRELIMINARY LOCAL CLIMATOLOGICAL DATA (WS FORM: F-6) , PAGE 2

                                          STATION:  PHILIP SD
                                          MONTH:    MAY
                                          YEAR:     2015
                                          LATITUDE:   44  3 N
                                          LONGITUDE: 101 36 W

[TEMPERATURE DATA]      [PRECIPITATION DATA]       SYMBOLS USED IN COLUMN 16

AVERAGE MONTHLY: 54.7   TOTAL FOR MONTH:   6.44    1 = FOG OR MIST
DPTR FM NORMAL:  -2.5   DPTR FM NORMAL:    3.41    2 = FOG REDUCING VISIBILITY
HIGHEST:    90 ON  2    GRTST 24HR  1.80 ON  6- 6      TO 1/4 MILE OR LESS
LOWEST:     31 ON 19,12                            3 = THUNDER
                        SNOW, ICE PELLETS, HAIL    4 = ICE PELLETS
                        TOTAL MONTH:    M          5 = HAIL
                        GRTST 24HR    M  ON   M    6 = FREEZING RAIN OR DRIZZLE
                        GRTST DEPTH:  M  ON   M    7 = DUSTSTORM OR SANDSTORM:
                                                       VSBY 1/2 MILE OR LESS
                                                   8 = SMOKE OR HAZE
[NO. OF DAYS WITH]      [WEATHER - DAYS WITH]      9 = BLOWING SNOW
                                                   X = TORNADO
MAX 32 OR BELOW:   0    0.01 INCH OR MORE:  13
MAX 90 OR ABOVE:   1    0.10 INCH OR MORE:   8
MIN 32 OR BELOW:   2    0.50 INCH OR MORE:   6
MIN  0 OR BELOW:   0    1.00 INCH OR MORE:   2

[HDD (BASE 65) ]
TOTAL THIS MO.   303    CLEAR  (SCALE 0-3)   8
DPTR FM NORMAL    36    PTCLDY (SCALE 4-7)  13
TOTAL FM JUL 1  6674    CLOUDY (SCALE 8-10) 10
DPTR FM NORMAL  -460

[CDD (BASE 65) ]
TOTAL THIS MO.     3
DPTR FM NORMAL   -21    [PRESSURE DATA]
TOTAL FM JAN 1     6    HIGHEST SLP 30.45 ON 19
DPTR FM NORMAL   -21    LOWEST  SLP 29.51 ON 16

[REMARKS]
#FINAL-05-15#
