000
CXUS54 KEWX 280910
CF6SSF
PRELIMINARY LOCAL CLIMATOLOGICAL DATA (WS FORM: F-6)

                                          STATION:   SAN ANTONIO STINSON FIELD
                                          MONTH:     FEBRUARY
                                          YEAR:      2015
                                          LATITUDE:   29 19 N
                                          LONGITUDE:  98 29 W

  TEMPERATURE IN F:       :PCPN:    SNOW:  WIND      :SUNSHINE: SKY     :PK WND
================================================================================
1   2   3   4   5  6A  6B    7    8   9   10  11  12  13   14  15   16   17  18
                                     12Z  AVG MX 2MIN
DY MAX MIN AVG DEP HDD CDD  WTR  SNW DPTH SPD SPD DIR MIN PSBL S-S WX    SPD DR
================================================================================

 1  78  49  64  10   1   0 0.00    M    M  8.2 24  10   M    M   6 12     32  10
 2  53  39  46  -8  19   0 0.00    M    M  7.4 24  10   M    M   1        32  10
 3  45  40  43 -11  22   0 0.10    M    M  3.1  8  70   M    M  10 1      10  80
 4  53  44  49  -5  16   0    T    M    M  3.3  9 200   M    M  10 1      15 180
 5  53  44  49  -6  16   0 0.00    M    M  7.9 21 360   M    M  10        29 360
 6  57  44  51  -4  14   0 0.00    M    M  2.9 12 200   M    M   8 18     28 210
 7  70  47  59   4   6   0 0.00    M    M  7.3 17 230   M    M   6        23 220
 8  74  55  65  10   0   0 0.00    M    M  6.3 14 260   M    M   5 1      20 240
 9  83  47  65  10   0   0 0.00    M    M  2.0  9 180   M    M   0        13  70
10  82  45  64   9   1   0 0.00    M    M  5.1 14 180   M    M   0        18 160
11  76  44  60   4   5   0 0.00    M    M  6.1 17 130   M    M   0 12     22 130
12  67  50  59   3   6   0 0.00    M    M 10.6 18  20   M    M   3        28  20
13  69  51  60   4   5   0 0.00    M    M  3.0 10 210   M    M   6        14 250
14  74  48  61   5   4   0 0.00    M    M  4.8 12 270   M    M   2 18     20 280
15  73  58  66  10   0   1 0.01    M    M  5.5 16 160   M    M   6 1      22 160
16  66  41  54  -2  11   0 0.03    M    M 10.0 23  20   M    M  10 1      32 350
17  57  36  47 -10  18   0 0.00    M    M  8.2 20 360   M    M   6        24  10
18  65  32  49  -8  16   0 0.00    M    M  5.0 15 190   M    M   0        19 190
19  71  36  54  -3  11   0 0.00    M    M  7.1 20 160   M    M   1        25 140
20  81  57  69  12   0   4 0.00    M    M 11.5 21 160   M    M   7        27 140
21  81  62  72  14   0   7 0.00    M    M  7.6 16  50   M    M   5        23  60
22  69  43  56  -2   9   0    T    M    M 12.1 25  20   M    M  10 18     34  20
23  43  34  39 -19  26   0    T    M    M 12.2 24  20   M    M  10 18     32  30
24  43  32  38 -20  27   0 0.00    M    M  6.2 12 100   M    M  10 18     14  30
25  67  36  52  -6  13   0    T    M    M  4.8 16 280   M    M   4 1      23 290
26  61  37  49 -10  16   0 0.00    M    M 11.3 24  40   M    M   1        33  60
27  39  34  37 -22  28   0    T    M    0 12.0 22  40   M    M  10 1      29  40
================================================================================
SM 1750 1185       290  12  0.14    M    191.5          M      147
================================================================================
AV 64.8 43.9                               7.1 FASTST   M    M   5    MAX(MPH)
                                 MISC ---->  # 25  20               # 34   20
================================================================================
NOTES:
# LAST OF SEVERAL OCCURRENCES

COLUMN 17 PEAK WIND IN M.P.H.

PRELIMINARY LOCAL CLIMATOLOGICAL DATA (WS FORM: F-6) , PAGE 2

                                          STATION:  SAN ANTONIO STINSON FIELD
                                          MONTH:    FEBRUARY
                                          YEAR:     2015
                                          LATITUDE:   29 19 N
                                          LONGITUDE:  98 29 W

[TEMPERATURE DATA]      [PRECIPITATION DATA]       SYMBOLS USED IN COLUMN 16

AVERAGE MONTHLY: 54.4   TOTAL FOR MONTH:   0.14    1 = FOG OR MIST
DPTR FM NORMAL:  -1.9   DPTR FM NORMAL:   -1.59    2 = FOG REDUCING VISIBILITY
HIGHEST:    83 ON  9    GRTST 24HR  0.10 ON  3- 3      TO 1/4 MILE OR LESS
LOWEST:     32 ON 24,18                            3 = THUNDER
                        SNOW, ICE PELLETS, HAIL    4 = ICE PELLETS
                        TOTAL MONTH:    M          5 = HAIL
                        GRTST 24HR    M  ON   M    6 = FREEZING RAIN OR DRIZZLE
                        GRTST DEPTH:   0           7 = DUSTSTORM OR SANDSTORM:
                                                       VSBY 1/2 MILE OR LESS
                                                   8 = SMOKE OR HAZE
[NO. OF DAYS WITH]      [WEATHER - DAYS WITH]      9 = BLOWING SNOW
                                                   X = TORNADO
MAX 32 OR BELOW:   0    0.01 INCH OR MORE:   3
MAX 90 OR ABOVE:   0    0.10 INCH OR MORE:   1
MIN 32 OR BELOW:   2    0.50 INCH OR MORE:   0
MIN  0 OR BELOW:   0    1.00 INCH OR MORE:   0

[HDD (BASE 65) ]
TOTAL THIS MO.   290    CLEAR  (SCALE 0-3)   9
DPTR FM NORMAL    33    PTCLDY (SCALE 4-7)  10
TOTAL FM JUL 1  1283    CLOUDY (SCALE 8-10)  8
DPTR FM NORMAL    47

[CDD (BASE 65) ]
TOTAL THIS MO.    12
DPTR FM NORMAL   -12    [PRESSURE DATA]
TOTAL FM JAN 1    12    HIGHEST SLP M ON M
DPTR FM NORMAL   -19    LOWEST  SLP 29.74 ON 20

[REMARKS]
