000
CXUS54 KEWX 260910
CF6SSF
PRELIMINARY LOCAL CLIMATOLOGICAL DATA (WS FORM: F-6)

                                          STATION:   SAN ANTONIO STINSON FIELD
                                          MONTH:     MARCH
                                          YEAR:      2017
                                          LATITUDE:   29 19 N
                                          LONGITUDE:  98 29 W

  TEMPERATURE IN F:       :PCPN:    SNOW:  WIND      :SUNSHINE: SKY     :PK WND
================================================================================
1   2   3   4   5  6A  6B    7    8   9   10  11  12  13   14  15   16   17  18
                                     12Z  AVG MX 2MIN
DY MAX MIN AVG DEP HDD CDD  WTR  SNW DPTH SPD SPD DIR MIN PSBL S-S WX    SPD DR
================================================================================

 1  79  57  68   9   0   3 0.00    M    M  9.4 21  20   M    M   3 128    28  20
 2  69  51  60   0   5   0 0.00    M    M  9.5 18  60   M    M   0        25  50
 3  69  50  60   0   5   0 0.00    M    M  8.6 17 120   M    M   7        25 110
 4  62  58  60   0   5   0 1.22    M    M  8.2 18  90   M    M  10 1      25 110
 5  74  61  68   8   0   3 0.16    M    M  4.4 10 160   M    M   8 12     13 190
 6  83  67  75  15   0  10    T    M    M 10.8 20 140   M    M  10 1      26 180
 7  77  64  71  10   0   6    T    M    M  7.7 17  20   M    M  10 18     24  30
 8  73  60  67   6   0   2    T    M    M  6.3 15 130   M    M  10        19  50
 9  84  66  75  14   0  10 0.13    M    M  5.3 22 170   M    M   8 123    28 160
10  77  64  71   9   0   6 0.02    M    M  5.3 17 140   M    M   7 123    23 130
11  74  64  69   7   0   4 0.04    M    M  6.6 15  40   M    M   9 18     19  40
12  65  52  59  -3   6   0 0.01    M    M 10.4 20  10   M    M   8 1      27  10
13  73  50  62   0   3   0    T    M    M  5.6 17  60   M    M   6 18     22  60
14  74  47  61  -1   4   0 0.00    M    M  5.8 15 160   M    M   0        20 210
15  74  49  62  -1   3   0 0.00    M    M  6.7 16 110   M    M   6        20 120
16  81  62  72   9   0   7 0.00    M    M  9.6 18 150   M    M   7        24 140
17  84  65  75  12   0  10 0.00    M    M 10.5 18 150   M    M   6        26 170
18  84  62  73  10   0   8 0.00    M    M  6.0 14 140   M    M   5 1      20 140
19  84  63  74  10   0   9 0.00    M    M  6.8 14 160   M    M   5 1      18 150
20  86  64  75  11   0  10 0.00    M    M  8.2 16 160   M    M   4        21 150
21  85  60  73   9   0   8 0.00    M    M  7.8 16 130   M    M   4 1      20 140
22  85  62  74  10   0   9 0.00    M    M  7.7 18 130   M    M   5 12     22 120
23  85  66  76  11   0  11 0.00    M    M 15.2 28 150   M    M   5        36 140
24  84  57  71   6   0   6    T    M    M  7.1 21 160   M    M   6 18     29 140
25  86  57  72   7   0   7 0.00    M    0  4.6 13 340   M    M   1        17 330
================================================================================
SM 1951 1478        31 129  1.58    M    194.1          M      150
================================================================================
AV 78.0 59.1                               7.8 FASTST   M    M   6    MAX(MPH)
                                 MISC ---->  # 28 150               # 36  140
================================================================================
NOTES:
# LAST OF SEVERAL OCCURRENCES

COLUMN 17 PEAK WIND IN M.P.H.

PRELIMINARY LOCAL CLIMATOLOGICAL DATA (WS FORM: F-6) , PAGE 2

                                          STATION:  SAN ANTONIO STINSON FIELD
                                          MONTH:    MARCH
                                          YEAR:     2017
                                          LATITUDE:   29 19 N
                                          LONGITUDE:  98 29 W

[TEMPERATURE DATA]      [PRECIPITATION DATA]       SYMBOLS USED IN COLUMN 16

AVERAGE MONTHLY: 68.6   TOTAL FOR MONTH:   1.58    1 = FOG OR MIST
DPTR FM NORMAL:   6.4   DPTR FM NORMAL:   -0.30    2 = FOG REDUCING VISIBILITY
HIGHEST:    86 ON 25,20 GRTST 24HR  1.22 ON  4- 4      TO 1/4 MILE OR LESS
LOWEST:     47 ON 14                               3 = THUNDER
                        SNOW, ICE PELLETS, HAIL    4 = ICE PELLETS
                        TOTAL MONTH:    M          5 = HAIL
                        GRTST 24HR    M  ON   M    6 = FREEZING RAIN OR DRIZZLE
                        GRTST DEPTH:   0           7 = DUSTSTORM OR SANDSTORM:
                                                       VSBY 1/2 MILE OR LESS
                                                   8 = SMOKE OR HAZE
[NO. OF DAYS WITH]      [WEATHER - DAYS WITH]      9 = BLOWING SNOW
                                                   X = TORNADO
MAX 32 OR BELOW:   0    0.01 INCH OR MORE:   6
MAX 90 OR ABOVE:   0    0.10 INCH OR MORE:   3
MIN 32 OR BELOW:   0    0.50 INCH OR MORE:   1
MIN  0 OR BELOW:   0    1.00 INCH OR MORE:   1

[HDD (BASE 65) ]
TOTAL THIS MO.    31    CLEAR  (SCALE 0-3)   3
DPTR FM NORMAL   -89    PTCLDY (SCALE 4-7)  16
TOTAL FM JUL 1   618    CLOUDY (SCALE 8-10)  6
DPTR FM NORMAL  -747

[CDD (BASE 65) ]
TOTAL THIS MO.   129
DPTR FM NORMAL    74    [PRESSURE DATA]
TOTAL FM JAN 1   277    HIGHEST SLP M ON M
DPTR FM NORMAL   192    LOWEST  SLP 29.80 ON  6

[REMARKS]
