000
CXUS54 KEWX 270910
CF6SSF
PRELIMINARY LOCAL CLIMATOLOGICAL DATA (WS FORM: F-6)

                                          STATION:   SAN ANTONIO STINSON FIELD
                                          MONTH:     AUGUST
                                          YEAR:      2015
                                          LATITUDE:   29 19 N
                                          LONGITUDE:  98 29 W

  TEMPERATURE IN F:       :PCPN:    SNOW:  WIND      :SUNSHINE: SKY     :PK WND
================================================================================
1   2   3   4   5  6A  6B    7    8   9   10  11  12  13   14  15   16   17  18
                                     12Z  AVG MX 2MIN
DY MAX MIN AVG DEP HDD CDD  WTR  SNW DPTH SPD SPD DIR MIN PSBL S-S WX    SPD DR
================================================================================

 1 100  77  89   3   0  24 0.00  0.0    0  6.7 15  90   M    M   1        22  60
 2  98  72  85  -1   0  20 0.00  0.0    0  4.5 14 140   M    M   0        20 140
 3  99  74  87   1   0  22 0.00  0.0    0  5.5 15 110   M    M   0        19 140
 4  99  78  89   3   0  24 0.00  0.0    0  7.7 18 130   M    M   3        22 130
 5 100  78  89   3   0  24 0.00  0.0    0  8.1 20 150   M    M   2        26 150
 6 101  78  90   4   0  25 0.00  0.0    0  9.6 21 140   M    M   3        29 170
 7 101  77  89   3   0  24 0.00  0.0    0  8.2 21 140   M    M   3        27 130
 8 102  79  91   5   0  26 0.00    M    M  9.8 21 140   M    M   3        26 130
 9 101  77  89   3   0  24 0.00    M    M  8.7 18 140   M    M   3        23 140
10 102  77  90   4   0  25 0.00    M    M  6.0 14 150   M    M   3        18 140
11 104  73  89   3   0  24 0.00  0.0    0  4.4 15 110   M    M   0        21 100
12 103  78  91   5   0  26 0.11  0.0    0  3.3 14 350   M    M   3 3      21  10
13 102  78  90   4   0  25 0.00    M    0  3.6 14 130   M    M   1 18     18 150
14 102  76  89   3   0  24 0.00  0.0    0  4.7 15 120   M    M   0        19 120
15  98  78  88   2   0  23 0.01  0.0    0  3.1 13 130   M    M   2 1      19  80
16  99  74  87   1   0  22 0.00  0.0    0  5.9 22 130   M    M   1        28 130
17  98  73  86   0   0  21 0.00  0.0    0  5.8 16 140   M    M   1        20 160
18 100  75  88   2   0  23 0.00  0.0    0  9.6 21 140   M    M   2        27 140
19 100  78  89   3   0  24 0.00  0.0    0  8.3 17 110   M    M   3        23 110
20  88  73  81  -5   0  16 0.05  0.0    0  6.2 21  80   M    M   5 13     26  80
21  94  72  83  -3   0  18 0.00  0.0    0  7.0 21 120   M    M   6 18     25 110
22 100  77  89   3   0  24 0.00    M    M  9.6 20 140   M    M   5        26 140
23 101  78  90   4   0  25 0.00    M    M  7.3 16 130   M    M   4        20 110
24 101  75  88   2   0  23 0.00  0.0    0  2.9 13 160   M    M   2        15 160
25 101  74  88   3   0  23 0.00  0.0    0  4.9 18 100   M    M   0        23 100
26  97  74  86   1   0  21 0.00  0.0    0  5.1 14 130   M    M   2        18 140
================================================================================
SM 2591 1973         0 600  0.17     0.0 166.5          M       58
================================================================================
AV 99.7 75.9                               6.4 FASTST   M    M   2    MAX(MPH)
                                 MISC ---->  # 22 130               # 29  170
================================================================================
NOTES:
# LAST OF SEVERAL OCCURRENCES

COLUMN 17 PEAK WIND IN M.P.H.

PRELIMINARY LOCAL CLIMATOLOGICAL DATA (WS FORM: F-6) , PAGE 2

                                          STATION:  SAN ANTONIO STINSON FIELD
                                          MONTH:    AUGUST
                                          YEAR:     2015
                                          LATITUDE:   29 19 N
                                          LONGITUDE:  98 29 W

[TEMPERATURE DATA]      [PRECIPITATION DATA]       SYMBOLS USED IN COLUMN 16

AVERAGE MONTHLY: 87.8   TOTAL FOR MONTH:   0.17    1 = FOG OR MIST
DPTR FM NORMAL:   1.8   DPTR FM NORMAL:   -1.71    2 = FOG REDUCING VISIBILITY
HIGHEST:   104 ON 11    GRTST 24HR  0.11 ON 12-12      TO 1/4 MILE OR LESS
LOWEST:     72 ON 21, 2                            3 = THUNDER
                        SNOW, ICE PELLETS, HAIL    4 = ICE PELLETS
                        TOTAL MONTH:   0.0 INCH    5 = HAIL
                        GRTST 24HR     0.0         6 = FREEZING RAIN OR DRIZZLE
                        GRTST DEPTH:   0           7 = DUSTSTORM OR SANDSTORM:
                                                       VSBY 1/2 MILE OR LESS
                                                   8 = SMOKE OR HAZE
[NO. OF DAYS WITH]      [WEATHER - DAYS WITH]      9 = BLOWING SNOW
                                                   X = TORNADO
MAX 32 OR BELOW:   0    0.01 INCH OR MORE:   3
MAX 90 OR ABOVE:  25    0.10 INCH OR MORE:   1
MIN 32 OR BELOW:   0    0.50 INCH OR MORE:   0
MIN  0 OR BELOW:   0    1.00 INCH OR MORE:   0

[HDD (BASE 65) ]
TOTAL THIS MO.     0    CLEAR  (SCALE 0-3)  18
DPTR FM NORMAL     0    PTCLDY (SCALE 4-7)   8
TOTAL FM JUL 1     0    CLOUDY (SCALE 8-10)  0
DPTR FM NORMAL     0

[CDD (BASE 65) ]
TOTAL THIS MO.   600
DPTR FM NORMAL    56    [PRESSURE DATA]
TOTAL FM JAN 1  2340    HIGHEST SLP M ON M
DPTR FM NORMAL    -3    LOWEST  SLP 29.68 ON 18

[REMARKS]
