000
CXUS54 KEWX 010910
CF6SSF
PRELIMINARY LOCAL CLIMATOLOGICAL DATA (WS FORM: F-6)

                                          STATION:   SAN ANTONIO STINSON FIELD
                                          MONTH:     JULY
                                          YEAR:      2015
                                          LATITUDE:   29 19 N
                                          LONGITUDE:  98 29 W

  TEMPERATURE IN F:       :PCPN:    SNOW:  WIND      :SUNSHINE: SKY     :PK WND
================================================================================
1   2   3   4   5  6A  6B    7    8   9   10  11  12  13   14  15   16   17  18
                                     12Z  AVG MX 2MIN
DY MAX MIN AVG DEP HDD CDD  WTR  SNW DPTH SPD SPD DIR MIN PSBL S-S WX    SPD DR
================================================================================

 1  89  70  80  -4   0  15 0.12  0.0    0  6.4 30 160   M    M   2 1      40 150
 2  90  69  80  -4   0  15 0.00  0.0    0  9.3 31 160   M    M   2        40 160
 3  91  75  83  -1   0  18 0.00    M    0  8.0 16 130   M    M   5 1      21 120
 4  92  75  84   0   0  19 0.00    M    0  9.5 18 160   M    M   5        23 170
 5  91  74  83  -1   0  18    T  0.0    0 10.7 21 160   M    M   6        27 150
 6  92  76  84   0   0  19 0.00  0.0    0 13.0 23 140   M    M   6 1      33 130
 7  92  77  85   1   0  20    T  0.0    0 12.5 23 170   M    M   7        28 140
 8  93  77  85   1   0  20 0.00  0.0    0 12.6 22 160   M    M   7 1      28 150
 9  93  75  84   0   0  19 0.00    M    0 11.2 20 130   M    M   5 1      24 140
10  95  74  85   1   0  20 0.00    M    0  8.6 17 140   M    M   5 1      24 140
11  94  73  84   0   0  19 0.00    M    0  6.1 15 130   M    M   4        19 130
12  95  74  85   1   0  20 0.00    M    0  7.1 14 150   M    M   4        20 170
13  96  76  86   2   0  21 0.00  0.0    0  6.6 14 160   M    M   2        18 130
14  97  73  85   1   0  20 0.00  0.0    0  7.9 18 130   M    M   2        23 140
15  96  75  86   2   0  21 0.00  0.0    0 10.4 16 130   M    M   3        22 130
16  96  73  85   1   0  20 0.00  0.0    0  8.7 17 130   M    M   3        24 150
17  97  76  87   3   0  22 0.00    M    M  9.8 16 140   M    M   3        25 130
18  98  77  88   4   0  23 0.00    M    M  9.3 18 120   M    M   4        24 170
19  97  77  87   3   0  22 0.00    M    M  8.6 17 140   M    M   5        21 150
20  98  76  87   3   0  22 0.00  0.0    0  7.1 15 130   M    M   3        19 130
21  97  75  86   1   0  21 0.00  0.0    0  7.6 17 140   M    M   2        23 120
22  98  77  88   3   0  23 0.00  0.0    0  9.2 18 150   M    M   4        24 150
23  98  76  87   2   0  22 0.00  0.0    0 10.0 20 130   M    M   3        24 130
24  98  77  88   3   0  23 0.00  0.0    0  8.1 16 140   M    M   5        22 140
25  98  75  87   2   0  22 0.00    M    0  6.5 17 150   M    M   2        24 150
26  98  77  88   3   0  23 0.00    M    0  7.0 17 140   M    M   3        24 130
27  99  78  89   4   0  24 0.00    M    0  9.7 20 130   M    M   3 18     27 130
28 100  77  89   4   0  24 0.00    M    0 10.2 21 130   M    M   4        27 130
29 100  76  88   3   0  23 0.00    M    0  7.5 15 130   M    M   3        21 140
30  99  74  87   1   0  22 0.00  0.0    0  3.9 13 110   M    M   2 1      16 130
31 101  78  90   4   0  25    T  0.0    0  3.8 23 360   M    M   1 38     29  10
================================================================================
SM 2968 2332         0 645  0.12     0.0 266.9          M      115
================================================================================
AV 95.7 75.2                               8.6 FASTST   M    M   4    MAX(MPH)
                                 MISC ---->  # 31 160               # 40  150
================================================================================
NOTES:
# LAST OF SEVERAL OCCURRENCES

COLUMN 17 PEAK WIND IN M.P.H.

PRELIMINARY LOCAL CLIMATOLOGICAL DATA (WS FORM: F-6) , PAGE 2

                                          STATION:  SAN ANTONIO STINSON FIELD
                                          MONTH:    JULY
                                          YEAR:     2015
                                          LATITUDE:   29 19 N
                                          LONGITUDE:  98 29 W

[TEMPERATURE DATA]      [PRECIPITATION DATA]       SYMBOLS USED IN COLUMN 16

AVERAGE MONTHLY: 85.5   TOTAL FOR MONTH:   0.12    1 = FOG OR MIST
DPTR FM NORMAL:   1.2   DPTR FM NORMAL:   -1.95    2 = FOG REDUCING VISIBILITY
HIGHEST:   101 ON 31    GRTST 24HR  0.12 ON 30- 1      TO 1/4 MILE OR LESS
LOWEST:     69 ON  2                               3 = THUNDER
                        SNOW, ICE PELLETS, HAIL    4 = ICE PELLETS
                        TOTAL MONTH:   0.0 INCH    5 = HAIL
                        GRTST 24HR     0.0         6 = FREEZING RAIN OR DRIZZLE
                        GRTST DEPTH:   0           7 = DUSTSTORM OR SANDSTORM:
                                                       VSBY 1/2 MILE OR LESS
                                                   8 = SMOKE OR HAZE
[NO. OF DAYS WITH]      [WEATHER - DAYS WITH]      9 = BLOWING SNOW
                                                   X = TORNADO
MAX 32 OR BELOW:   0    0.01 INCH OR MORE:   1
MAX 90 OR ABOVE:  30    0.10 INCH OR MORE:   1
MIN 32 OR BELOW:   0    0.50 INCH OR MORE:   0
MIN  0 OR BELOW:   0    1.00 INCH OR MORE:   0

[HDD (BASE 65) ]
TOTAL THIS MO.     0    CLEAR  (SCALE 0-3)  13
DPTR FM NORMAL     0    PTCLDY (SCALE 4-7)  18
TOTAL FM JUL 1     0    CLOUDY (SCALE 8-10)  0
DPTR FM NORMAL     0

[CDD (BASE 65) ]
TOTAL THIS MO.   645
DPTR FM NORMAL    47    [PRESSURE DATA]
TOTAL FM JAN 1  1740    HIGHEST SLP 30.11 ON 11
DPTR FM NORMAL   -59    LOWEST  SLP 29.76 ON 21

[REMARKS]
#FINAL-07-15#
